{"id":157652,"date":"2025-07-21T09:35:07","date_gmt":"2025-07-21T09:35:07","guid":{"rendered":"https:\/\/cardamomo.com\/es\/?post_type=show&#038;p=157652"},"modified":"2025-09-12T16:21:51","modified_gmt":"2025-09-12T16:21:51","slug":"flamenco-a-flor-de-piel","status":"publish","type":"show","link":"https:\/\/cardamomo.com\/de\/show\/flamenco-hautnah\/","title":{"rendered":"Flamenco hautnah"},"content":{"rendered":"<p><\/p>\n<p data-start=\"1460\" data-end=\"1564\"><strong data-start=\"1460\" data-end=\"1564\">Was wir diese Woche vorbereitet haben, ist eines dieser Erlebnisse, die man tief in der Brust sp\u00fcrt.<\/strong><\/p>\n<p data-start=\"1566\" data-end=\"1868\">Stell dir die pure Energie vor, fast wie Feuer \u2013 das ist <strong data-start=\"1623\" data-end=\"1634\">El Yiyo<\/strong> auf der B\u00fchne. Einer dieser T\u00e4nzer, der dich fesselt und nicht mehr losl\u00e4sst. An seiner Seite: die Eleganz und St\u00e4rke von <strong data-start=\"1757\" data-end=\"1774\">Sof\u00eda del R\u00edo<\/strong> und <strong data-start=\"1779\" data-end=\"1798\">Nerea Fern\u00e1ndez<\/strong>, der perfekte Kontrapunkt \u2013 sie erz\u00e4hlen Geschichten ganz ohne Worte.<\/p>\n<p data-start=\"1870\" data-end=\"2155\">Die Stimme, die uns die Kehle zuschn\u00fcrt, ist die von <strong data-start=\"1923\" data-end=\"1938\">Sa\u00fal Quir\u00f3s<\/strong>, ein S\u00e4nger, der sich wirklich hingibt. Und die Magie dieser Woche liegt auch in der rohen Kraft von <strong data-start=\"2040\" data-end=\"2051\">Ingueta<\/strong> und dem Funkeln von <strong data-start=\"2072\" data-end=\"2081\">Ricky<\/strong> an besonderen Abenden \u2013 jeder bringt seine eigene Wahrheit und Tiefe mit.<\/p>\n<p data-start=\"2157\" data-end=\"2416\">Damit alles fliegt, tragen die Gitarren von <strong data-start=\"2201\" data-end=\"2218\">Mario Montoya<\/strong> und <strong data-start=\"2223\" data-end=\"2242\">Antonio Jim\u00e9nez<\/strong> jede<em data-start=\"2247\" data-end=\"2259\">n K\u00fcnstler<\/em>in \u2013 mal R\u00fcckhalt, mal Antrieb. Und an der Basis sp\u00fcrst du den Herzschlag der Erde im <strong data-start=\"2345\" data-end=\"2354\">Caj\u00f3n<\/strong> von <strong data-start=\"2359\" data-end=\"2370\">Antonio<\/strong> und <strong data-start=\"2375\" data-end=\"2390\">Iv\u00e1n Losada<\/strong>, das pulsierende Zentrum.<\/p>\n<p data-start=\"2418\" data-end=\"2561\">Das sind nicht einfach Namen auf einem Plakat. Das sind Menschen, die ihre Seele auf der B\u00fchne lassen. Wir m\u00f6chten, dass du es mit uns erlebst.<\/p>\n<p data-start=\"2563\" data-end=\"2626\"><a class=\"\" href=\"https:\/\/cardamomo.com\/de\/tickets-bestellen\/\" rel=\"noopener\" data-start=\"2566\" data-end=\"2626\"><strong data-start=\"2567\" data-end=\"2622\">Jetzt dein Ticket reservieren und komm zu Cardamomo<\/strong><\/a><\/p>\n<p><\/p>","protected":false},"featured_media":157653,"template":"","meta":{"_acf_changed":false,"inline_featured_image":false},"class_list":["post-157652","show","type-show","status-publish","has-post-thumbnail","hentry"],"acf":[],"yoast_head":"<!-- This site is optimized with the Yoast SEO plugin v27.4 - https:\/\/yoast.com\/product\/yoast-seo-wordpress\/ -->\n<title>Flamenco hautnah - Cardamomo Flamenco Madrid<\/title>\n<meta name=\"robots\" content=\"index, follow, max-snippet:-1, max-image-preview:large, max-video-preview:-1\" \/>\n<link rel=\"canonical\" href=\"\/\" \/>\n<meta property=\"og:locale\" content=\"de_DE\" \/>\n<meta property=\"og:type\" content=\"article\" \/>\n<meta property=\"og:title\" content=\"Flamenco hautnah - Cardamomo Flamenco Madrid\" \/>\n<meta property=\"og:description\" content=\"Was wir diese Woche vorbereitet haben, ist eines dieser Erlebnisse, die man tief in der Brust sp\u00fcrt. Stell dir die pure Energie vor, fast wie Feuer \u2013 das ist El Yiyo auf der B\u00fchne. Einer dieser T\u00e4nzer, der dich fesselt und nicht mehr losl\u00e4sst. An seiner Seite: die Eleganz und St\u00e4rke von Sof\u00eda del R\u00edo...\" \/>\n<meta property=\"og:url\" content=\"https:\/\/cardamomo.com\/de\/show\/flamenco-a-flor-de-piel\/\" \/>\n<meta property=\"og:site_name\" content=\"Cardamomo Flamenco Madrid\" \/>\n<meta property=\"article:modified_time\" content=\"2025-09-12T16:21:51+00:00\" \/>\n<meta property=\"og:image\" content=\"https:\/\/cardamomo.ams3.digitaloceanspaces.com\/wp-content\/uploads\/2025\/07\/21093417\/programacion-cardamomo-21-27-julio.jpg\" \/>\n\t<meta property=\"og:image:width\" content=\"1200\" \/>\n\t<meta property=\"og:image:height\" content=\"800\" \/>\n\t<meta property=\"og:image:type\" content=\"image\/jpeg\" \/>\n<meta name=\"twitter:card\" content=\"summary_large_image\" \/>\n<meta name=\"twitter:label1\" content=\"Gesch\u00e4tzte Lesezeit\" \/>\n\t<meta name=\"twitter:data1\" content=\"2\u00a0Minuten\" \/>\n<script type=\"application\/ld+json\" class=\"yoast-schema-graph\">{\"@context\":\"https:\\\/\\\/schema.org\",\"@graph\":[{\"@type\":\"WebPage\",\"@id\":\"https:\\\/\\\/cardamomo.com\\\/de\\\/show\\\/flamenco-a-flor-de-piel\\\/\",\"url\":\"https:\\\/\\\/cardamomo.com\\\/de\\\/show\\\/flamenco-a-flor-de-piel\\\/\",\"name\":\"Flamenco hautnah - Cardamomo Flamenco Madrid\",\"isPartOf\":{\"@id\":\"https:\\\/\\\/cardamomo.com\\\/de\\\/#website\"},\"primaryImageOfPage\":{\"@id\":\"https:\\\/\\\/cardamomo.com\\\/de\\\/show\\\/flamenco-a-flor-de-piel\\\/#primaryimage\"},\"image\":{\"@id\":\"https:\\\/\\\/cardamomo.com\\\/es\\\/show\\\/flamenco-a-flor-de-piel\\\/#primaryimage\"},\"thumbnailUrl\":\"https:\\\/\\\/cardamomo.ams3.digitaloceanspaces.com\\\/wp-content\\\/uploads\\\/2025\\\/07\\\/21093417\\\/programacion-cardamomo-21-27-julio.jpg\",\"datePublished\":\"2025-07-21T09:35:07+00:00\",\"dateModified\":\"2025-09-12T16:21:51+00:00\",\"breadcrumb\":{\"@id\":\"https:\\\/\\\/cardamomo.com\\\/de\\\/show\\\/flamenco-a-flor-de-piel\\\/#breadcrumb\"},\"inLanguage\":\"de\",\"potentialAction\":[{\"@type\":\"ReadAction\",\"target\":[[\"https:\\\/\\\/cardamomo.com\\\/de\\\/show\\\/flamenco-a-flor-de-piel\\\/\"]]}]},{\"@type\":\"ImageObject\",\"inLanguage\":\"de\",\"@id\":\"https:\\\/\\\/cardamomo.com\\\/de\\\/show\\\/flamenco-a-flor-de-piel\\\/#primaryimage\",\"url\":\"https:\\\/\\\/cardamomo.ams3.digitaloceanspaces.com\\\/wp-content\\\/uploads\\\/2025\\\/07\\\/21093417\\\/programacion-cardamomo-21-27-julio.jpg\",\"contentUrl\":\"https:\\\/\\\/cardamomo.ams3.digitaloceanspaces.com\\\/wp-content\\\/uploads\\\/2025\\\/07\\\/21093417\\\/programacion-cardamomo-21-27-julio.jpg\",\"width\":1200,\"height\":800,\"caption\":\"Programaci\u00f3n art\u00edstica 21 al 27 de Julio de Cardamomo Flamenco Madrid\"},{\"@type\":\"BreadcrumbList\",\"@id\":\"https:\\\/\\\/cardamomo.com\\\/de\\\/show\\\/flamenco-a-flor-de-piel\\\/#breadcrumb\",\"itemListElement\":[{\"@type\":\"ListItem\",\"position\":1,\"name\":\"Cardamomo\",\"item\":\"https:\\\/\\\/cardamomo.com\\\/de\\\/\"},{\"@type\":\"ListItem\",\"position\":2,\"name\":\"Shows\",\"item\":\"https:\\\/\\\/cardamomo.com\\\/de\\\/show\\\/\"},{\"@type\":\"ListItem\",\"position\":3,\"name\":\"Flamenco a Flor de Piel\"}]},{\"@type\":\"WebSite\",\"@id\":\"https:\\\/\\\/cardamomo.com\\\/de\\\/#website\",\"url\":\"https:\\\/\\\/cardamomo.com\\\/de\\\/\",\"name\":\"Cardamomo Flamenco Madrid\",\"description\":\"\",\"potentialAction\":[{\"@type\":\"SearchAction\",\"target\":{\"@type\":\"EntryPoint\",\"urlTemplate\":\"https:\\\/\\\/cardamomo.com\\\/de\\\/?s={search_term_string}\"},\"query-input\":{\"@type\":\"PropertyValueSpecification\",\"valueRequired\":true,\"valueName\":\"search_term_string\"}}],\"inLanguage\":\"de\"}]}<\/script>\n<!-- \/ Yoast SEO plugin. -->","yoast_head_json":{"title":"Flamenco hautnah - Cardamomo Flamenco Madrid","robots":{"index":"index","follow":"follow","max-snippet":"max-snippet:-1","max-image-preview":"max-image-preview:large","max-video-preview":"max-video-preview:-1"},"canonical":"\/","og_locale":"de_DE","og_type":"article","og_title":"Flamenco hautnah - Cardamomo Flamenco Madrid","og_description":"Was wir diese Woche vorbereitet haben, ist eines dieser Erlebnisse, die man tief in der Brust sp\u00fcrt. Stell dir die pure Energie vor, fast wie Feuer \u2013 das ist El Yiyo auf der B\u00fchne. Einer dieser T\u00e4nzer, der dich fesselt und nicht mehr losl\u00e4sst. An seiner Seite: die Eleganz und St\u00e4rke von Sof\u00eda del R\u00edo...","og_url":"https:\/\/cardamomo.com\/de\/show\/flamenco-a-flor-de-piel\/","og_site_name":"Cardamomo Flamenco Madrid","article_modified_time":"2025-09-12T16:21:51+00:00","og_image":[{"width":1200,"height":800,"url":"https:\/\/cardamomo.ams3.digitaloceanspaces.com\/wp-content\/uploads\/2025\/07\/21093417\/programacion-cardamomo-21-27-julio.jpg","type":"image\/jpeg"}],"twitter_card":"summary_large_image","twitter_misc":{"Gesch\u00e4tzte Lesezeit":"2\u00a0Minuten"},"schema":{"@context":"https:\/\/schema.org","@graph":[{"@type":"WebPage","@id":"https:\/\/cardamomo.com\/de\/show\/flamenco-a-flor-de-piel\/","url":"https:\/\/cardamomo.com\/de\/show\/flamenco-a-flor-de-piel\/","name":"Flamenco hautnah - Cardamomo Flamenco Madrid","isPartOf":{"@id":"https:\/\/cardamomo.com\/de\/#website"},"primaryImageOfPage":{"@id":"https:\/\/cardamomo.com\/de\/show\/flamenco-a-flor-de-piel\/#primaryimage"},"image":{"@id":"https:\/\/cardamomo.com\/es\/show\/flamenco-a-flor-de-piel\/#primaryimage"},"thumbnailUrl":"https:\/\/cardamomo.ams3.digitaloceanspaces.com\/wp-content\/uploads\/2025\/07\/21093417\/programacion-cardamomo-21-27-julio.jpg","datePublished":"2025-07-21T09:35:07+00:00","dateModified":"2025-09-12T16:21:51+00:00","breadcrumb":{"@id":"https:\/\/cardamomo.com\/de\/show\/flamenco-a-flor-de-piel\/#breadcrumb"},"inLanguage":"de","potentialAction":[{"@type":"ReadAction","target":[["https:\/\/cardamomo.com\/de\/show\/flamenco-a-flor-de-piel\/"]]}]},{"@type":"ImageObject","inLanguage":"de","@id":"https:\/\/cardamomo.com\/de\/show\/flamenco-a-flor-de-piel\/#primaryimage","url":"https:\/\/cardamomo.ams3.digitaloceanspaces.com\/wp-content\/uploads\/2025\/07\/21093417\/programacion-cardamomo-21-27-julio.jpg","contentUrl":"https:\/\/cardamomo.ams3.digitaloceanspaces.com\/wp-content\/uploads\/2025\/07\/21093417\/programacion-cardamomo-21-27-julio.jpg","width":1200,"height":800,"caption":"Programaci\u00f3n art\u00edstica 21 al 27 de Julio de Cardamomo Flamenco Madrid"},{"@type":"BreadcrumbList","@id":"https:\/\/cardamomo.com\/de\/show\/flamenco-a-flor-de-piel\/#breadcrumb","itemListElement":[{"@type":"ListItem","position":1,"name":"Cardamomo","item":"https:\/\/cardamomo.com\/de\/"},{"@type":"ListItem","position":2,"name":"Shows","item":"https:\/\/cardamomo.com\/de\/show\/"},{"@type":"ListItem","position":3,"name":"Flamenco a Flor de Piel"}]},{"@type":"WebSite","@id":"https:\/\/cardamomo.com\/de\/#website","url":"https:\/\/cardamomo.com\/de\/","name":"Cardamomo Flamenco Madrid","description":"","potentialAction":[{"@type":"SearchAction","target":{"@type":"EntryPoint","urlTemplate":"https:\/\/cardamomo.com\/de\/?s={search_term_string}"},"query-input":{"@type":"PropertyValueSpecification","valueRequired":true,"valueName":"search_term_string"}}],"inLanguage":"de"}]}},"_links":{"self":[{"href":"https:\/\/cardamomo.com\/de\/wp-json\/wp\/v2\/show\/157652","targetHints":{"allow":["GET"]}}],"collection":[{"href":"https:\/\/cardamomo.com\/de\/wp-json\/wp\/v2\/show"}],"about":[{"href":"https:\/\/cardamomo.com\/de\/wp-json\/wp\/v2\/types\/show"}],"wp:featuredmedia":[{"embeddable":true,"href":"https:\/\/cardamomo.com\/de\/wp-json\/wp\/v2\/media\/157653"}],"wp:attachment":[{"href":"https:\/\/cardamomo.com\/de\/wp-json\/wp\/v2\/media?parent=157652"}],"curies":[{"name":"wp","href":"https:\/\/api.w.org\/{rel}","templated":true}]}}

<p></p>
<p data-start="1460" data-end="1564"><strong data-start="1460" data-end="1564">Was wir diese Woche vorbereitet haben, ist eines dieser Erlebnisse, die man tief in der Brust spürt.</strong></p>
<p data-start="1566" data-end="1868">Stell dir die pure Energie vor, fast wie Feuer – das ist <strong data-start="1623" data-end="1634">El Yiyo</strong> auf der Bühne. Einer dieser Tänzer, der dich fesselt und nicht mehr loslässt. An seiner Seite: die Eleganz und Stärke von <strong data-start="1757" data-end="1774">Sofía del Río</strong> und <strong data-start="1779" data-end="1798">Nerea Fernández</strong>, der perfekte Kontrapunkt – sie erzählen Geschichten ganz ohne Worte.</p>
<p data-start="1870" data-end="2155">Die Stimme, die uns die Kehle zuschnürt, ist die von <strong data-start="1923" data-end="1938">Saúl Quirós</strong>, ein Sänger, der sich wirklich hingibt. Und die Magie dieser Woche liegt auch in der rohen Kraft von <strong data-start="2040" data-end="2051">Ingueta</strong> und dem Funkeln von <strong data-start="2072" data-end="2081">Ricky</strong> an besonderen Abenden – jeder bringt seine eigene Wahrheit und Tiefe mit.</p>
<p data-start="2157" data-end="2416">Damit alles fliegt, tragen die Gitarren von <strong data-start="2201" data-end="2218">Mario Montoya</strong> und <strong data-start="2223" data-end="2242">Antonio Jiménez</strong> jede<em data-start="2247" data-end="2259">n Künstler</em>in – mal Rückhalt, mal Antrieb. Und an der Basis spürst du den Herzschlag der Erde im <strong data-start="2345" data-end="2354">Cajón</strong> von <strong data-start="2359" data-end="2370">Antonio</strong> und <strong data-start="2375" data-end="2390">Iván Losada</strong>, das pulsierende Zentrum.</p>
<p data-start="2418" data-end="2561">Das sind nicht einfach Namen auf einem Plakat. Das sind Menschen, die ihre Seele auf der Bühne lassen. Wir möchten, dass du es mit uns erlebst.</p>
<p data-start="2563" data-end="2626"><a class="" href="https://cardamomo.com/de/tickets-bestellen/" rel="noopener" data-start="2566" data-end="2626"><strong data-start="2567" data-end="2622">Jetzt dein Ticket reservieren und komm zu Cardamomo</strong></a></p>
<p></p>

<!-- This site is optimized with the Yoast SEO plugin v27.4 - https://yoast.com/product/yoast-seo-wordpress/ -->
<title>Flamenco hautnah - Cardamomo Flamenco Madrid</title>
<meta name="robots" content="index, follow, max-snippet:-1, max-image-preview:large, max-video-preview:-1" />
<link rel="canonical" href="/" />
<meta property="og:locale" content="de_DE" />
<meta property="og:type" content="article" />
<meta property="og:title" content="Flamenco hautnah - Cardamomo Flamenco Madrid" />
<meta property="og:description" content="Was wir diese Woche vorbereitet haben, ist eines dieser Erlebnisse, die man tief in der Brust spürt. Stell dir die pure Energie vor, fast wie Feuer – das ist El Yiyo auf der Bühne. Einer dieser Tänzer, der dich fesselt und nicht mehr loslässt. An seiner Seite: die Eleganz und Stärke von Sofía del Río..." />
<meta property="og:url" content="https://cardamomo.com/de/show/flamenco-a-flor-de-piel/" />
<meta property="og:site_name" content="Cardamomo Flamenco Madrid" />
<meta property="article:modified_time" content="2025-09-12T16:21:51+00:00" />
<meta property="og:image" content="https://cardamomo.ams3.digitaloceanspaces.com/wp-content/uploads/2025/07/21093417/programacion-cardamomo-21-27-julio.jpg" />
	<meta property="og:image:width" content="1200" />
	<meta property="og:image:height" content="800" />
	<meta property="og:image:type" content="image/jpeg" />
<meta name="twitter:card" content="summary_large_image" />
<meta name="twitter:label1" content="Geschätzte Lesezeit" />
	<meta name="twitter:data1" content="2 Minuten" />
<script type="application/ld+json" class="yoast-schema-graph">{"@context":"https:\/\/schema.org","@graph":[{"@type":"WebPage","@id":"https:\/\/cardamomo.com\/de\/show\/flamenco-a-flor-de-piel\/","url":"https:\/\/cardamomo.com\/de\/show\/flamenco-a-flor-de-piel\/","name":"Flamenco hautnah - Cardamomo Flamenco Madrid","isPartOf":{"@id":"https:\/\/cardamomo.com\/de\/#website"},"primaryImageOfPage":{"@id":"https:\/\/cardamomo.com\/de\/show\/flamenco-a-flor-de-piel\/#primaryimage"},"image":{"@id":"https:\/\/cardamomo.com\/es\/show\/flamenco-a-flor-de-piel\/#primaryimage"},"thumbnailUrl":"https:\/\/cardamomo.ams3.digitaloceanspaces.com\/wp-content\/uploads\/2025\/07\/21093417\/programacion-cardamomo-21-27-julio.jpg","datePublished":"2025-07-21T09:35:07+00:00","dateModified":"2025-09-12T16:21:51+00:00","breadcrumb":{"@id":"https:\/\/cardamomo.com\/de\/show\/flamenco-a-flor-de-piel\/#breadcrumb"},"inLanguage":"de","potentialAction":[{"@type":"ReadAction","target":[["https:\/\/cardamomo.com\/de\/show\/flamenco-a-flor-de-piel\/"]]}]},{"@type":"ImageObject","inLanguage":"de","@id":"https:\/\/cardamomo.com\/de\/show\/flamenco-a-flor-de-piel\/#primaryimage","url":"https:\/\/cardamomo.ams3.digitaloceanspaces.com\/wp-content\/uploads\/2025\/07\/21093417\/programacion-cardamomo-21-27-julio.jpg","contentUrl":"https:\/\/cardamomo.ams3.digitaloceanspaces.com\/wp-content\/uploads\/2025\/07\/21093417\/programacion-cardamomo-21-27-julio.jpg","width":1200,"height":800,"caption":"Programación artística 21 al 27 de Julio de Cardamomo Flamenco Madrid"},{"@type":"BreadcrumbList","@id":"https:\/\/cardamomo.com\/de\/show\/flamenco-a-flor-de-piel\/#breadcrumb","itemListElement":[{"@type":"ListItem","position":1,"name":"Cardamomo","item":"https:\/\/cardamomo.com\/de\/"},{"@type":"ListItem","position":2,"name":"Shows","item":"https:\/\/cardamomo.com\/de\/show\/"},{"@type":"ListItem","position":3,"name":"Flamenco a Flor de Piel"}]},{"@type":"WebSite","@id":"https:\/\/cardamomo.com\/de\/#website","url":"https:\/\/cardamomo.com\/de\/","name":"Cardamomo Flamenco Madrid","description":"","potentialAction":[{"@type":"SearchAction","target":{"@type":"EntryPoint","urlTemplate":"https:\/\/cardamomo.com\/de\/?s={search_term_string}"},"query-input":{"@type":"PropertyValueSpecification","valueRequired":true,"valueName":"search_term_string"}}],"inLanguage":"de"}]}</script>
<!-- / Yoast SEO plugin. -->

Was wir diese Woche vorbereitet haben, ist eines dieser Erlebnisse, die man tief in der Brust spürt. Stell dir die pure Energie vor, fast wie Feuer – das ist El Yiyo auf der Bühne. Einer dieser Tänzer, der dich fesselt und nicht mehr loslässt. An seiner Seite: die Eleganz und Stärke von Sofía del Río...

Programación artística 21 al 27 de Julio de Cardamomo Flamenco Madrid
