{"id":156826,"date":"2025-01-31T14:21:52","date_gmt":"2025-01-31T14:21:52","guid":{"rendered":"https:\/\/pro.cardamomo.com\/es\/?post_type=show&#038;p=156826"},"modified":"2025-04-21T09:11:55","modified_gmt":"2025-04-21T09:11:55","slug":"la-fuerza-del-flamenco-sobre-el-tablao","status":"publish","type":"show","link":"https:\/\/cardamomo.com\/de\/show\/la-fuerza-del-flamenco-sobre-el-tablao\/","title":{"rendered":"Die Kraft des Flamencos auf dem Tablao"},"content":{"rendered":"<p><\/p>\n<p class=\"\" data-start=\"932\" data-end=\"1265\">Jede Nacht erwacht das Tablao mit einer leidenschaftlichen Show zum Leben, in der Musik, Gesang und Tanz zu einem einzigen Herzschlag verschmelzen. Vier t\u00e4gliche Vorstellungen erwarten dich \u2013 eine einzigartige Erfahrung, bei der sich Tradition und die Intensit\u00e4t dieser uralten Kunst in jedem Akkord und jeder Bewegung widerspiegeln.<\/p>\n<p class=\"\" data-start=\"1267\" data-end=\"1555\">Der Klang der Gitarre gibt den Rhythmus vor, w\u00e4hrend kraftvolle Stimmen tiefgr\u00fcndige und gef\u00fchlvolle Geschichten erz\u00e4hlen. Die K\u00fcnstler schaffen mit ihrer v\u00f6lligen Hingabe eine elektrisierende Atmosph\u00e4re, die jeden im Raum mitrei\u00dft und jede Vorstellung zu einem einmaligen Erlebnis macht.<\/p>\n<p class=\"\" data-start=\"1557\" data-end=\"1752\">Wenn du nach einer Flamenco-Show in Madrid suchst, die dich wirklich bewegt \u2013 das ist dein Moment. Erlebe die Kraft reiner Kunst und lass dich vom Zauber des Flamencos vom ersten Takt an fesseln.<\/p>\n<p><\/p>","protected":false},"featured_media":157309,"template":"","meta":{"_acf_changed":false,"inline_featured_image":false},"class_list":["post-156826","show","type-show","status-publish","has-post-thumbnail","hentry"],"acf":[],"yoast_head":"<!-- This site is optimized with the Yoast SEO plugin v27.4 - https:\/\/yoast.com\/product\/yoast-seo-wordpress\/ -->\n<title>Die Kraft des Flamencos auf dem Tablao - Cardamomo Flamenco Madrid<\/title>\n<meta name=\"description\" content=\"Vive la fuerza del flamenco m\u00e1s aut\u00e9ntico en Cardamomo. Cuatro pases diarios con artistas de primer nivel en el coraz\u00f3n de Madrid.\" \/>\n<meta name=\"robots\" content=\"index, follow, max-snippet:-1, max-image-preview:large, max-video-preview:-1\" \/>\n<link rel=\"canonical\" href=\"\/\" \/>\n<meta property=\"og:locale\" content=\"de_DE\" \/>\n<meta property=\"og:type\" content=\"article\" \/>\n<meta property=\"og:title\" content=\"Die Kraft des Flamencos auf dem Tablao - Cardamomo Flamenco Madrid\" \/>\n<meta property=\"og:description\" content=\"Vive la fuerza del flamenco m\u00e1s aut\u00e9ntico en Cardamomo. Cuatro pases diarios con artistas de primer nivel en el coraz\u00f3n de Madrid.\" \/>\n<meta property=\"og:url\" content=\"https:\/\/cardamomo.com\/de\/show\/la-fuerza-del-flamenco-sobre-el-tablao\/\" \/>\n<meta property=\"og:site_name\" content=\"Cardamomo Flamenco Madrid\" \/>\n<meta property=\"article:modified_time\" content=\"2025-04-21T09:11:55+00:00\" \/>\n<meta property=\"og:image\" content=\"https:\/\/cardamomo.ams3.digitaloceanspaces.com\/wp-content\/uploads\/2025\/01\/08141249\/programacion-semanal-cardamomo-1.png\" \/>\n\t<meta property=\"og:image:width\" content=\"1800\" \/>\n\t<meta property=\"og:image:height\" content=\"1200\" \/>\n\t<meta property=\"og:image:type\" content=\"image\/png\" \/>\n<meta name=\"twitter:card\" content=\"summary_large_image\" \/>\n<meta name=\"twitter:label1\" content=\"Gesch\u00e4tzte Lesezeit\" \/>\n\t<meta name=\"twitter:data1\" content=\"1\u00a0Minute\" \/>\n<script type=\"application\/ld+json\" class=\"yoast-schema-graph\">{\"@context\":\"https:\\\/\\\/schema.org\",\"@graph\":[{\"@type\":\"WebPage\",\"@id\":\"https:\\\/\\\/cardamomo.com\\\/de\\\/show\\\/la-fuerza-del-flamenco-sobre-el-tablao\\\/\",\"url\":\"https:\\\/\\\/cardamomo.com\\\/de\\\/show\\\/la-fuerza-del-flamenco-sobre-el-tablao\\\/\",\"name\":\"Die Kraft des Flamencos auf dem Tablao - Cardamomo Flamenco Madrid\",\"isPartOf\":{\"@id\":\"https:\\\/\\\/cardamomo.com\\\/de\\\/#website\"},\"primaryImageOfPage\":{\"@id\":\"https:\\\/\\\/cardamomo.com\\\/de\\\/show\\\/la-fuerza-del-flamenco-sobre-el-tablao\\\/#primaryimage\"},\"image\":{\"@id\":\"https:\\\/\\\/cardamomo.com\\\/es\\\/show\\\/la-fuerza-del-flamenco-sobre-el-tablao\\\/#primaryimage\"},\"thumbnailUrl\":\"https:\\\/\\\/cardamomo.ams3.digitaloceanspaces.com\\\/wp-content\\\/uploads\\\/2025\\\/01\\\/08141249\\\/programacion-semanal-cardamomo-1.png\",\"datePublished\":\"2025-01-31T14:21:52+00:00\",\"dateModified\":\"2025-04-21T09:11:55+00:00\",\"description\":\"Vive la fuerza del flamenco m\u00e1s aut\u00e9ntico en Cardamomo. Cuatro pases diarios con artistas de primer nivel en el coraz\u00f3n de Madrid.\",\"breadcrumb\":{\"@id\":\"https:\\\/\\\/cardamomo.com\\\/de\\\/show\\\/la-fuerza-del-flamenco-sobre-el-tablao\\\/#breadcrumb\"},\"inLanguage\":\"de\",\"potentialAction\":[{\"@type\":\"ReadAction\",\"target\":[[\"https:\\\/\\\/cardamomo.com\\\/de\\\/show\\\/la-fuerza-del-flamenco-sobre-el-tablao\\\/\"]]}]},{\"@type\":\"ImageObject\",\"inLanguage\":\"de\",\"@id\":\"https:\\\/\\\/cardamomo.com\\\/de\\\/show\\\/la-fuerza-del-flamenco-sobre-el-tablao\\\/#primaryimage\",\"url\":\"https:\\\/\\\/cardamomo.ams3.digitaloceanspaces.com\\\/wp-content\\\/uploads\\\/2025\\\/01\\\/08141249\\\/programacion-semanal-cardamomo-1.png\",\"contentUrl\":\"https:\\\/\\\/cardamomo.ams3.digitaloceanspaces.com\\\/wp-content\\\/uploads\\\/2025\\\/01\\\/08141249\\\/programacion-semanal-cardamomo-1.png\",\"width\":1800,\"height\":1200},{\"@type\":\"BreadcrumbList\",\"@id\":\"https:\\\/\\\/cardamomo.com\\\/de\\\/show\\\/la-fuerza-del-flamenco-sobre-el-tablao\\\/#breadcrumb\",\"itemListElement\":[{\"@type\":\"ListItem\",\"position\":1,\"name\":\"Cardamomo\",\"item\":\"https:\\\/\\\/cardamomo.com\\\/de\\\/\"},{\"@type\":\"ListItem\",\"position\":2,\"name\":\"Shows\",\"item\":\"https:\\\/\\\/cardamomo.com\\\/de\\\/show\\\/\"},{\"@type\":\"ListItem\",\"position\":3,\"name\":\"La Fuerza del Flamenco sobre el tablao\"}]},{\"@type\":\"WebSite\",\"@id\":\"https:\\\/\\\/cardamomo.com\\\/de\\\/#website\",\"url\":\"https:\\\/\\\/cardamomo.com\\\/de\\\/\",\"name\":\"Cardamomo Flamenco Madrid\",\"description\":\"\",\"potentialAction\":[{\"@type\":\"SearchAction\",\"target\":{\"@type\":\"EntryPoint\",\"urlTemplate\":\"https:\\\/\\\/cardamomo.com\\\/de\\\/?s={search_term_string}\"},\"query-input\":{\"@type\":\"PropertyValueSpecification\",\"valueRequired\":true,\"valueName\":\"search_term_string\"}}],\"inLanguage\":\"de\"}]}<\/script>\n<!-- \/ Yoast SEO plugin. -->","yoast_head_json":{"title":"Die Kraft des Flamencos auf dem Tablao - Cardamomo Flamenco Madrid","description":"Vive la fuerza del flamenco m\u00e1s aut\u00e9ntico en Cardamomo. Cuatro pases diarios con artistas de primer nivel en el coraz\u00f3n de Madrid.","robots":{"index":"index","follow":"follow","max-snippet":"max-snippet:-1","max-image-preview":"max-image-preview:large","max-video-preview":"max-video-preview:-1"},"canonical":"\/","og_locale":"de_DE","og_type":"article","og_title":"Die Kraft des Flamencos auf dem Tablao - Cardamomo Flamenco Madrid","og_description":"Vive la fuerza del flamenco m\u00e1s aut\u00e9ntico en Cardamomo. Cuatro pases diarios con artistas de primer nivel en el coraz\u00f3n de Madrid.","og_url":"https:\/\/cardamomo.com\/de\/show\/la-fuerza-del-flamenco-sobre-el-tablao\/","og_site_name":"Cardamomo Flamenco Madrid","article_modified_time":"2025-04-21T09:11:55+00:00","og_image":[{"width":1800,"height":1200,"url":"https:\/\/cardamomo.ams3.digitaloceanspaces.com\/wp-content\/uploads\/2025\/01\/08141249\/programacion-semanal-cardamomo-1.png","type":"image\/png"}],"twitter_card":"summary_large_image","twitter_misc":{"Gesch\u00e4tzte Lesezeit":"1\u00a0Minute"},"schema":{"@context":"https:\/\/schema.org","@graph":[{"@type":"WebPage","@id":"https:\/\/cardamomo.com\/de\/show\/la-fuerza-del-flamenco-sobre-el-tablao\/","url":"https:\/\/cardamomo.com\/de\/show\/la-fuerza-del-flamenco-sobre-el-tablao\/","name":"Die Kraft des Flamencos auf dem Tablao - Cardamomo Flamenco Madrid","isPartOf":{"@id":"https:\/\/cardamomo.com\/de\/#website"},"primaryImageOfPage":{"@id":"https:\/\/cardamomo.com\/de\/show\/la-fuerza-del-flamenco-sobre-el-tablao\/#primaryimage"},"image":{"@id":"https:\/\/cardamomo.com\/es\/show\/la-fuerza-del-flamenco-sobre-el-tablao\/#primaryimage"},"thumbnailUrl":"https:\/\/cardamomo.ams3.digitaloceanspaces.com\/wp-content\/uploads\/2025\/01\/08141249\/programacion-semanal-cardamomo-1.png","datePublished":"2025-01-31T14:21:52+00:00","dateModified":"2025-04-21T09:11:55+00:00","description":"Vive la fuerza del flamenco m\u00e1s aut\u00e9ntico en Cardamomo. Cuatro pases diarios con artistas de primer nivel en el coraz\u00f3n de Madrid.","breadcrumb":{"@id":"https:\/\/cardamomo.com\/de\/show\/la-fuerza-del-flamenco-sobre-el-tablao\/#breadcrumb"},"inLanguage":"de","potentialAction":[{"@type":"ReadAction","target":[["https:\/\/cardamomo.com\/de\/show\/la-fuerza-del-flamenco-sobre-el-tablao\/"]]}]},{"@type":"ImageObject","inLanguage":"de","@id":"https:\/\/cardamomo.com\/de\/show\/la-fuerza-del-flamenco-sobre-el-tablao\/#primaryimage","url":"https:\/\/cardamomo.ams3.digitaloceanspaces.com\/wp-content\/uploads\/2025\/01\/08141249\/programacion-semanal-cardamomo-1.png","contentUrl":"https:\/\/cardamomo.ams3.digitaloceanspaces.com\/wp-content\/uploads\/2025\/01\/08141249\/programacion-semanal-cardamomo-1.png","width":1800,"height":1200},{"@type":"BreadcrumbList","@id":"https:\/\/cardamomo.com\/de\/show\/la-fuerza-del-flamenco-sobre-el-tablao\/#breadcrumb","itemListElement":[{"@type":"ListItem","position":1,"name":"Cardamomo","item":"https:\/\/cardamomo.com\/de\/"},{"@type":"ListItem","position":2,"name":"Shows","item":"https:\/\/cardamomo.com\/de\/show\/"},{"@type":"ListItem","position":3,"name":"La Fuerza del Flamenco sobre el tablao"}]},{"@type":"WebSite","@id":"https:\/\/cardamomo.com\/de\/#website","url":"https:\/\/cardamomo.com\/de\/","name":"Cardamomo Flamenco Madrid","description":"","potentialAction":[{"@type":"SearchAction","target":{"@type":"EntryPoint","urlTemplate":"https:\/\/cardamomo.com\/de\/?s={search_term_string}"},"query-input":{"@type":"PropertyValueSpecification","valueRequired":true,"valueName":"search_term_string"}}],"inLanguage":"de"}]}},"_links":{"self":[{"href":"https:\/\/cardamomo.com\/de\/wp-json\/wp\/v2\/show\/156826","targetHints":{"allow":["GET"]}}],"collection":[{"href":"https:\/\/cardamomo.com\/de\/wp-json\/wp\/v2\/show"}],"about":[{"href":"https:\/\/cardamomo.com\/de\/wp-json\/wp\/v2\/types\/show"}],"wp:featuredmedia":[{"embeddable":true,"href":"https:\/\/cardamomo.com\/de\/wp-json\/wp\/v2\/media\/157309"}],"wp:attachment":[{"href":"https:\/\/cardamomo.com\/de\/wp-json\/wp\/v2\/media?parent=156826"}],"curies":[{"name":"wp","href":"https:\/\/api.w.org\/{rel}","templated":true}]}}

<p></p>
<p class="" data-start="932" data-end="1265">Jede Nacht erwacht das Tablao mit einer leidenschaftlichen Show zum Leben, in der Musik, Gesang und Tanz zu einem einzigen Herzschlag verschmelzen. Vier tägliche Vorstellungen erwarten dich – eine einzigartige Erfahrung, bei der sich Tradition und die Intensität dieser uralten Kunst in jedem Akkord und jeder Bewegung widerspiegeln.</p>
<p class="" data-start="1267" data-end="1555">Der Klang der Gitarre gibt den Rhythmus vor, während kraftvolle Stimmen tiefgründige und gefühlvolle Geschichten erzählen. Die Künstler schaffen mit ihrer völligen Hingabe eine elektrisierende Atmosphäre, die jeden im Raum mitreißt und jede Vorstellung zu einem einmaligen Erlebnis macht.</p>
<p class="" data-start="1557" data-end="1752">Wenn du nach einer Flamenco-Show in Madrid suchst, die dich wirklich bewegt – das ist dein Moment. Erlebe die Kraft reiner Kunst und lass dich vom Zauber des Flamencos vom ersten Takt an fesseln.</p>
<p></p>

<!-- This site is optimized with the Yoast SEO plugin v27.4 - https://yoast.com/product/yoast-seo-wordpress/ -->
<title>Die Kraft des Flamencos auf dem Tablao - Cardamomo Flamenco Madrid</title>
<meta name="description" content="Vive la fuerza del flamenco más auténtico en Cardamomo. Cuatro pases diarios con artistas de primer nivel en el corazón de Madrid." />
<meta name="robots" content="index, follow, max-snippet:-1, max-image-preview:large, max-video-preview:-1" />
<link rel="canonical" href="/" />
<meta property="og:locale" content="de_DE" />
<meta property="og:type" content="article" />
<meta property="og:title" content="Die Kraft des Flamencos auf dem Tablao - Cardamomo Flamenco Madrid" />
<meta property="og:description" content="Vive la fuerza del flamenco más auténtico en Cardamomo. Cuatro pases diarios con artistas de primer nivel en el corazón de Madrid." />
<meta property="og:url" content="https://cardamomo.com/de/show/la-fuerza-del-flamenco-sobre-el-tablao/" />
<meta property="og:site_name" content="Cardamomo Flamenco Madrid" />
<meta property="article:modified_time" content="2025-04-21T09:11:55+00:00" />
<meta property="og:image" content="https://cardamomo.ams3.digitaloceanspaces.com/wp-content/uploads/2025/01/08141249/programacion-semanal-cardamomo-1.png" />
	<meta property="og:image:width" content="1800" />
	<meta property="og:image:height" content="1200" />
	<meta property="og:image:type" content="image/png" />
<meta name="twitter:card" content="summary_large_image" />
<meta name="twitter:label1" content="Geschätzte Lesezeit" />
	<meta name="twitter:data1" content="1 Minute" />
<script type="application/ld+json" class="yoast-schema-graph">{"@context":"https:\/\/schema.org","@graph":[{"@type":"WebPage","@id":"https:\/\/cardamomo.com\/de\/show\/la-fuerza-del-flamenco-sobre-el-tablao\/","url":"https:\/\/cardamomo.com\/de\/show\/la-fuerza-del-flamenco-sobre-el-tablao\/","name":"Die Kraft des Flamencos auf dem Tablao - Cardamomo Flamenco Madrid","isPartOf":{"@id":"https:\/\/cardamomo.com\/de\/#website"},"primaryImageOfPage":{"@id":"https:\/\/cardamomo.com\/de\/show\/la-fuerza-del-flamenco-sobre-el-tablao\/#primaryimage"},"image":{"@id":"https:\/\/cardamomo.com\/es\/show\/la-fuerza-del-flamenco-sobre-el-tablao\/#primaryimage"},"thumbnailUrl":"https:\/\/cardamomo.ams3.digitaloceanspaces.com\/wp-content\/uploads\/2025\/01\/08141249\/programacion-semanal-cardamomo-1.png","datePublished":"2025-01-31T14:21:52+00:00","dateModified":"2025-04-21T09:11:55+00:00","description":"Vive la fuerza del flamenco más auténtico en Cardamomo. Cuatro pases diarios con artistas de primer nivel en el corazón de Madrid.","breadcrumb":{"@id":"https:\/\/cardamomo.com\/de\/show\/la-fuerza-del-flamenco-sobre-el-tablao\/#breadcrumb"},"inLanguage":"de","potentialAction":[{"@type":"ReadAction","target":[["https:\/\/cardamomo.com\/de\/show\/la-fuerza-del-flamenco-sobre-el-tablao\/"]]}]},{"@type":"ImageObject","inLanguage":"de","@id":"https:\/\/cardamomo.com\/de\/show\/la-fuerza-del-flamenco-sobre-el-tablao\/#primaryimage","url":"https:\/\/cardamomo.ams3.digitaloceanspaces.com\/wp-content\/uploads\/2025\/01\/08141249\/programacion-semanal-cardamomo-1.png","contentUrl":"https:\/\/cardamomo.ams3.digitaloceanspaces.com\/wp-content\/uploads\/2025\/01\/08141249\/programacion-semanal-cardamomo-1.png","width":1800,"height":1200},{"@type":"BreadcrumbList","@id":"https:\/\/cardamomo.com\/de\/show\/la-fuerza-del-flamenco-sobre-el-tablao\/#breadcrumb","itemListElement":[{"@type":"ListItem","position":1,"name":"Cardamomo","item":"https:\/\/cardamomo.com\/de\/"},{"@type":"ListItem","position":2,"name":"Shows","item":"https:\/\/cardamomo.com\/de\/show\/"},{"@type":"ListItem","position":3,"name":"La Fuerza del Flamenco sobre el tablao"}]},{"@type":"WebSite","@id":"https:\/\/cardamomo.com\/de\/#website","url":"https:\/\/cardamomo.com\/de\/","name":"Cardamomo Flamenco Madrid","description":"","potentialAction":[{"@type":"SearchAction","target":{"@type":"EntryPoint","urlTemplate":"https:\/\/cardamomo.com\/de\/?s={search_term_string}"},"query-input":{"@type":"PropertyValueSpecification","valueRequired":true,"valueName":"search_term_string"}}],"inLanguage":"de"}]}</script>
<!-- / Yoast SEO plugin. -->

Vive la fuerza del flamenco más auténtico en Cardamomo. Cuatro pases diarios con artistas de primer nivel en el corazón de Madrid.
