{"id":131124,"date":"2023-09-24T19:13:27","date_gmt":"2023-09-24T17:13:27","guid":{"rendered":"https:\/\/cardamomo.com\/es\/?post_type=show&#038;p=131124"},"modified":"2025-02-01T14:01:13","modified_gmt":"2025-02-01T14:01:13","slug":"jose-maya-en-cardamomo","status":"publish","type":"show","link":"https:\/\/cardamomo.com\/de\/show\/jose-maya-en-cardamomo\/","title":{"rendered":"Jos\u00e9 maya besucht Cardamomo"},"content":{"rendered":"<p>Jos\u00e9 Maya (Joselillo Romero), ist einer der wenigen Flamenco-K\u00fcnstler, die sich anderen K\u00fcnstlern aufdr\u00e4ngen. Ein T\u00e4nzer der Flamenco-Elite, auf Augenh\u00f6he mit Stars wie Rafael Amargo oder Farruquito.<\/p>\n<p>Er stammt aus einer Zigeunerfamilie von K\u00fcnstlern (Malern, Schriftstellern, Schauspielern) mit Vorfahren wie der historischen Bailaora Fernanda Romero oder dem Cantaor Rafael Romero &#8222;El Gallina&#8220;. Wie alle gro\u00dfen Talente des Flamenco begann sie ihre Karriere im Alter von 9 Jahren an der Seite von Antonio Canales und Joaqu\u00edn Grilo. Als Teenager trat er der Truppe von &#8222;El G\u00fcito&#8220; bei. Von da an hatte er eine Reihe unvergesslicher Auftritte, die von internationalen Tourneen rund um die Welt bis hin zur Er\u00f6ffnung f\u00fcr K\u00fcnstler wie Marc Anthony und Beyonc\u00e9 reichten.<\/p>\n<p>Wir bei Cardamomo f\u00fchlen uns geehrt, ihn auf unserer B\u00fchne zu erleben und unseren Besuchern eine einzigartige Gelegenheit zu bieten.<\/p>\n<p>Verpassen Sie es nicht!<\/p>","protected":false},"featured_media":0,"template":"","meta":{"_acf_changed":false,"inline_featured_image":false},"class_list":["post-131124","show","type-show","status-publish","hentry"],"acf":[],"yoast_head":"<!-- This site is optimized with the Yoast SEO plugin v27.4 - https:\/\/yoast.com\/product\/yoast-seo-wordpress\/ -->\n<title>Jos\u00e9 maya besucht Cardamomo - Cardamomo Flamenco Madrid<\/title>\n<meta name=\"robots\" content=\"index, follow, max-snippet:-1, max-image-preview:large, max-video-preview:-1\" \/>\n<link rel=\"canonical\" href=\"\/\" \/>\n<meta property=\"og:locale\" content=\"de_DE\" \/>\n<meta property=\"og:type\" content=\"article\" \/>\n<meta property=\"og:title\" content=\"Jos\u00e9 maya besucht Cardamomo - Cardamomo Flamenco Madrid\" \/>\n<meta property=\"og:description\" content=\"Jos\u00e9 Maya (Joselillo Romero), ist einer der wenigen Flamenco-K\u00fcnstler, die sich anderen K\u00fcnstlern aufdr\u00e4ngen. Ein T\u00e4nzer der Flamenco-Elite, auf Augenh\u00f6he mit Stars wie Rafael Amargo oder Farruquito. Er stammt aus einer Zigeunerfamilie von K\u00fcnstlern (Malern, Schriftstellern, Schauspielern) mit Vorfahren wie der historischen Bailaora Fernanda Romero oder dem Cantaor Rafael Romero &#8222;El Gallina&#8220;. Wie alle gro\u00dfen...\" \/>\n<meta property=\"og:url\" content=\"https:\/\/cardamomo.com\/de\/show\/jose-maya-en-cardamomo\/\" \/>\n<meta property=\"og:site_name\" content=\"Cardamomo Flamenco Madrid\" \/>\n<meta property=\"article:modified_time\" content=\"2025-02-01T14:01:13+00:00\" \/>\n<meta property=\"og:image\" content=\"https:\/\/cardamomo.com\/wp-content\/uploads\/2022\/03\/log_comunidad_m.jpg\" \/>\n<meta name=\"twitter:card\" content=\"summary_large_image\" \/>\n<meta name=\"twitter:label1\" content=\"Gesch\u00e4tzte Lesezeit\" \/>\n\t<meta name=\"twitter:data1\" content=\"2\u00a0Minuten\" \/>\n<script type=\"application\/ld+json\" class=\"yoast-schema-graph\">{\"@context\":\"https:\\\/\\\/schema.org\",\"@graph\":[{\"@type\":\"WebPage\",\"@id\":\"https:\\\/\\\/cardamomo.com\\\/de\\\/show\\\/jose-maya-en-cardamomo\\\/\",\"url\":\"https:\\\/\\\/cardamomo.com\\\/de\\\/show\\\/jose-maya-en-cardamomo\\\/\",\"name\":\"Jos\u00e9 maya besucht Cardamomo - Cardamomo Flamenco Madrid\",\"isPartOf\":{\"@id\":\"https:\\\/\\\/cardamomo.com\\\/de\\\/#website\"},\"primaryImageOfPage\":{\"@id\":\"https:\\\/\\\/cardamomo.com\\\/de\\\/show\\\/jose-maya-en-cardamomo\\\/#primaryimage\"},\"image\":{\"@id\":\"https:\\\/\\\/cardamomo.com\\\/es\\\/show\\\/jose-maya-en-cardamomo\\\/#primaryimage\"},\"thumbnailUrl\":\"https:\\\/\\\/cardamomo.com\\\/wp-content\\\/uploads\\\/2022\\\/03\\\/log_comunidad_m.jpg\",\"datePublished\":\"2023-09-24T17:13:27+00:00\",\"dateModified\":\"2025-02-01T14:01:13+00:00\",\"breadcrumb\":{\"@id\":\"https:\\\/\\\/cardamomo.com\\\/de\\\/show\\\/jose-maya-en-cardamomo\\\/#breadcrumb\"},\"inLanguage\":\"de\",\"potentialAction\":[{\"@type\":\"ReadAction\",\"target\":[[\"https:\\\/\\\/cardamomo.com\\\/de\\\/show\\\/jose-maya-en-cardamomo\\\/\"]]}]},{\"@type\":\"ImageObject\",\"inLanguage\":\"de\",\"@id\":\"https:\\\/\\\/cardamomo.com\\\/de\\\/show\\\/jose-maya-en-cardamomo\\\/#primaryimage\",\"url\":\"https:\\\/\\\/cardamomo.com\\\/wp-content\\\/uploads\\\/2022\\\/03\\\/log_comunidad_m.jpg\",\"contentUrl\":\"https:\\\/\\\/cardamomo.com\\\/wp-content\\\/uploads\\\/2022\\\/03\\\/log_comunidad_m.jpg\"},{\"@type\":\"BreadcrumbList\",\"@id\":\"https:\\\/\\\/cardamomo.com\\\/de\\\/show\\\/jose-maya-en-cardamomo\\\/#breadcrumb\",\"itemListElement\":[{\"@type\":\"ListItem\",\"position\":1,\"name\":\"Cardamomo\",\"item\":\"https:\\\/\\\/cardamomo.com\\\/de\\\/\"},{\"@type\":\"ListItem\",\"position\":2,\"name\":\"Shows\",\"item\":\"https:\\\/\\\/cardamomo.com\\\/de\\\/show\\\/\"},{\"@type\":\"ListItem\",\"position\":3,\"name\":\"Jos\u00e9 Maya en Cardamomo\"}]},{\"@type\":\"WebSite\",\"@id\":\"https:\\\/\\\/cardamomo.com\\\/de\\\/#website\",\"url\":\"https:\\\/\\\/cardamomo.com\\\/de\\\/\",\"name\":\"Cardamomo Flamenco Madrid\",\"description\":\"\",\"potentialAction\":[{\"@type\":\"SearchAction\",\"target\":{\"@type\":\"EntryPoint\",\"urlTemplate\":\"https:\\\/\\\/cardamomo.com\\\/de\\\/?s={search_term_string}\"},\"query-input\":{\"@type\":\"PropertyValueSpecification\",\"valueRequired\":true,\"valueName\":\"search_term_string\"}}],\"inLanguage\":\"de\"}]}<\/script>\n<!-- \/ Yoast SEO plugin. -->","yoast_head_json":{"title":"Jos\u00e9 maya besucht Cardamomo - Cardamomo Flamenco Madrid","robots":{"index":"index","follow":"follow","max-snippet":"max-snippet:-1","max-image-preview":"max-image-preview:large","max-video-preview":"max-video-preview:-1"},"canonical":"\/","og_locale":"de_DE","og_type":"article","og_title":"Jos\u00e9 maya besucht Cardamomo - Cardamomo Flamenco Madrid","og_description":"Jos\u00e9 Maya (Joselillo Romero), ist einer der wenigen Flamenco-K\u00fcnstler, die sich anderen K\u00fcnstlern aufdr\u00e4ngen. Ein T\u00e4nzer der Flamenco-Elite, auf Augenh\u00f6he mit Stars wie Rafael Amargo oder Farruquito. Er stammt aus einer Zigeunerfamilie von K\u00fcnstlern (Malern, Schriftstellern, Schauspielern) mit Vorfahren wie der historischen Bailaora Fernanda Romero oder dem Cantaor Rafael Romero &#8222;El Gallina&#8220;. Wie alle gro\u00dfen...","og_url":"https:\/\/cardamomo.com\/de\/show\/jose-maya-en-cardamomo\/","og_site_name":"Cardamomo Flamenco Madrid","article_modified_time":"2025-02-01T14:01:13+00:00","og_image":[{"url":"https:\/\/cardamomo.com\/wp-content\/uploads\/2022\/03\/log_comunidad_m.jpg","type":"","width":"","height":""}],"twitter_card":"summary_large_image","twitter_misc":{"Gesch\u00e4tzte Lesezeit":"2\u00a0Minuten"},"schema":{"@context":"https:\/\/schema.org","@graph":[{"@type":"WebPage","@id":"https:\/\/cardamomo.com\/de\/show\/jose-maya-en-cardamomo\/","url":"https:\/\/cardamomo.com\/de\/show\/jose-maya-en-cardamomo\/","name":"Jos\u00e9 maya besucht Cardamomo - Cardamomo Flamenco Madrid","isPartOf":{"@id":"https:\/\/cardamomo.com\/de\/#website"},"primaryImageOfPage":{"@id":"https:\/\/cardamomo.com\/de\/show\/jose-maya-en-cardamomo\/#primaryimage"},"image":{"@id":"https:\/\/cardamomo.com\/es\/show\/jose-maya-en-cardamomo\/#primaryimage"},"thumbnailUrl":"https:\/\/cardamomo.com\/wp-content\/uploads\/2022\/03\/log_comunidad_m.jpg","datePublished":"2023-09-24T17:13:27+00:00","dateModified":"2025-02-01T14:01:13+00:00","breadcrumb":{"@id":"https:\/\/cardamomo.com\/de\/show\/jose-maya-en-cardamomo\/#breadcrumb"},"inLanguage":"de","potentialAction":[{"@type":"ReadAction","target":[["https:\/\/cardamomo.com\/de\/show\/jose-maya-en-cardamomo\/"]]}]},{"@type":"ImageObject","inLanguage":"de","@id":"https:\/\/cardamomo.com\/de\/show\/jose-maya-en-cardamomo\/#primaryimage","url":"https:\/\/cardamomo.com\/wp-content\/uploads\/2022\/03\/log_comunidad_m.jpg","contentUrl":"https:\/\/cardamomo.com\/wp-content\/uploads\/2022\/03\/log_comunidad_m.jpg"},{"@type":"BreadcrumbList","@id":"https:\/\/cardamomo.com\/de\/show\/jose-maya-en-cardamomo\/#breadcrumb","itemListElement":[{"@type":"ListItem","position":1,"name":"Cardamomo","item":"https:\/\/cardamomo.com\/de\/"},{"@type":"ListItem","position":2,"name":"Shows","item":"https:\/\/cardamomo.com\/de\/show\/"},{"@type":"ListItem","position":3,"name":"Jos\u00e9 Maya en Cardamomo"}]},{"@type":"WebSite","@id":"https:\/\/cardamomo.com\/de\/#website","url":"https:\/\/cardamomo.com\/de\/","name":"Cardamomo Flamenco Madrid","description":"","potentialAction":[{"@type":"SearchAction","target":{"@type":"EntryPoint","urlTemplate":"https:\/\/cardamomo.com\/de\/?s={search_term_string}"},"query-input":{"@type":"PropertyValueSpecification","valueRequired":true,"valueName":"search_term_string"}}],"inLanguage":"de"}]}},"_links":{"self":[{"href":"https:\/\/cardamomo.com\/de\/wp-json\/wp\/v2\/show\/131124","targetHints":{"allow":["GET"]}}],"collection":[{"href":"https:\/\/cardamomo.com\/de\/wp-json\/wp\/v2\/show"}],"about":[{"href":"https:\/\/cardamomo.com\/de\/wp-json\/wp\/v2\/types\/show"}],"wp:attachment":[{"href":"https:\/\/cardamomo.com\/de\/wp-json\/wp\/v2\/media?parent=131124"}],"curies":[{"name":"wp","href":"https:\/\/api.w.org\/{rel}","templated":true}]}}

José maya besucht Cardamomo

<p>José Maya (Joselillo Romero), ist einer der wenigen Flamenco-Künstler, die sich anderen Künstlern aufdrängen. Ein Tänzer der Flamenco-Elite, auf Augenhöhe mit Stars wie Rafael Amargo oder Farruquito.</p>
<p>Er stammt aus einer Zigeunerfamilie von Künstlern (Malern, Schriftstellern, Schauspielern) mit Vorfahren wie der historischen Bailaora Fernanda Romero oder dem Cantaor Rafael Romero &#8222;El Gallina&#8220;. Wie alle großen Talente des Flamenco begann sie ihre Karriere im Alter von 9 Jahren an der Seite von Antonio Canales und Joaquín Grilo. Als Teenager trat er der Truppe von &#8222;El Güito&#8220; bei. Von da an hatte er eine Reihe unvergesslicher Auftritte, die von internationalen Tourneen rund um die Welt bis hin zur Eröffnung für Künstler wie Marc Anthony und Beyoncé reichten.</p>
<p>Wir bei Cardamomo fühlen uns geehrt, ihn auf unserer Bühne zu erleben und unseren Besuchern eine einzigartige Gelegenheit zu bieten.</p>
<p>Verpassen Sie es nicht!</p>

<!-- This site is optimized with the Yoast SEO plugin v27.4 - https://yoast.com/product/yoast-seo-wordpress/ -->
<title>José maya besucht Cardamomo - Cardamomo Flamenco Madrid</title>
<meta name="robots" content="index, follow, max-snippet:-1, max-image-preview:large, max-video-preview:-1" />
<link rel="canonical" href="/" />
<meta property="og:locale" content="de_DE" />
<meta property="og:type" content="article" />
<meta property="og:title" content="José maya besucht Cardamomo - Cardamomo Flamenco Madrid" />
<meta property="og:description" content="José Maya (Joselillo Romero), ist einer der wenigen Flamenco-Künstler, die sich anderen Künstlern aufdrängen. Ein Tänzer der Flamenco-Elite, auf Augenhöhe mit Stars wie Rafael Amargo oder Farruquito. Er stammt aus einer Zigeunerfamilie von Künstlern (Malern, Schriftstellern, Schauspielern) mit Vorfahren wie der historischen Bailaora Fernanda Romero oder dem Cantaor Rafael Romero &#8222;El Gallina&#8220;. Wie alle großen..." />
<meta property="og:url" content="https://cardamomo.com/de/show/jose-maya-en-cardamomo/" />
<meta property="og:site_name" content="Cardamomo Flamenco Madrid" />
<meta property="article:modified_time" content="2025-02-01T14:01:13+00:00" />
<meta property="og:image" content="https://cardamomo.com/wp-content/uploads/2022/03/log_comunidad_m.jpg" />
<meta name="twitter:card" content="summary_large_image" />
<meta name="twitter:label1" content="Geschätzte Lesezeit" />
	<meta name="twitter:data1" content="2 Minuten" />
<script type="application/ld+json" class="yoast-schema-graph">{"@context":"https:\/\/schema.org","@graph":[{"@type":"WebPage","@id":"https:\/\/cardamomo.com\/de\/show\/jose-maya-en-cardamomo\/","url":"https:\/\/cardamomo.com\/de\/show\/jose-maya-en-cardamomo\/","name":"José maya besucht Cardamomo - Cardamomo Flamenco Madrid","isPartOf":{"@id":"https:\/\/cardamomo.com\/de\/#website"},"primaryImageOfPage":{"@id":"https:\/\/cardamomo.com\/de\/show\/jose-maya-en-cardamomo\/#primaryimage"},"image":{"@id":"https:\/\/cardamomo.com\/es\/show\/jose-maya-en-cardamomo\/#primaryimage"},"thumbnailUrl":"https:\/\/cardamomo.com\/wp-content\/uploads\/2022\/03\/log_comunidad_m.jpg","datePublished":"2023-09-24T17:13:27+00:00","dateModified":"2025-02-01T14:01:13+00:00","breadcrumb":{"@id":"https:\/\/cardamomo.com\/de\/show\/jose-maya-en-cardamomo\/#breadcrumb"},"inLanguage":"de","potentialAction":[{"@type":"ReadAction","target":[["https:\/\/cardamomo.com\/de\/show\/jose-maya-en-cardamomo\/"]]}]},{"@type":"ImageObject","inLanguage":"de","@id":"https:\/\/cardamomo.com\/de\/show\/jose-maya-en-cardamomo\/#primaryimage","url":"https:\/\/cardamomo.com\/wp-content\/uploads\/2022\/03\/log_comunidad_m.jpg","contentUrl":"https:\/\/cardamomo.com\/wp-content\/uploads\/2022\/03\/log_comunidad_m.jpg"},{"@type":"BreadcrumbList","@id":"https:\/\/cardamomo.com\/de\/show\/jose-maya-en-cardamomo\/#breadcrumb","itemListElement":[{"@type":"ListItem","position":1,"name":"Cardamomo","item":"https:\/\/cardamomo.com\/de\/"},{"@type":"ListItem","position":2,"name":"Shows","item":"https:\/\/cardamomo.com\/de\/show\/"},{"@type":"ListItem","position":3,"name":"José Maya en Cardamomo"}]},{"@type":"WebSite","@id":"https:\/\/cardamomo.com\/de\/#website","url":"https:\/\/cardamomo.com\/de\/","name":"Cardamomo Flamenco Madrid","description":"","potentialAction":[{"@type":"SearchAction","target":{"@type":"EntryPoint","urlTemplate":"https:\/\/cardamomo.com\/de\/?s={search_term_string}"},"query-input":{"@type":"PropertyValueSpecification","valueRequired":true,"valueName":"search_term_string"}}],"inLanguage":"de"}]}</script>
<!-- / Yoast SEO plugin. -->

José maya besucht Cardamomo - Cardamomo Flamenco Madrid

José Maya (Joselillo Romero), ist einer der wenigen Flamenco-Künstler, die sich anderen Künstlern aufdrängen. Ein Tänzer der Flamenco-Elite, auf Augenhöhe mit Stars wie Rafael Amargo oder Farruquito. Er stammt aus einer Zigeunerfamilie von Künstlern (Malern, Schriftstellern, Schauspielern) mit Vorfahren wie der historischen Bailaora Fernanda Romero oder dem Cantaor Rafael Romero &#8222;El Gallina&#8220;. Wie alle großen...

José Maya en Cardamomo
