{"id":98930,"date":"2022-05-03T19:54:46","date_gmt":"2022-05-03T17:54:46","guid":{"rendered":"https:\/\/cardamomo.com\/es\/?post_type=artist&#038;p=98930"},"modified":"2025-03-18T16:02:17","modified_gmt":"2025-03-18T16:02:17","slug":"felipe-maya","status":"publish","type":"artist","link":"https:\/\/cardamomo.com\/de\/artist\/felipe-maya\/","title":{"rendered":"Felipe Maya"},"content":{"rendered":"<p>Als David Jim\u00e9nez und Laura Abad\u00eda ihn zum ersten Mal trafen, sahen sie in Felipe etwas, von dem er selbst nicht wusste, dass er es hatte: sein angeborenes Talent, wenn es ums Spielen ging. Im Alter von 15 Jahren spielte Laura ihm ins Ohr, damit er lernte, den Rhythmus zu halten. Sp\u00e4ter schloss sich Felipe der Kompanie des T\u00e4nzers Curro de Candela an und gemeinsam sind sie Teil von &#8222;Afrogitano&#8220;, einem Werk, das von universellen menschlichen Emotionen und Dialogen durch den Tanz spricht, ohne jemals die Kraft und Eleganz des Flamenco zu verlieren. Heute singt Felipe in Cardamomo mit den besten K\u00fcnstlern, und er betont, dass es ein beeindruckendes Gef\u00fchl ist, die B\u00fchne mit Farruquito&#8220; und Joselillo Romero&#8220; zu teilen, das sich nicht mit Worten beschreiben l\u00e4sst. F\u00fcr den Schlagzeuger ist es sehr wichtig, mit sich selbst im Reinen zu sein und daf\u00fcr zu sorgen, dass seine Musik eine gute Verbindung mit den anderen K\u00fcnstlern und dem anwesenden Publikum herstellt.<\/p>","protected":false},"featured_media":157208,"template":"","meta":{"_acf_changed":false,"inline_featured_image":false},"class_list":["post-98930","artist","type-artist","status-publish","has-post-thumbnail","hentry"],"acf":[],"yoast_head":"<!-- This site is optimized with the Yoast SEO plugin v27.4 - https:\/\/yoast.com\/product\/yoast-seo-wordpress\/ -->\n<title>Felipe Maya - Cardamomo Flamenco Madrid<\/title>\n<meta name=\"robots\" content=\"index, follow, max-snippet:-1, max-image-preview:large, max-video-preview:-1\" \/>\n<link rel=\"canonical\" href=\"\/\" \/>\n<meta property=\"og:locale\" content=\"de_DE\" \/>\n<meta property=\"og:type\" content=\"article\" \/>\n<meta property=\"og:title\" content=\"Felipe Maya - Cardamomo Flamenco Madrid\" \/>\n<meta property=\"og:description\" content=\"Als David Jim\u00e9nez und Laura Abad\u00eda ihn zum ersten Mal trafen, sahen sie in Felipe etwas, von dem er selbst nicht wusste, dass er es hatte: sein angeborenes Talent, wenn es ums Spielen ging. Im Alter von 15 Jahren spielte Laura ihm ins Ohr, damit er lernte, den Rhythmus zu halten. Sp\u00e4ter schloss sich Felipe...\" \/>\n<meta property=\"og:url\" content=\"https:\/\/cardamomo.com\/de\/artist\/felipe-maya\/\" \/>\n<meta property=\"og:site_name\" content=\"Cardamomo Flamenco Madrid\" \/>\n<meta property=\"article:modified_time\" content=\"2025-03-18T16:02:17+00:00\" \/>\n<meta property=\"og:image\" content=\"https:\/\/cardamomo.ams3.digitaloceanspaces.com\/wp-content\/uploads\/2022\/05\/18160200\/felipe-maya.jpg\" \/>\n\t<meta property=\"og:image:width\" content=\"600\" \/>\n\t<meta property=\"og:image:height\" content=\"750\" \/>\n\t<meta property=\"og:image:type\" content=\"image\/jpeg\" \/>\n<meta name=\"twitter:card\" content=\"summary_large_image\" \/>\n<meta name=\"twitter:label1\" content=\"Gesch\u00e4tzte Lesezeit\" \/>\n\t<meta name=\"twitter:data1\" content=\"1\u00a0Minute\" \/>\n<script type=\"application\/ld+json\" class=\"yoast-schema-graph\">{\"@context\":\"https:\\\/\\\/schema.org\",\"@graph\":[{\"@type\":\"WebPage\",\"@id\":\"https:\\\/\\\/cardamomo.com\\\/de\\\/artist\\\/felipe-maya\\\/\",\"url\":\"https:\\\/\\\/cardamomo.com\\\/de\\\/artist\\\/felipe-maya\\\/\",\"name\":\"Felipe Maya - Cardamomo Flamenco Madrid\",\"isPartOf\":{\"@id\":\"https:\\\/\\\/cardamomo.com\\\/de\\\/#website\"},\"primaryImageOfPage\":{\"@id\":\"https:\\\/\\\/cardamomo.com\\\/de\\\/artist\\\/felipe-maya\\\/#primaryimage\"},\"image\":{\"@id\":\"https:\\\/\\\/cardamomo.com\\\/es\\\/artist\\\/felipe-maya\\\/#primaryimage\"},\"thumbnailUrl\":\"https:\\\/\\\/cardamomo.ams3.digitaloceanspaces.com\\\/wp-content\\\/uploads\\\/2022\\\/05\\\/18160200\\\/felipe-maya.jpg\",\"datePublished\":\"2022-05-03T17:54:46+00:00\",\"dateModified\":\"2025-03-18T16:02:17+00:00\",\"breadcrumb\":{\"@id\":\"https:\\\/\\\/cardamomo.com\\\/de\\\/artist\\\/felipe-maya\\\/#breadcrumb\"},\"inLanguage\":\"de\",\"potentialAction\":[{\"@type\":\"ReadAction\",\"target\":[[\"https:\\\/\\\/cardamomo.com\\\/de\\\/artist\\\/felipe-maya\\\/\"]]}]},{\"@type\":\"ImageObject\",\"inLanguage\":\"de\",\"@id\":\"https:\\\/\\\/cardamomo.com\\\/de\\\/artist\\\/felipe-maya\\\/#primaryimage\",\"url\":\"https:\\\/\\\/cardamomo.ams3.digitaloceanspaces.com\\\/wp-content\\\/uploads\\\/2022\\\/05\\\/18160200\\\/felipe-maya.jpg\",\"contentUrl\":\"https:\\\/\\\/cardamomo.ams3.digitaloceanspaces.com\\\/wp-content\\\/uploads\\\/2022\\\/05\\\/18160200\\\/felipe-maya.jpg\",\"width\":600,\"height\":750,\"caption\":\"Percusionista Felipe Maya\"},{\"@type\":\"BreadcrumbList\",\"@id\":\"https:\\\/\\\/cardamomo.com\\\/de\\\/artist\\\/felipe-maya\\\/#breadcrumb\",\"itemListElement\":[{\"@type\":\"ListItem\",\"position\":1,\"name\":\"Cardamomo\",\"item\":\"https:\\\/\\\/cardamomo.com\\\/de\\\/\"},{\"@type\":\"ListItem\",\"position\":2,\"name\":\"Artists\",\"item\":\"https:\\\/\\\/cardamomo.com\\\/de\\\/artist\\\/\"},{\"@type\":\"ListItem\",\"position\":3,\"name\":\"Felipe Maya\"}]},{\"@type\":\"WebSite\",\"@id\":\"https:\\\/\\\/cardamomo.com\\\/de\\\/#website\",\"url\":\"https:\\\/\\\/cardamomo.com\\\/de\\\/\",\"name\":\"Cardamomo Flamenco Madrid\",\"description\":\"\",\"potentialAction\":[{\"@type\":\"SearchAction\",\"target\":{\"@type\":\"EntryPoint\",\"urlTemplate\":\"https:\\\/\\\/cardamomo.com\\\/de\\\/?s={search_term_string}\"},\"query-input\":{\"@type\":\"PropertyValueSpecification\",\"valueRequired\":true,\"valueName\":\"search_term_string\"}}],\"inLanguage\":\"de\"}]}<\/script>\n<!-- \/ Yoast SEO plugin. -->","yoast_head_json":{"title":"Felipe Maya - Cardamomo Flamenco Madrid","robots":{"index":"index","follow":"follow","max-snippet":"max-snippet:-1","max-image-preview":"max-image-preview:large","max-video-preview":"max-video-preview:-1"},"canonical":"\/","og_locale":"de_DE","og_type":"article","og_title":"Felipe Maya - Cardamomo Flamenco Madrid","og_description":"Als David Jim\u00e9nez und Laura Abad\u00eda ihn zum ersten Mal trafen, sahen sie in Felipe etwas, von dem er selbst nicht wusste, dass er es hatte: sein angeborenes Talent, wenn es ums Spielen ging. Im Alter von 15 Jahren spielte Laura ihm ins Ohr, damit er lernte, den Rhythmus zu halten. Sp\u00e4ter schloss sich Felipe...","og_url":"https:\/\/cardamomo.com\/de\/artist\/felipe-maya\/","og_site_name":"Cardamomo Flamenco Madrid","article_modified_time":"2025-03-18T16:02:17+00:00","og_image":[{"width":600,"height":750,"url":"https:\/\/cardamomo.ams3.digitaloceanspaces.com\/wp-content\/uploads\/2022\/05\/18160200\/felipe-maya.jpg","type":"image\/jpeg"}],"twitter_card":"summary_large_image","twitter_misc":{"Gesch\u00e4tzte Lesezeit":"1\u00a0Minute"},"schema":{"@context":"https:\/\/schema.org","@graph":[{"@type":"WebPage","@id":"https:\/\/cardamomo.com\/de\/artist\/felipe-maya\/","url":"https:\/\/cardamomo.com\/de\/artist\/felipe-maya\/","name":"Felipe Maya - Cardamomo Flamenco Madrid","isPartOf":{"@id":"https:\/\/cardamomo.com\/de\/#website"},"primaryImageOfPage":{"@id":"https:\/\/cardamomo.com\/de\/artist\/felipe-maya\/#primaryimage"},"image":{"@id":"https:\/\/cardamomo.com\/es\/artist\/felipe-maya\/#primaryimage"},"thumbnailUrl":"https:\/\/cardamomo.ams3.digitaloceanspaces.com\/wp-content\/uploads\/2022\/05\/18160200\/felipe-maya.jpg","datePublished":"2022-05-03T17:54:46+00:00","dateModified":"2025-03-18T16:02:17+00:00","breadcrumb":{"@id":"https:\/\/cardamomo.com\/de\/artist\/felipe-maya\/#breadcrumb"},"inLanguage":"de","potentialAction":[{"@type":"ReadAction","target":[["https:\/\/cardamomo.com\/de\/artist\/felipe-maya\/"]]}]},{"@type":"ImageObject","inLanguage":"de","@id":"https:\/\/cardamomo.com\/de\/artist\/felipe-maya\/#primaryimage","url":"https:\/\/cardamomo.ams3.digitaloceanspaces.com\/wp-content\/uploads\/2022\/05\/18160200\/felipe-maya.jpg","contentUrl":"https:\/\/cardamomo.ams3.digitaloceanspaces.com\/wp-content\/uploads\/2022\/05\/18160200\/felipe-maya.jpg","width":600,"height":750,"caption":"Percusionista Felipe Maya"},{"@type":"BreadcrumbList","@id":"https:\/\/cardamomo.com\/de\/artist\/felipe-maya\/#breadcrumb","itemListElement":[{"@type":"ListItem","position":1,"name":"Cardamomo","item":"https:\/\/cardamomo.com\/de\/"},{"@type":"ListItem","position":2,"name":"Artists","item":"https:\/\/cardamomo.com\/de\/artist\/"},{"@type":"ListItem","position":3,"name":"Felipe Maya"}]},{"@type":"WebSite","@id":"https:\/\/cardamomo.com\/de\/#website","url":"https:\/\/cardamomo.com\/de\/","name":"Cardamomo Flamenco Madrid","description":"","potentialAction":[{"@type":"SearchAction","target":{"@type":"EntryPoint","urlTemplate":"https:\/\/cardamomo.com\/de\/?s={search_term_string}"},"query-input":{"@type":"PropertyValueSpecification","valueRequired":true,"valueName":"search_term_string"}}],"inLanguage":"de"}]}},"_links":{"self":[{"href":"https:\/\/cardamomo.com\/de\/wp-json\/wp\/v2\/artist\/98930","targetHints":{"allow":["GET"]}}],"collection":[{"href":"https:\/\/cardamomo.com\/de\/wp-json\/wp\/v2\/artist"}],"about":[{"href":"https:\/\/cardamomo.com\/de\/wp-json\/wp\/v2\/types\/artist"}],"wp:featuredmedia":[{"embeddable":true,"href":"https:\/\/cardamomo.com\/de\/wp-json\/wp\/v2\/media\/157208"}],"wp:attachment":[{"href":"https:\/\/cardamomo.com\/de\/wp-json\/wp\/v2\/media?parent=98930"}],"curies":[{"name":"wp","href":"https:\/\/api.w.org\/{rel}","templated":true}]}}

<p>Als David Jiménez und Laura Abadía ihn zum ersten Mal trafen, sahen sie in Felipe etwas, von dem er selbst nicht wusste, dass er es hatte: sein angeborenes Talent, wenn es ums Spielen ging. Im Alter von 15 Jahren spielte Laura ihm ins Ohr, damit er lernte, den Rhythmus zu halten. Später schloss sich Felipe der Kompanie des Tänzers Curro de Candela an und gemeinsam sind sie Teil von &#8222;Afrogitano&#8220;, einem Werk, das von universellen menschlichen Emotionen und Dialogen durch den Tanz spricht, ohne jemals die Kraft und Eleganz des Flamenco zu verlieren. Heute singt Felipe in Cardamomo mit den besten Künstlern, und er betont, dass es ein beeindruckendes Gefühl ist, die Bühne mit Farruquito&#8220; und Joselillo Romero&#8220; zu teilen, das sich nicht mit Worten beschreiben lässt. Für den Schlagzeuger ist es sehr wichtig, mit sich selbst im Reinen zu sein und dafür zu sorgen, dass seine Musik eine gute Verbindung mit den anderen Künstlern und dem anwesenden Publikum herstellt.</p>

<!-- This site is optimized with the Yoast SEO plugin v27.4 - https://yoast.com/product/yoast-seo-wordpress/ -->
<title>Felipe Maya - Cardamomo Flamenco Madrid</title>
<meta name="robots" content="index, follow, max-snippet:-1, max-image-preview:large, max-video-preview:-1" />
<link rel="canonical" href="/" />
<meta property="og:locale" content="de_DE" />
<meta property="og:type" content="article" />
<meta property="og:title" content="Felipe Maya - Cardamomo Flamenco Madrid" />
<meta property="og:description" content="Als David Jiménez und Laura Abadía ihn zum ersten Mal trafen, sahen sie in Felipe etwas, von dem er selbst nicht wusste, dass er es hatte: sein angeborenes Talent, wenn es ums Spielen ging. Im Alter von 15 Jahren spielte Laura ihm ins Ohr, damit er lernte, den Rhythmus zu halten. Später schloss sich Felipe..." />
<meta property="og:url" content="https://cardamomo.com/de/artist/felipe-maya/" />
<meta property="og:site_name" content="Cardamomo Flamenco Madrid" />
<meta property="article:modified_time" content="2025-03-18T16:02:17+00:00" />
<meta property="og:image" content="https://cardamomo.ams3.digitaloceanspaces.com/wp-content/uploads/2022/05/18160200/felipe-maya.jpg" />
	<meta property="og:image:width" content="600" />
	<meta property="og:image:height" content="750" />
	<meta property="og:image:type" content="image/jpeg" />
<meta name="twitter:card" content="summary_large_image" />
<meta name="twitter:label1" content="Geschätzte Lesezeit" />
	<meta name="twitter:data1" content="1 Minute" />
<script type="application/ld+json" class="yoast-schema-graph">{"@context":"https:\/\/schema.org","@graph":[{"@type":"WebPage","@id":"https:\/\/cardamomo.com\/de\/artist\/felipe-maya\/","url":"https:\/\/cardamomo.com\/de\/artist\/felipe-maya\/","name":"Felipe Maya - Cardamomo Flamenco Madrid","isPartOf":{"@id":"https:\/\/cardamomo.com\/de\/#website"},"primaryImageOfPage":{"@id":"https:\/\/cardamomo.com\/de\/artist\/felipe-maya\/#primaryimage"},"image":{"@id":"https:\/\/cardamomo.com\/es\/artist\/felipe-maya\/#primaryimage"},"thumbnailUrl":"https:\/\/cardamomo.ams3.digitaloceanspaces.com\/wp-content\/uploads\/2022\/05\/18160200\/felipe-maya.jpg","datePublished":"2022-05-03T17:54:46+00:00","dateModified":"2025-03-18T16:02:17+00:00","breadcrumb":{"@id":"https:\/\/cardamomo.com\/de\/artist\/felipe-maya\/#breadcrumb"},"inLanguage":"de","potentialAction":[{"@type":"ReadAction","target":[["https:\/\/cardamomo.com\/de\/artist\/felipe-maya\/"]]}]},{"@type":"ImageObject","inLanguage":"de","@id":"https:\/\/cardamomo.com\/de\/artist\/felipe-maya\/#primaryimage","url":"https:\/\/cardamomo.ams3.digitaloceanspaces.com\/wp-content\/uploads\/2022\/05\/18160200\/felipe-maya.jpg","contentUrl":"https:\/\/cardamomo.ams3.digitaloceanspaces.com\/wp-content\/uploads\/2022\/05\/18160200\/felipe-maya.jpg","width":600,"height":750,"caption":"Percusionista Felipe Maya"},{"@type":"BreadcrumbList","@id":"https:\/\/cardamomo.com\/de\/artist\/felipe-maya\/#breadcrumb","itemListElement":[{"@type":"ListItem","position":1,"name":"Cardamomo","item":"https:\/\/cardamomo.com\/de\/"},{"@type":"ListItem","position":2,"name":"Artists","item":"https:\/\/cardamomo.com\/de\/artist\/"},{"@type":"ListItem","position":3,"name":"Felipe Maya"}]},{"@type":"WebSite","@id":"https:\/\/cardamomo.com\/de\/#website","url":"https:\/\/cardamomo.com\/de\/","name":"Cardamomo Flamenco Madrid","description":"","potentialAction":[{"@type":"SearchAction","target":{"@type":"EntryPoint","urlTemplate":"https:\/\/cardamomo.com\/de\/?s={search_term_string}"},"query-input":{"@type":"PropertyValueSpecification","valueRequired":true,"valueName":"search_term_string"}}],"inLanguage":"de"}]}</script>
<!-- / Yoast SEO plugin. -->

Als David Jiménez und Laura Abadía ihn zum ersten Mal trafen, sahen sie in Felipe etwas, von dem er selbst nicht wusste, dass er es hatte: sein angeborenes Talent, wenn es ums Spielen ging. Im Alter von 15 Jahren spielte Laura ihm ins Ohr, damit er lernte, den Rhythmus zu halten. Später schloss sich Felipe...
