{"id":63058,"date":"2019-05-28T13:01:36","date_gmt":"2019-05-28T11:01:36","guid":{"rendered":"https:\/\/cardamomo.com\/es\/?post_type=artist&#038;p=63058"},"modified":"2025-03-19T12:42:12","modified_gmt":"2025-03-19T12:42:12","slug":"salome-ramirez","status":"publish","type":"artist","link":"https:\/\/cardamomo.com\/de\/artist\/salome-ramirez\/","title":{"rendered":"Salom\u00e9 Ram\u00edrez"},"content":{"rendered":"<p><\/p>\n<h4>Biografie<\/h4>\n<p>Salom\u00e9 Ram\u00edrez wurde 1990 in Jerez de la Frontera geboren. Im Alter von 4 Jahren begann sie mit Rafael Mu\u00f1oz zu tanzen und war Mitglied der Huella Jerezana (1994-1998), einer Gruppe vielversprechender junger Flamencot\u00e4nzerinnen.<\/p>\n<p>Im Alter von 8 Jahren setzte sie ihre Ausbildung an der Akademie von Manuela Carpio und Chiqui de Jerez fort. Sie erg\u00e4nzte diese Ausbildung durch regelm\u00e4\u00dfigen Unterricht bei gro\u00dfen Meistern der Flamenco-Kunst wie Farruquito, Antonio Canales, Alfonso Losa, Marco Flores und Manuel Li\u00f1\u00e1n.<\/p>\n<p>Im Jahr 2002, noch als Kind, begann sie in der Tablao El Lagar de T\u00edo Parrilla zu arbeiten. Von diesem Moment an begann Salom\u00e9 in verschiedenen Flamenco-Lokalen in Jerez zu tanzen, wie La Taberna Flamenca, Tablao del Bereber oder dem Tablao Puro Arte.<\/p>\n<p>Im Jahr 2007 nahm sie an den Viernes Flamencos de Jerez de la Frontera teil. Er kehrte 2014 zur\u00fcck.<\/p>\n<p>Im Jahr 2010 war er Teil des Ensembles Farruquito mit der Show &#8222;Soner\u00edas&#8220;.<\/p>\n<p>Seit 2012 ist sie Teil der regul\u00e4ren Flamenco-Gruppe des Tablao del Carmen in Barcelona.\u00a0 Sie ist auch in Flamenco-Tablaos in Sevilla aufgetreten, wie El Museo del Flamenco de Cristina Hoyos, El Arenal und Los Gallos.<\/p>\n<p>Im Jahr 2014 unternahm er seine erste Tournee durch Japan, die er bis heute j\u00e4hrlich wiederholt und in verschiedenen St\u00e4dten wie Tokio, Osaka, Sendai und Nagoya auftritt und unterrichtet.<\/p>\n<p>Im Jahr 2015 nahm er mit der Show &#8222;De Lebrija a Jerez&#8220; an der Seite der Cantaora Anabel Valencia am Flamenco-Festival in Lyon teil.<\/p>\n<p>Im Jahr 2016 gewann sie den zweiten Preis beim Flamenco-Tanzwettbewerb im Tablao Las Carboneras in Madrid.<\/p>\n<p>Im Jahr 2017 nahm sie am World Music Festival in Kopenhagen, D\u00e4nemark, teil.<\/p>\n<p>Im Jahr 2018 schloss er sich der Compa\u00f1\u00eda C\u00eda an, unter der Leitung von Eduardo Guerrero. Sie tourten durch einen gro\u00dfen Teil der Vereinigten Staaten, wo sie die Show &#8222;Gaditana&#8220; auff\u00fchrten.<\/p>\n<p>Derzeit lebt sie in Madrid und tritt in renommierten Tablaos wie <a href=\"https:\/\/cardamomo.com\/es\/\">Cardamomo<\/a> auf.<\/p>\n<p>&nbsp;<\/p>","protected":false},"featured_media":157217,"template":"","meta":{"_acf_changed":false,"inline_featured_image":false},"class_list":["post-63058","artist","type-artist","status-publish","has-post-thumbnail","hentry"],"acf":[],"yoast_head":"<!-- This site is optimized with the Yoast SEO plugin v27.4 - https:\/\/yoast.com\/product\/yoast-seo-wordpress\/ -->\n<title>Salom\u00e9 Ram\u00edrez bailaora cardamomo tablao flamenco<\/title>\n<meta name=\"robots\" content=\"index, follow, max-snippet:-1, max-image-preview:large, max-video-preview:-1\" \/>\n<link rel=\"canonical\" href=\"\/\" \/>\n<meta property=\"og:locale\" content=\"de_DE\" \/>\n<meta property=\"og:type\" content=\"article\" \/>\n<meta property=\"og:title\" content=\"Salom\u00e9 Ram\u00edrez bailaora cardamomo tablao flamenco\" \/>\n<meta property=\"og:description\" content=\"Biografie Salom\u00e9 Ram\u00edrez wurde 1990 in Jerez de la Frontera geboren. Im Alter von 4 Jahren begann sie mit Rafael Mu\u00f1oz zu tanzen und war Mitglied der Huella Jerezana (1994-1998), einer Gruppe vielversprechender junger Flamencot\u00e4nzerinnen. Im Alter von 8 Jahren setzte sie ihre Ausbildung an der Akademie von Manuela Carpio und Chiqui de Jerez fort....\" \/>\n<meta property=\"og:url\" content=\"https:\/\/cardamomo.com\/de\/artist\/salome-ramirez\/\" \/>\n<meta property=\"og:site_name\" content=\"Cardamomo Flamenco Madrid\" \/>\n<meta property=\"article:modified_time\" content=\"2025-03-19T12:42:12+00:00\" \/>\n<meta property=\"og:image\" content=\"https:\/\/cardamomo.ams3.digitaloceanspaces.com\/wp-content\/uploads\/2019\/05\/19124156\/salome-ramirez.jpg\" \/>\n\t<meta property=\"og:image:width\" content=\"600\" \/>\n\t<meta property=\"og:image:height\" content=\"750\" \/>\n\t<meta property=\"og:image:type\" content=\"image\/jpeg\" \/>\n<meta name=\"twitter:card\" content=\"summary_large_image\" \/>\n<meta name=\"twitter:label1\" content=\"Gesch\u00e4tzte Lesezeit\" \/>\n\t<meta name=\"twitter:data1\" content=\"2\u00a0Minuten\" \/>\n<script type=\"application\/ld+json\" class=\"yoast-schema-graph\">{\"@context\":\"https:\\\/\\\/schema.org\",\"@graph\":[{\"@type\":\"WebPage\",\"@id\":\"https:\\\/\\\/cardamomo.com\\\/de\\\/artist\\\/salome-ramirez\\\/\",\"url\":\"https:\\\/\\\/cardamomo.com\\\/de\\\/artist\\\/salome-ramirez\\\/\",\"name\":\"Salom\u00e9 Ram\u00edrez bailaora cardamomo tablao flamenco\",\"isPartOf\":{\"@id\":\"https:\\\/\\\/cardamomo.com\\\/de\\\/#website\"},\"primaryImageOfPage\":{\"@id\":\"https:\\\/\\\/cardamomo.com\\\/de\\\/artist\\\/salome-ramirez\\\/#primaryimage\"},\"image\":{\"@id\":\"https:\\\/\\\/cardamomo.com\\\/es\\\/artist\\\/salome-ramirez\\\/#primaryimage\"},\"thumbnailUrl\":\"https:\\\/\\\/cardamomo.ams3.digitaloceanspaces.com\\\/wp-content\\\/uploads\\\/2019\\\/05\\\/19124156\\\/salome-ramirez.jpg\",\"datePublished\":\"2019-05-28T11:01:36+00:00\",\"dateModified\":\"2025-03-19T12:42:12+00:00\",\"breadcrumb\":{\"@id\":\"https:\\\/\\\/cardamomo.com\\\/de\\\/artist\\\/salome-ramirez\\\/#breadcrumb\"},\"inLanguage\":\"de\",\"potentialAction\":[{\"@type\":\"ReadAction\",\"target\":[[\"https:\\\/\\\/cardamomo.com\\\/de\\\/artist\\\/salome-ramirez\\\/\"]]}]},{\"@type\":\"ImageObject\",\"inLanguage\":\"de\",\"@id\":\"https:\\\/\\\/cardamomo.com\\\/de\\\/artist\\\/salome-ramirez\\\/#primaryimage\",\"url\":\"https:\\\/\\\/cardamomo.ams3.digitaloceanspaces.com\\\/wp-content\\\/uploads\\\/2019\\\/05\\\/19124156\\\/salome-ramirez.jpg\",\"contentUrl\":\"https:\\\/\\\/cardamomo.ams3.digitaloceanspaces.com\\\/wp-content\\\/uploads\\\/2019\\\/05\\\/19124156\\\/salome-ramirez.jpg\",\"width\":600,\"height\":750,\"caption\":\"Bailaora Salom\u00e9 Ram\u00edrez\"},{\"@type\":\"BreadcrumbList\",\"@id\":\"https:\\\/\\\/cardamomo.com\\\/de\\\/artist\\\/salome-ramirez\\\/#breadcrumb\",\"itemListElement\":[{\"@type\":\"ListItem\",\"position\":1,\"name\":\"Cardamomo\",\"item\":\"https:\\\/\\\/cardamomo.com\\\/de\\\/\"},{\"@type\":\"ListItem\",\"position\":2,\"name\":\"Artists\",\"item\":\"https:\\\/\\\/cardamomo.com\\\/de\\\/artist\\\/\"},{\"@type\":\"ListItem\",\"position\":3,\"name\":\"Salom\u00e9 Ram\u00edrez\"}]},{\"@type\":\"WebSite\",\"@id\":\"https:\\\/\\\/cardamomo.com\\\/de\\\/#website\",\"url\":\"https:\\\/\\\/cardamomo.com\\\/de\\\/\",\"name\":\"Cardamomo Flamenco Madrid\",\"description\":\"\",\"potentialAction\":[{\"@type\":\"SearchAction\",\"target\":{\"@type\":\"EntryPoint\",\"urlTemplate\":\"https:\\\/\\\/cardamomo.com\\\/de\\\/?s={search_term_string}\"},\"query-input\":{\"@type\":\"PropertyValueSpecification\",\"valueRequired\":true,\"valueName\":\"search_term_string\"}}],\"inLanguage\":\"de\"}]}<\/script>\n<!-- \/ Yoast SEO plugin. -->","yoast_head_json":{"title":"Salom\u00e9 Ram\u00edrez bailaora cardamomo tablao flamenco","robots":{"index":"index","follow":"follow","max-snippet":"max-snippet:-1","max-image-preview":"max-image-preview:large","max-video-preview":"max-video-preview:-1"},"canonical":"\/","og_locale":"de_DE","og_type":"article","og_title":"Salom\u00e9 Ram\u00edrez bailaora cardamomo tablao flamenco","og_description":"Biografie Salom\u00e9 Ram\u00edrez wurde 1990 in Jerez de la Frontera geboren. Im Alter von 4 Jahren begann sie mit Rafael Mu\u00f1oz zu tanzen und war Mitglied der Huella Jerezana (1994-1998), einer Gruppe vielversprechender junger Flamencot\u00e4nzerinnen. Im Alter von 8 Jahren setzte sie ihre Ausbildung an der Akademie von Manuela Carpio und Chiqui de Jerez fort....","og_url":"https:\/\/cardamomo.com\/de\/artist\/salome-ramirez\/","og_site_name":"Cardamomo Flamenco Madrid","article_modified_time":"2025-03-19T12:42:12+00:00","og_image":[{"width":600,"height":750,"url":"https:\/\/cardamomo.ams3.digitaloceanspaces.com\/wp-content\/uploads\/2019\/05\/19124156\/salome-ramirez.jpg","type":"image\/jpeg"}],"twitter_card":"summary_large_image","twitter_misc":{"Gesch\u00e4tzte Lesezeit":"2\u00a0Minuten"},"schema":{"@context":"https:\/\/schema.org","@graph":[{"@type":"WebPage","@id":"https:\/\/cardamomo.com\/de\/artist\/salome-ramirez\/","url":"https:\/\/cardamomo.com\/de\/artist\/salome-ramirez\/","name":"Salom\u00e9 Ram\u00edrez bailaora cardamomo tablao flamenco","isPartOf":{"@id":"https:\/\/cardamomo.com\/de\/#website"},"primaryImageOfPage":{"@id":"https:\/\/cardamomo.com\/de\/artist\/salome-ramirez\/#primaryimage"},"image":{"@id":"https:\/\/cardamomo.com\/es\/artist\/salome-ramirez\/#primaryimage"},"thumbnailUrl":"https:\/\/cardamomo.ams3.digitaloceanspaces.com\/wp-content\/uploads\/2019\/05\/19124156\/salome-ramirez.jpg","datePublished":"2019-05-28T11:01:36+00:00","dateModified":"2025-03-19T12:42:12+00:00","breadcrumb":{"@id":"https:\/\/cardamomo.com\/de\/artist\/salome-ramirez\/#breadcrumb"},"inLanguage":"de","potentialAction":[{"@type":"ReadAction","target":[["https:\/\/cardamomo.com\/de\/artist\/salome-ramirez\/"]]}]},{"@type":"ImageObject","inLanguage":"de","@id":"https:\/\/cardamomo.com\/de\/artist\/salome-ramirez\/#primaryimage","url":"https:\/\/cardamomo.ams3.digitaloceanspaces.com\/wp-content\/uploads\/2019\/05\/19124156\/salome-ramirez.jpg","contentUrl":"https:\/\/cardamomo.ams3.digitaloceanspaces.com\/wp-content\/uploads\/2019\/05\/19124156\/salome-ramirez.jpg","width":600,"height":750,"caption":"Bailaora Salom\u00e9 Ram\u00edrez"},{"@type":"BreadcrumbList","@id":"https:\/\/cardamomo.com\/de\/artist\/salome-ramirez\/#breadcrumb","itemListElement":[{"@type":"ListItem","position":1,"name":"Cardamomo","item":"https:\/\/cardamomo.com\/de\/"},{"@type":"ListItem","position":2,"name":"Artists","item":"https:\/\/cardamomo.com\/de\/artist\/"},{"@type":"ListItem","position":3,"name":"Salom\u00e9 Ram\u00edrez"}]},{"@type":"WebSite","@id":"https:\/\/cardamomo.com\/de\/#website","url":"https:\/\/cardamomo.com\/de\/","name":"Cardamomo Flamenco Madrid","description":"","potentialAction":[{"@type":"SearchAction","target":{"@type":"EntryPoint","urlTemplate":"https:\/\/cardamomo.com\/de\/?s={search_term_string}"},"query-input":{"@type":"PropertyValueSpecification","valueRequired":true,"valueName":"search_term_string"}}],"inLanguage":"de"}]}},"_links":{"self":[{"href":"https:\/\/cardamomo.com\/de\/wp-json\/wp\/v2\/artist\/63058","targetHints":{"allow":["GET"]}}],"collection":[{"href":"https:\/\/cardamomo.com\/de\/wp-json\/wp\/v2\/artist"}],"about":[{"href":"https:\/\/cardamomo.com\/de\/wp-json\/wp\/v2\/types\/artist"}],"wp:featuredmedia":[{"embeddable":true,"href":"https:\/\/cardamomo.com\/de\/wp-json\/wp\/v2\/media\/157217"}],"wp:attachment":[{"href":"https:\/\/cardamomo.com\/de\/wp-json\/wp\/v2\/media?parent=63058"}],"curies":[{"name":"wp","href":"https:\/\/api.w.org\/{rel}","templated":true}]}}

Salomé Ramírez

<p></p>
<h4>Biografie</h4>
<p>Salomé Ramírez wurde 1990 in Jerez de la Frontera geboren. Im Alter von 4 Jahren begann sie mit Rafael Muñoz zu tanzen und war Mitglied der Huella Jerezana (1994-1998), einer Gruppe vielversprechender junger Flamencotänzerinnen.</p>
<p>Im Alter von 8 Jahren setzte sie ihre Ausbildung an der Akademie von Manuela Carpio und Chiqui de Jerez fort. Sie ergänzte diese Ausbildung durch regelmäßigen Unterricht bei großen Meistern der Flamenco-Kunst wie Farruquito, Antonio Canales, Alfonso Losa, Marco Flores und Manuel Liñán.</p>
<p>Im Jahr 2002, noch als Kind, begann sie in der Tablao El Lagar de Tío Parrilla zu arbeiten. Von diesem Moment an begann Salomé in verschiedenen Flamenco-Lokalen in Jerez zu tanzen, wie La Taberna Flamenca, Tablao del Bereber oder dem Tablao Puro Arte.</p>
<p>Im Jahr 2007 nahm sie an den Viernes Flamencos de Jerez de la Frontera teil. Er kehrte 2014 zurück.</p>
<p>Im Jahr 2010 war er Teil des Ensembles Farruquito mit der Show &#8222;Sonerías&#8220;.</p>
<p>Seit 2012 ist sie Teil der regulären Flamenco-Gruppe des Tablao del Carmen in Barcelona.  Sie ist auch in Flamenco-Tablaos in Sevilla aufgetreten, wie El Museo del Flamenco de Cristina Hoyos, El Arenal und Los Gallos.</p>
<p>Im Jahr 2014 unternahm er seine erste Tournee durch Japan, die er bis heute jährlich wiederholt und in verschiedenen Städten wie Tokio, Osaka, Sendai und Nagoya auftritt und unterrichtet.</p>
<p>Im Jahr 2015 nahm er mit der Show &#8222;De Lebrija a Jerez&#8220; an der Seite der Cantaora Anabel Valencia am Flamenco-Festival in Lyon teil.</p>
<p>Im Jahr 2016 gewann sie den zweiten Preis beim Flamenco-Tanzwettbewerb im Tablao Las Carboneras in Madrid.</p>
<p>Im Jahr 2017 nahm sie am World Music Festival in Kopenhagen, Dänemark, teil.</p>
<p>Im Jahr 2018 schloss er sich der Compañía Cía an, unter der Leitung von Eduardo Guerrero. Sie tourten durch einen großen Teil der Vereinigten Staaten, wo sie die Show &#8222;Gaditana&#8220; aufführten.</p>
<p>Derzeit lebt sie in Madrid und tritt in renommierten Tablaos wie <a href="https://cardamomo.com/es/">Cardamomo</a> auf.</p>
<p>&nbsp;</p>

<!-- This site is optimized with the Yoast SEO plugin v27.4 - https://yoast.com/product/yoast-seo-wordpress/ -->
<title>Salomé Ramírez bailaora cardamomo tablao flamenco</title>
<meta name="robots" content="index, follow, max-snippet:-1, max-image-preview:large, max-video-preview:-1" />
<link rel="canonical" href="/" />
<meta property="og:locale" content="de_DE" />
<meta property="og:type" content="article" />
<meta property="og:title" content="Salomé Ramírez bailaora cardamomo tablao flamenco" />
<meta property="og:description" content="Biografie Salomé Ramírez wurde 1990 in Jerez de la Frontera geboren. Im Alter von 4 Jahren begann sie mit Rafael Muñoz zu tanzen und war Mitglied der Huella Jerezana (1994-1998), einer Gruppe vielversprechender junger Flamencotänzerinnen. Im Alter von 8 Jahren setzte sie ihre Ausbildung an der Akademie von Manuela Carpio und Chiqui de Jerez fort...." />
<meta property="og:url" content="https://cardamomo.com/de/artist/salome-ramirez/" />
<meta property="og:site_name" content="Cardamomo Flamenco Madrid" />
<meta property="article:modified_time" content="2025-03-19T12:42:12+00:00" />
<meta property="og:image" content="https://cardamomo.ams3.digitaloceanspaces.com/wp-content/uploads/2019/05/19124156/salome-ramirez.jpg" />
	<meta property="og:image:width" content="600" />
	<meta property="og:image:height" content="750" />
	<meta property="og:image:type" content="image/jpeg" />
<meta name="twitter:card" content="summary_large_image" />
<meta name="twitter:label1" content="Geschätzte Lesezeit" />
	<meta name="twitter:data1" content="2 Minuten" />
<script type="application/ld+json" class="yoast-schema-graph">{"@context":"https:\/\/schema.org","@graph":[{"@type":"WebPage","@id":"https:\/\/cardamomo.com\/de\/artist\/salome-ramirez\/","url":"https:\/\/cardamomo.com\/de\/artist\/salome-ramirez\/","name":"Salomé Ramírez bailaora cardamomo tablao flamenco","isPartOf":{"@id":"https:\/\/cardamomo.com\/de\/#website"},"primaryImageOfPage":{"@id":"https:\/\/cardamomo.com\/de\/artist\/salome-ramirez\/#primaryimage"},"image":{"@id":"https:\/\/cardamomo.com\/es\/artist\/salome-ramirez\/#primaryimage"},"thumbnailUrl":"https:\/\/cardamomo.ams3.digitaloceanspaces.com\/wp-content\/uploads\/2019\/05\/19124156\/salome-ramirez.jpg","datePublished":"2019-05-28T11:01:36+00:00","dateModified":"2025-03-19T12:42:12+00:00","breadcrumb":{"@id":"https:\/\/cardamomo.com\/de\/artist\/salome-ramirez\/#breadcrumb"},"inLanguage":"de","potentialAction":[{"@type":"ReadAction","target":[["https:\/\/cardamomo.com\/de\/artist\/salome-ramirez\/"]]}]},{"@type":"ImageObject","inLanguage":"de","@id":"https:\/\/cardamomo.com\/de\/artist\/salome-ramirez\/#primaryimage","url":"https:\/\/cardamomo.ams3.digitaloceanspaces.com\/wp-content\/uploads\/2019\/05\/19124156\/salome-ramirez.jpg","contentUrl":"https:\/\/cardamomo.ams3.digitaloceanspaces.com\/wp-content\/uploads\/2019\/05\/19124156\/salome-ramirez.jpg","width":600,"height":750,"caption":"Bailaora Salomé Ramírez"},{"@type":"BreadcrumbList","@id":"https:\/\/cardamomo.com\/de\/artist\/salome-ramirez\/#breadcrumb","itemListElement":[{"@type":"ListItem","position":1,"name":"Cardamomo","item":"https:\/\/cardamomo.com\/de\/"},{"@type":"ListItem","position":2,"name":"Artists","item":"https:\/\/cardamomo.com\/de\/artist\/"},{"@type":"ListItem","position":3,"name":"Salomé Ramírez"}]},{"@type":"WebSite","@id":"https:\/\/cardamomo.com\/de\/#website","url":"https:\/\/cardamomo.com\/de\/","name":"Cardamomo Flamenco Madrid","description":"","potentialAction":[{"@type":"SearchAction","target":{"@type":"EntryPoint","urlTemplate":"https:\/\/cardamomo.com\/de\/?s={search_term_string}"},"query-input":{"@type":"PropertyValueSpecification","valueRequired":true,"valueName":"search_term_string"}}],"inLanguage":"de"}]}</script>
<!-- / Yoast SEO plugin. -->

Salomé Ramírez bailaora cardamomo tablao flamenco

Biografie Salomé Ramírez wurde 1990 in Jerez de la Frontera geboren. Im Alter von 4 Jahren begann sie mit Rafael Muñoz zu tanzen und war Mitglied der Huella Jerezana (1994-1998), einer Gruppe vielversprechender junger Flamencotänzerinnen. Im Alter von 8 Jahren setzte sie ihre Ausbildung an der Akademie von Manuela Carpio und Chiqui de Jerez fort....

Bailaora Salomé Ramírez
