{"id":52692,"date":"2018-10-18T20:26:13","date_gmt":"2018-10-18T18:26:13","guid":{"rendered":"https:\/\/cardamomo.com\/es\/?post_type=artist&#038;p=52692"},"modified":"2025-03-19T13:01:24","modified_gmt":"2025-03-19T13:01:24","slug":"saul-quiros-madrid","status":"publish","type":"artist","link":"https:\/\/cardamomo.com\/de\/artist\/saul-quiros\/","title":{"rendered":"Sa\u00fal Quir\u00f3s"},"content":{"rendered":"<p><\/p>\n<h4>Biografie<\/h4>\n<p>Als Sohn von Adolfo &#8222;El Segoviano&#8220;, mit dem er bereits im Alter von 5 Jahren begann, seine Auftritte zu begleiten, hatte Sa\u00fal Quir\u00f3s von Geburt an ein angeborenes Talent f\u00fcr den Gesang. Im Alter von 9 Jahren gab er sein Deb\u00fct als Backgrounds\u00e4nger f\u00fcr Joan Manuel Serrat und hat seitdem mit einigen der gr\u00f6\u00dften Namen des Flamenco zusammengearbeitet.<\/p>\n<p>Sein Arbeitsrepertoire umfasst Beitr\u00e4ge in den Flamenco-Kompanien von Merche Esmeralda, Crist\u00f3bal Reyes, Manolete und G\u00fcito. Nach seiner Teilnahme am Flamenco-Gipfel 1999 schloss er sich dem Ensemble von Sara Baras an, mit der er Texte f\u00fcr Werke wie &#8222;Sue\u00f1os&#8220;, &#8222;Sabores&#8220;, &#8222;Juana la Loca&#8220; und &#8222;Carmen&#8220; schrieb.<\/p>\n<p>Er war auch als Kantor in den Ensembles der Bailaores Joaqu\u00edn Cort\u00e9s und Antonio Canales aktiv und trat sowohl national als auch international auf. Gro\u00dfe Bekanntheit erlangte er auch nach der Premiere des Films &#8222;Ismael&#8220; mit Bel\u00e9n Rueda und Mario Casas in den Hauptrollen, wo er die Stimme f\u00fcr den Titelsong des Soundtracks, &#8222;Te Extra\u00f1o&#8220;, lieferte.<\/p>\n<p>Er arbeitet unter anderem mit Flamenco-Meistern wie Camar\u00f3n de la Isla, Jos\u00e9 Merc\u00e9, Tomatito, Duquende, Diego el Cigala, Ni\u00f1a Pastori und vielen anderen zusammen. Zu seinen internationalen Auftritten z\u00e4hlen weltber\u00fchmte Theater wie:<\/p>\n<p>Royal Albert Hall (London)<br \/>\nChamps Elysees (Paris)<br \/>\nBunka Kaikan (Tokio)<br \/>\nOpernhaus von Sydney (Australien)<br \/>\nTeatro Real (Madrid)<br \/>\nMaestranza (Sevilla)<br \/>\nLiceo (Barcelona)<\/p>\n<p>Er hat mit dem Produzenten Javier Lim\u00f3n zusammengearbeitet und an Tomatitos Album &#8222;Soy Flamenco&#8220; mitgewirkt, das von Paco de Luc\u00eda selbst produziert wurde. Derzeit arbeitet er an seinem neuen Projekt, seinem ersten Album, das am 28. September in Zusammenarbeit mit Miguel Poveda und unter dem Dach von Universal Music ver\u00f6ffentlicht wird. Eine Gelegenheit, ihn in der magischen Atmosph\u00e4re von Cardamomo zu sehen, die man sich nicht entgehen lassen sollte.<\/p>","protected":false},"featured_media":157225,"template":"","meta":{"_acf_changed":false,"inline_featured_image":false},"class_list":["post-52692","artist","type-artist","status-publish","has-post-thumbnail","hentry"],"acf":[],"yoast_head":"<!-- This site is optimized with the Yoast SEO plugin v27.4 - https:\/\/yoast.com\/product\/yoast-seo-wordpress\/ -->\n<title>Sa\u00fal Quir\u00f3s - Cardamomo Flamenco Madrid<\/title>\n<meta name=\"robots\" content=\"index, follow, max-snippet:-1, max-image-preview:large, max-video-preview:-1\" \/>\n<link rel=\"canonical\" href=\"\/\" \/>\n<meta property=\"og:locale\" content=\"de_DE\" \/>\n<meta property=\"og:type\" content=\"article\" \/>\n<meta property=\"og:title\" content=\"Sa\u00fal Quir\u00f3s - Cardamomo Flamenco Madrid\" \/>\n<meta property=\"og:description\" content=\"Biografie Als Sohn von Adolfo &#8222;El Segoviano&#8220;, mit dem er bereits im Alter von 5 Jahren begann, seine Auftritte zu begleiten, hatte Sa\u00fal Quir\u00f3s von Geburt an ein angeborenes Talent f\u00fcr den Gesang. Im Alter von 9 Jahren gab er sein Deb\u00fct als Backgrounds\u00e4nger f\u00fcr Joan Manuel Serrat und hat seitdem mit einigen der gr\u00f6\u00dften...\" \/>\n<meta property=\"og:url\" content=\"https:\/\/cardamomo.com\/de\/artist\/saul-quiros\/\" \/>\n<meta property=\"og:site_name\" content=\"Cardamomo Flamenco Madrid\" \/>\n<meta property=\"article:modified_time\" content=\"2025-03-19T13:01:24+00:00\" \/>\n<meta property=\"og:image\" content=\"https:\/\/cardamomo.ams3.digitaloceanspaces.com\/wp-content\/uploads\/2018\/10\/19130104\/saul-quiros.jpg\" \/>\n\t<meta property=\"og:image:width\" content=\"600\" \/>\n\t<meta property=\"og:image:height\" content=\"750\" \/>\n\t<meta property=\"og:image:type\" content=\"image\/jpeg\" \/>\n<meta name=\"twitter:card\" content=\"summary_large_image\" \/>\n<meta name=\"twitter:label1\" content=\"Gesch\u00e4tzte Lesezeit\" \/>\n\t<meta name=\"twitter:data1\" content=\"2\u00a0Minuten\" \/>\n<script type=\"application\/ld+json\" class=\"yoast-schema-graph\">{\"@context\":\"https:\\\/\\\/schema.org\",\"@graph\":[{\"@type\":\"WebPage\",\"@id\":\"https:\\\/\\\/cardamomo.com\\\/de\\\/artist\\\/saul-quiros\\\/\",\"url\":\"https:\\\/\\\/cardamomo.com\\\/de\\\/artist\\\/saul-quiros\\\/\",\"name\":\"Sa\u00fal Quir\u00f3s - Cardamomo Flamenco Madrid\",\"isPartOf\":{\"@id\":\"https:\\\/\\\/cardamomo.com\\\/de\\\/#website\"},\"primaryImageOfPage\":{\"@id\":\"https:\\\/\\\/cardamomo.com\\\/de\\\/artist\\\/saul-quiros\\\/#primaryimage\"},\"image\":{\"@id\":\"https:\\\/\\\/cardamomo.com\\\/es\\\/artist\\\/saul-quiros\\\/#primaryimage\"},\"thumbnailUrl\":\"https:\\\/\\\/cardamomo.ams3.digitaloceanspaces.com\\\/wp-content\\\/uploads\\\/2018\\\/10\\\/19130104\\\/saul-quiros.jpg\",\"datePublished\":\"2018-10-18T18:26:13+00:00\",\"dateModified\":\"2025-03-19T13:01:24+00:00\",\"breadcrumb\":{\"@id\":\"https:\\\/\\\/cardamomo.com\\\/de\\\/artist\\\/saul-quiros\\\/#breadcrumb\"},\"inLanguage\":\"de\",\"potentialAction\":[{\"@type\":\"ReadAction\",\"target\":[[\"https:\\\/\\\/cardamomo.com\\\/de\\\/artist\\\/saul-quiros\\\/\"]]}]},{\"@type\":\"ImageObject\",\"inLanguage\":\"de\",\"@id\":\"https:\\\/\\\/cardamomo.com\\\/de\\\/artist\\\/saul-quiros\\\/#primaryimage\",\"url\":\"https:\\\/\\\/cardamomo.ams3.digitaloceanspaces.com\\\/wp-content\\\/uploads\\\/2018\\\/10\\\/19130104\\\/saul-quiros.jpg\",\"contentUrl\":\"https:\\\/\\\/cardamomo.ams3.digitaloceanspaces.com\\\/wp-content\\\/uploads\\\/2018\\\/10\\\/19130104\\\/saul-quiros.jpg\",\"width\":600,\"height\":750,\"caption\":\"Cantaor Sa\u00fal Quir\u00f3s\"},{\"@type\":\"BreadcrumbList\",\"@id\":\"https:\\\/\\\/cardamomo.com\\\/de\\\/artist\\\/saul-quiros\\\/#breadcrumb\",\"itemListElement\":[{\"@type\":\"ListItem\",\"position\":1,\"name\":\"Cardamomo\",\"item\":\"https:\\\/\\\/cardamomo.com\\\/de\\\/\"},{\"@type\":\"ListItem\",\"position\":2,\"name\":\"Artists\",\"item\":\"https:\\\/\\\/cardamomo.com\\\/de\\\/artist\\\/\"},{\"@type\":\"ListItem\",\"position\":3,\"name\":\"Sa\u00fal Quir\u00f3s\"}]},{\"@type\":\"WebSite\",\"@id\":\"https:\\\/\\\/cardamomo.com\\\/de\\\/#website\",\"url\":\"https:\\\/\\\/cardamomo.com\\\/de\\\/\",\"name\":\"Cardamomo Flamenco Madrid\",\"description\":\"\",\"potentialAction\":[{\"@type\":\"SearchAction\",\"target\":{\"@type\":\"EntryPoint\",\"urlTemplate\":\"https:\\\/\\\/cardamomo.com\\\/de\\\/?s={search_term_string}\"},\"query-input\":{\"@type\":\"PropertyValueSpecification\",\"valueRequired\":true,\"valueName\":\"search_term_string\"}}],\"inLanguage\":\"de\"}]}<\/script>\n<!-- \/ Yoast SEO plugin. -->","yoast_head_json":{"title":"Sa\u00fal Quir\u00f3s - Cardamomo Flamenco Madrid","robots":{"index":"index","follow":"follow","max-snippet":"max-snippet:-1","max-image-preview":"max-image-preview:large","max-video-preview":"max-video-preview:-1"},"canonical":"\/","og_locale":"de_DE","og_type":"article","og_title":"Sa\u00fal Quir\u00f3s - Cardamomo Flamenco Madrid","og_description":"Biografie Als Sohn von Adolfo &#8222;El Segoviano&#8220;, mit dem er bereits im Alter von 5 Jahren begann, seine Auftritte zu begleiten, hatte Sa\u00fal Quir\u00f3s von Geburt an ein angeborenes Talent f\u00fcr den Gesang. Im Alter von 9 Jahren gab er sein Deb\u00fct als Backgrounds\u00e4nger f\u00fcr Joan Manuel Serrat und hat seitdem mit einigen der gr\u00f6\u00dften...","og_url":"https:\/\/cardamomo.com\/de\/artist\/saul-quiros\/","og_site_name":"Cardamomo Flamenco Madrid","article_modified_time":"2025-03-19T13:01:24+00:00","og_image":[{"width":600,"height":750,"url":"https:\/\/cardamomo.ams3.digitaloceanspaces.com\/wp-content\/uploads\/2018\/10\/19130104\/saul-quiros.jpg","type":"image\/jpeg"}],"twitter_card":"summary_large_image","twitter_misc":{"Gesch\u00e4tzte Lesezeit":"2\u00a0Minuten"},"schema":{"@context":"https:\/\/schema.org","@graph":[{"@type":"WebPage","@id":"https:\/\/cardamomo.com\/de\/artist\/saul-quiros\/","url":"https:\/\/cardamomo.com\/de\/artist\/saul-quiros\/","name":"Sa\u00fal Quir\u00f3s - Cardamomo Flamenco Madrid","isPartOf":{"@id":"https:\/\/cardamomo.com\/de\/#website"},"primaryImageOfPage":{"@id":"https:\/\/cardamomo.com\/de\/artist\/saul-quiros\/#primaryimage"},"image":{"@id":"https:\/\/cardamomo.com\/es\/artist\/saul-quiros\/#primaryimage"},"thumbnailUrl":"https:\/\/cardamomo.ams3.digitaloceanspaces.com\/wp-content\/uploads\/2018\/10\/19130104\/saul-quiros.jpg","datePublished":"2018-10-18T18:26:13+00:00","dateModified":"2025-03-19T13:01:24+00:00","breadcrumb":{"@id":"https:\/\/cardamomo.com\/de\/artist\/saul-quiros\/#breadcrumb"},"inLanguage":"de","potentialAction":[{"@type":"ReadAction","target":[["https:\/\/cardamomo.com\/de\/artist\/saul-quiros\/"]]}]},{"@type":"ImageObject","inLanguage":"de","@id":"https:\/\/cardamomo.com\/de\/artist\/saul-quiros\/#primaryimage","url":"https:\/\/cardamomo.ams3.digitaloceanspaces.com\/wp-content\/uploads\/2018\/10\/19130104\/saul-quiros.jpg","contentUrl":"https:\/\/cardamomo.ams3.digitaloceanspaces.com\/wp-content\/uploads\/2018\/10\/19130104\/saul-quiros.jpg","width":600,"height":750,"caption":"Cantaor Sa\u00fal Quir\u00f3s"},{"@type":"BreadcrumbList","@id":"https:\/\/cardamomo.com\/de\/artist\/saul-quiros\/#breadcrumb","itemListElement":[{"@type":"ListItem","position":1,"name":"Cardamomo","item":"https:\/\/cardamomo.com\/de\/"},{"@type":"ListItem","position":2,"name":"Artists","item":"https:\/\/cardamomo.com\/de\/artist\/"},{"@type":"ListItem","position":3,"name":"Sa\u00fal Quir\u00f3s"}]},{"@type":"WebSite","@id":"https:\/\/cardamomo.com\/de\/#website","url":"https:\/\/cardamomo.com\/de\/","name":"Cardamomo Flamenco Madrid","description":"","potentialAction":[{"@type":"SearchAction","target":{"@type":"EntryPoint","urlTemplate":"https:\/\/cardamomo.com\/de\/?s={search_term_string}"},"query-input":{"@type":"PropertyValueSpecification","valueRequired":true,"valueName":"search_term_string"}}],"inLanguage":"de"}]}},"_links":{"self":[{"href":"https:\/\/cardamomo.com\/de\/wp-json\/wp\/v2\/artist\/52692","targetHints":{"allow":["GET"]}}],"collection":[{"href":"https:\/\/cardamomo.com\/de\/wp-json\/wp\/v2\/artist"}],"about":[{"href":"https:\/\/cardamomo.com\/de\/wp-json\/wp\/v2\/types\/artist"}],"wp:featuredmedia":[{"embeddable":true,"href":"https:\/\/cardamomo.com\/de\/wp-json\/wp\/v2\/media\/157225"}],"wp:attachment":[{"href":"https:\/\/cardamomo.com\/de\/wp-json\/wp\/v2\/media?parent=52692"}],"curies":[{"name":"wp","href":"https:\/\/api.w.org\/{rel}","templated":true}]}}

Saúl Quirós

<p></p>
<h4>Biografie</h4>
<p>Als Sohn von Adolfo &#8222;El Segoviano&#8220;, mit dem er bereits im Alter von 5 Jahren begann, seine Auftritte zu begleiten, hatte Saúl Quirós von Geburt an ein angeborenes Talent für den Gesang. Im Alter von 9 Jahren gab er sein Debüt als Backgroundsänger für Joan Manuel Serrat und hat seitdem mit einigen der größten Namen des Flamenco zusammengearbeitet.</p>
<p>Sein Arbeitsrepertoire umfasst Beiträge in den Flamenco-Kompanien von Merche Esmeralda, Cristóbal Reyes, Manolete und Güito. Nach seiner Teilnahme am Flamenco-Gipfel 1999 schloss er sich dem Ensemble von Sara Baras an, mit der er Texte für Werke wie &#8222;Sueños&#8220;, &#8222;Sabores&#8220;, &#8222;Juana la Loca&#8220; und &#8222;Carmen&#8220; schrieb.</p>
<p>Er war auch als Kantor in den Ensembles der Bailaores Joaquín Cortés und Antonio Canales aktiv und trat sowohl national als auch international auf. Große Bekanntheit erlangte er auch nach der Premiere des Films &#8222;Ismael&#8220; mit Belén Rueda und Mario Casas in den Hauptrollen, wo er die Stimme für den Titelsong des Soundtracks, &#8222;Te Extraño&#8220;, lieferte.</p>
<p>Er arbeitet unter anderem mit Flamenco-Meistern wie Camarón de la Isla, José Mercé, Tomatito, Duquende, Diego el Cigala, Niña Pastori und vielen anderen zusammen. Zu seinen internationalen Auftritten zählen weltberühmte Theater wie:</p>
<p>Royal Albert Hall (London)<br />
Champs Elysees (Paris)<br />
Bunka Kaikan (Tokio)<br />
Opernhaus von Sydney (Australien)<br />
Teatro Real (Madrid)<br />
Maestranza (Sevilla)<br />
Liceo (Barcelona)</p>
<p>Er hat mit dem Produzenten Javier Limón zusammengearbeitet und an Tomatitos Album &#8222;Soy Flamenco&#8220; mitgewirkt, das von Paco de Lucía selbst produziert wurde. Derzeit arbeitet er an seinem neuen Projekt, seinem ersten Album, das am 28. September in Zusammenarbeit mit Miguel Poveda und unter dem Dach von Universal Music veröffentlicht wird. Eine Gelegenheit, ihn in der magischen Atmosphäre von Cardamomo zu sehen, die man sich nicht entgehen lassen sollte.</p>

<!-- This site is optimized with the Yoast SEO plugin v27.4 - https://yoast.com/product/yoast-seo-wordpress/ -->
<title>Saúl Quirós - Cardamomo Flamenco Madrid</title>
<meta name="robots" content="index, follow, max-snippet:-1, max-image-preview:large, max-video-preview:-1" />
<link rel="canonical" href="/" />
<meta property="og:locale" content="de_DE" />
<meta property="og:type" content="article" />
<meta property="og:title" content="Saúl Quirós - Cardamomo Flamenco Madrid" />
<meta property="og:description" content="Biografie Als Sohn von Adolfo &#8222;El Segoviano&#8220;, mit dem er bereits im Alter von 5 Jahren begann, seine Auftritte zu begleiten, hatte Saúl Quirós von Geburt an ein angeborenes Talent für den Gesang. Im Alter von 9 Jahren gab er sein Debüt als Backgroundsänger für Joan Manuel Serrat und hat seitdem mit einigen der größten..." />
<meta property="og:url" content="https://cardamomo.com/de/artist/saul-quiros/" />
<meta property="og:site_name" content="Cardamomo Flamenco Madrid" />
<meta property="article:modified_time" content="2025-03-19T13:01:24+00:00" />
<meta property="og:image" content="https://cardamomo.ams3.digitaloceanspaces.com/wp-content/uploads/2018/10/19130104/saul-quiros.jpg" />
	<meta property="og:image:width" content="600" />
	<meta property="og:image:height" content="750" />
	<meta property="og:image:type" content="image/jpeg" />
<meta name="twitter:card" content="summary_large_image" />
<meta name="twitter:label1" content="Geschätzte Lesezeit" />
	<meta name="twitter:data1" content="2 Minuten" />
<script type="application/ld+json" class="yoast-schema-graph">{"@context":"https:\/\/schema.org","@graph":[{"@type":"WebPage","@id":"https:\/\/cardamomo.com\/de\/artist\/saul-quiros\/","url":"https:\/\/cardamomo.com\/de\/artist\/saul-quiros\/","name":"Saúl Quirós - Cardamomo Flamenco Madrid","isPartOf":{"@id":"https:\/\/cardamomo.com\/de\/#website"},"primaryImageOfPage":{"@id":"https:\/\/cardamomo.com\/de\/artist\/saul-quiros\/#primaryimage"},"image":{"@id":"https:\/\/cardamomo.com\/es\/artist\/saul-quiros\/#primaryimage"},"thumbnailUrl":"https:\/\/cardamomo.ams3.digitaloceanspaces.com\/wp-content\/uploads\/2018\/10\/19130104\/saul-quiros.jpg","datePublished":"2018-10-18T18:26:13+00:00","dateModified":"2025-03-19T13:01:24+00:00","breadcrumb":{"@id":"https:\/\/cardamomo.com\/de\/artist\/saul-quiros\/#breadcrumb"},"inLanguage":"de","potentialAction":[{"@type":"ReadAction","target":[["https:\/\/cardamomo.com\/de\/artist\/saul-quiros\/"]]}]},{"@type":"ImageObject","inLanguage":"de","@id":"https:\/\/cardamomo.com\/de\/artist\/saul-quiros\/#primaryimage","url":"https:\/\/cardamomo.ams3.digitaloceanspaces.com\/wp-content\/uploads\/2018\/10\/19130104\/saul-quiros.jpg","contentUrl":"https:\/\/cardamomo.ams3.digitaloceanspaces.com\/wp-content\/uploads\/2018\/10\/19130104\/saul-quiros.jpg","width":600,"height":750,"caption":"Cantaor Saúl Quirós"},{"@type":"BreadcrumbList","@id":"https:\/\/cardamomo.com\/de\/artist\/saul-quiros\/#breadcrumb","itemListElement":[{"@type":"ListItem","position":1,"name":"Cardamomo","item":"https:\/\/cardamomo.com\/de\/"},{"@type":"ListItem","position":2,"name":"Artists","item":"https:\/\/cardamomo.com\/de\/artist\/"},{"@type":"ListItem","position":3,"name":"Saúl Quirós"}]},{"@type":"WebSite","@id":"https:\/\/cardamomo.com\/de\/#website","url":"https:\/\/cardamomo.com\/de\/","name":"Cardamomo Flamenco Madrid","description":"","potentialAction":[{"@type":"SearchAction","target":{"@type":"EntryPoint","urlTemplate":"https:\/\/cardamomo.com\/de\/?s={search_term_string}"},"query-input":{"@type":"PropertyValueSpecification","valueRequired":true,"valueName":"search_term_string"}}],"inLanguage":"de"}]}</script>
<!-- / Yoast SEO plugin. -->

Saúl Quirós - Cardamomo Flamenco Madrid

Biografie Als Sohn von Adolfo &#8222;El Segoviano&#8220;, mit dem er bereits im Alter von 5 Jahren begann, seine Auftritte zu begleiten, hatte Saúl Quirós von Geburt an ein angeborenes Talent für den Gesang. Im Alter von 9 Jahren gab er sein Debüt als Backgroundsänger für Joan Manuel Serrat und hat seitdem mit einigen der größten...

Cantaor Saúl Quirós
