{"id":155461,"date":"2024-11-15T13:13:59","date_gmt":"2024-11-15T12:13:59","guid":{"rendered":"https:\/\/cardamomo.com\/es\/?post_type=artist&#038;p=155461"},"modified":"2025-03-10T15:28:30","modified_gmt":"2025-03-10T15:28:30","slug":"lucia-la-flaca","status":"publish","type":"artist","link":"https:\/\/cardamomo.com\/de\/artist\/lucia-la-flaca\/","title":{"rendered":"Luc\u00eda la Flaca"},"content":{"rendered":"<p class=\"qtranxs-available-languages-message qtranxs-available-languages-message-de\">Leider ist der Eintrag nur auf <a href=\"https:\/\/cardamomo.com\/es\/wp-json\/wp\/v2\/artist\/155461\" class=\"qtranxs-available-language-link qtranxs-available-language-link-es\" title=\"Espa\u00f1ol\">Espa\u00f1ol<\/a>, <a href=\"https:\/\/cardamomo.com\/en\/wp-json\/wp\/v2\/artist\/155461\" class=\"qtranxs-available-language-link qtranxs-available-language-link-en\" title=\"English\">English<\/a> und <a href=\"https:\/\/cardamomo.com\/fr\/wp-json\/wp\/v2\/artist\/155461\" class=\"qtranxs-available-language-link qtranxs-available-language-link-fr\" title=\"Fran\u00e7ais\">Fran\u00e7ais<\/a> verf\u00fcgbar.<\/p><p>Bailaora segoviana nacida en 2006, Luc\u00eda es una joven promesa del flamenco que brilla con luz propia. Titulada en Danza Espa\u00f1ola, contin\u00faa su formaci\u00f3n art\u00edstica en prestigiosos tablaos madrile\u00f1os y en la renombrada escuela <strong>Amor de Dios<\/strong>, cuna de grandes talentos del flamenco.<\/p>\n<p>Su talento la ha llevado a pisar escenarios de gran relevancia, como el <strong>WiZink Center<\/strong> en Madrid. Llena de pasi\u00f3n, ilusi\u00f3n y ganas de crecer, Luc\u00eda \u201cLa Flaca\u201d se perfila como una figura destacada en el mundo del flamenco.<\/p>","protected":false},"featured_media":157127,"template":"","meta":{"_acf_changed":false,"inline_featured_image":false},"class_list":["post-155461","artist","type-artist","status-publish","has-post-thumbnail","hentry"],"acf":[],"yoast_head":"<!-- This site is optimized with the Yoast SEO plugin v27.4 - https:\/\/yoast.com\/product\/yoast-seo-wordpress\/ -->\n<title>Luc\u00eda la Flaca - Cardamomo Flamenco Madrid<\/title>\n<meta name=\"robots\" content=\"index, follow, max-snippet:-1, max-image-preview:large, max-video-preview:-1\" \/>\n<link rel=\"canonical\" href=\"\/\" \/>\n<meta property=\"og:locale\" content=\"de_DE\" \/>\n<meta property=\"og:type\" content=\"article\" \/>\n<meta property=\"og:title\" content=\"Luc\u00eda la Flaca - Cardamomo Flamenco Madrid\" \/>\n<meta property=\"og:description\" content=\"Leider ist der Eintrag nur auf Espa\u00f1ol, English und Fran\u00e7ais verf\u00fcgbar.Bailaora segoviana nacida en 2006, Luc\u00eda es una joven promesa del flamenco que brilla con luz propia. Titulada en Danza Espa\u00f1ola, contin\u00faa su formaci\u00f3n art\u00edstica en prestigiosos tablaos madrile\u00f1os y en la renombrada escuela Amor de Dios, cuna de grandes talentos del flamenco. Su talento...\" \/>\n<meta property=\"og:url\" content=\"https:\/\/cardamomo.com\/de\/artist\/lucia-la-flaca\/\" \/>\n<meta property=\"og:site_name\" content=\"Cardamomo Flamenco Madrid\" \/>\n<meta property=\"article:modified_time\" content=\"2025-03-10T15:28:30+00:00\" \/>\n<meta property=\"og:image\" content=\"https:\/\/cardamomo.ams3.digitaloceanspaces.com\/wp-content\/uploads\/2024\/11\/10124800\/lucia-la-flaca-1.jpg\" \/>\n\t<meta property=\"og:image:width\" content=\"600\" \/>\n\t<meta property=\"og:image:height\" content=\"750\" \/>\n\t<meta property=\"og:image:type\" content=\"image\/jpeg\" \/>\n<meta name=\"twitter:card\" content=\"summary_large_image\" \/>\n<meta name=\"twitter:label1\" content=\"Gesch\u00e4tzte Lesezeit\" \/>\n\t<meta name=\"twitter:data1\" content=\"1\u00a0Minute\" \/>\n<script type=\"application\/ld+json\" class=\"yoast-schema-graph\">{\"@context\":\"https:\\\/\\\/schema.org\",\"@graph\":[{\"@type\":\"WebPage\",\"@id\":\"https:\\\/\\\/cardamomo.com\\\/de\\\/artist\\\/lucia-la-flaca\\\/\",\"url\":\"https:\\\/\\\/cardamomo.com\\\/de\\\/artist\\\/lucia-la-flaca\\\/\",\"name\":\"Luc\u00eda la Flaca - Cardamomo Flamenco Madrid\",\"isPartOf\":{\"@id\":\"https:\\\/\\\/cardamomo.com\\\/de\\\/#website\"},\"primaryImageOfPage\":{\"@id\":\"https:\\\/\\\/cardamomo.com\\\/de\\\/artist\\\/lucia-la-flaca\\\/#primaryimage\"},\"image\":{\"@id\":\"https:\\\/\\\/cardamomo.com\\\/es\\\/artist\\\/lucia-la-flaca\\\/#primaryimage\"},\"thumbnailUrl\":\"https:\\\/\\\/cardamomo.ams3.digitaloceanspaces.com\\\/wp-content\\\/uploads\\\/2024\\\/11\\\/10124800\\\/lucia-la-flaca-1.jpg\",\"datePublished\":\"2024-11-15T12:13:59+00:00\",\"dateModified\":\"2025-03-10T15:28:30+00:00\",\"breadcrumb\":{\"@id\":\"https:\\\/\\\/cardamomo.com\\\/de\\\/artist\\\/lucia-la-flaca\\\/#breadcrumb\"},\"inLanguage\":\"de\",\"potentialAction\":[{\"@type\":\"ReadAction\",\"target\":[[\"https:\\\/\\\/cardamomo.com\\\/de\\\/artist\\\/lucia-la-flaca\\\/\"]]}]},{\"@type\":\"ImageObject\",\"inLanguage\":\"de\",\"@id\":\"https:\\\/\\\/cardamomo.com\\\/de\\\/artist\\\/lucia-la-flaca\\\/#primaryimage\",\"url\":\"https:\\\/\\\/cardamomo.ams3.digitaloceanspaces.com\\\/wp-content\\\/uploads\\\/2024\\\/11\\\/10124800\\\/lucia-la-flaca-1.jpg\",\"contentUrl\":\"https:\\\/\\\/cardamomo.ams3.digitaloceanspaces.com\\\/wp-content\\\/uploads\\\/2024\\\/11\\\/10124800\\\/lucia-la-flaca-1.jpg\",\"width\":600,\"height\":750,\"caption\":\"Bailaora Luci\u0301a la Flaca\"},{\"@type\":\"BreadcrumbList\",\"@id\":\"https:\\\/\\\/cardamomo.com\\\/de\\\/artist\\\/lucia-la-flaca\\\/#breadcrumb\",\"itemListElement\":[{\"@type\":\"ListItem\",\"position\":1,\"name\":\"Cardamomo\",\"item\":\"https:\\\/\\\/cardamomo.com\\\/de\\\/\"},{\"@type\":\"ListItem\",\"position\":2,\"name\":\"Artists\",\"item\":\"https:\\\/\\\/cardamomo.com\\\/de\\\/artist\\\/\"},{\"@type\":\"ListItem\",\"position\":3,\"name\":\"Luc\u00eda la Flaca\"}]},{\"@type\":\"WebSite\",\"@id\":\"https:\\\/\\\/cardamomo.com\\\/de\\\/#website\",\"url\":\"https:\\\/\\\/cardamomo.com\\\/de\\\/\",\"name\":\"Cardamomo Flamenco Madrid\",\"description\":\"\",\"potentialAction\":[{\"@type\":\"SearchAction\",\"target\":{\"@type\":\"EntryPoint\",\"urlTemplate\":\"https:\\\/\\\/cardamomo.com\\\/de\\\/?s={search_term_string}\"},\"query-input\":{\"@type\":\"PropertyValueSpecification\",\"valueRequired\":true,\"valueName\":\"search_term_string\"}}],\"inLanguage\":\"de\"}]}<\/script>\n<!-- \/ Yoast SEO plugin. -->","yoast_head_json":{"title":"Luc\u00eda la Flaca - Cardamomo Flamenco Madrid","robots":{"index":"index","follow":"follow","max-snippet":"max-snippet:-1","max-image-preview":"max-image-preview:large","max-video-preview":"max-video-preview:-1"},"canonical":"\/","og_locale":"de_DE","og_type":"article","og_title":"Luc\u00eda la Flaca - Cardamomo Flamenco Madrid","og_description":"Leider ist der Eintrag nur auf Espa\u00f1ol, English und Fran\u00e7ais verf\u00fcgbar.Bailaora segoviana nacida en 2006, Luc\u00eda es una joven promesa del flamenco que brilla con luz propia. Titulada en Danza Espa\u00f1ola, contin\u00faa su formaci\u00f3n art\u00edstica en prestigiosos tablaos madrile\u00f1os y en la renombrada escuela Amor de Dios, cuna de grandes talentos del flamenco. Su talento...","og_url":"https:\/\/cardamomo.com\/de\/artist\/lucia-la-flaca\/","og_site_name":"Cardamomo Flamenco Madrid","article_modified_time":"2025-03-10T15:28:30+00:00","og_image":[{"width":600,"height":750,"url":"https:\/\/cardamomo.ams3.digitaloceanspaces.com\/wp-content\/uploads\/2024\/11\/10124800\/lucia-la-flaca-1.jpg","type":"image\/jpeg"}],"twitter_card":"summary_large_image","twitter_misc":{"Gesch\u00e4tzte Lesezeit":"1\u00a0Minute"},"schema":{"@context":"https:\/\/schema.org","@graph":[{"@type":"WebPage","@id":"https:\/\/cardamomo.com\/de\/artist\/lucia-la-flaca\/","url":"https:\/\/cardamomo.com\/de\/artist\/lucia-la-flaca\/","name":"Luc\u00eda la Flaca - Cardamomo Flamenco Madrid","isPartOf":{"@id":"https:\/\/cardamomo.com\/de\/#website"},"primaryImageOfPage":{"@id":"https:\/\/cardamomo.com\/de\/artist\/lucia-la-flaca\/#primaryimage"},"image":{"@id":"https:\/\/cardamomo.com\/es\/artist\/lucia-la-flaca\/#primaryimage"},"thumbnailUrl":"https:\/\/cardamomo.ams3.digitaloceanspaces.com\/wp-content\/uploads\/2024\/11\/10124800\/lucia-la-flaca-1.jpg","datePublished":"2024-11-15T12:13:59+00:00","dateModified":"2025-03-10T15:28:30+00:00","breadcrumb":{"@id":"https:\/\/cardamomo.com\/de\/artist\/lucia-la-flaca\/#breadcrumb"},"inLanguage":"de","potentialAction":[{"@type":"ReadAction","target":[["https:\/\/cardamomo.com\/de\/artist\/lucia-la-flaca\/"]]}]},{"@type":"ImageObject","inLanguage":"de","@id":"https:\/\/cardamomo.com\/de\/artist\/lucia-la-flaca\/#primaryimage","url":"https:\/\/cardamomo.ams3.digitaloceanspaces.com\/wp-content\/uploads\/2024\/11\/10124800\/lucia-la-flaca-1.jpg","contentUrl":"https:\/\/cardamomo.ams3.digitaloceanspaces.com\/wp-content\/uploads\/2024\/11\/10124800\/lucia-la-flaca-1.jpg","width":600,"height":750,"caption":"Bailaora Luci\u0301a la Flaca"},{"@type":"BreadcrumbList","@id":"https:\/\/cardamomo.com\/de\/artist\/lucia-la-flaca\/#breadcrumb","itemListElement":[{"@type":"ListItem","position":1,"name":"Cardamomo","item":"https:\/\/cardamomo.com\/de\/"},{"@type":"ListItem","position":2,"name":"Artists","item":"https:\/\/cardamomo.com\/de\/artist\/"},{"@type":"ListItem","position":3,"name":"Luc\u00eda la Flaca"}]},{"@type":"WebSite","@id":"https:\/\/cardamomo.com\/de\/#website","url":"https:\/\/cardamomo.com\/de\/","name":"Cardamomo Flamenco Madrid","description":"","potentialAction":[{"@type":"SearchAction","target":{"@type":"EntryPoint","urlTemplate":"https:\/\/cardamomo.com\/de\/?s={search_term_string}"},"query-input":{"@type":"PropertyValueSpecification","valueRequired":true,"valueName":"search_term_string"}}],"inLanguage":"de"}]}},"_links":{"self":[{"href":"https:\/\/cardamomo.com\/de\/wp-json\/wp\/v2\/artist\/155461","targetHints":{"allow":["GET"]}}],"collection":[{"href":"https:\/\/cardamomo.com\/de\/wp-json\/wp\/v2\/artist"}],"about":[{"href":"https:\/\/cardamomo.com\/de\/wp-json\/wp\/v2\/types\/artist"}],"wp:featuredmedia":[{"embeddable":true,"href":"https:\/\/cardamomo.com\/de\/wp-json\/wp\/v2\/media\/157127"}],"wp:attachment":[{"href":"https:\/\/cardamomo.com\/de\/wp-json\/wp\/v2\/media?parent=155461"}],"curies":[{"name":"wp","href":"https:\/\/api.w.org\/{rel}","templated":true}]}}

Lucía la Flaca

<p class="qtranxs-available-languages-message qtranxs-available-languages-message-de">Leider ist der Eintrag nur auf <a href="https://cardamomo.com/es/wp-json/wp/v2/artist/155461" class="qtranxs-available-language-link qtranxs-available-language-link-es" title="Español">Español</a>, <a href="https://cardamomo.com/en/wp-json/wp/v2/artist/155461" class="qtranxs-available-language-link qtranxs-available-language-link-en" title="English">English</a> und <a href="https://cardamomo.com/fr/wp-json/wp/v2/artist/155461" class="qtranxs-available-language-link qtranxs-available-language-link-fr" title="Français">Français</a> verfügbar.</p><p>Bailaora segoviana nacida en 2006, Lucía es una joven promesa del flamenco que brilla con luz propia. Titulada en Danza Española, continúa su formación artística en prestigiosos tablaos madrileños y en la renombrada escuela <strong>Amor de Dios</strong>, cuna de grandes talentos del flamenco.</p>
<p>Su talento la ha llevado a pisar escenarios de gran relevancia, como el <strong>WiZink Center</strong> en Madrid. Llena de pasión, ilusión y ganas de crecer, Lucía “La Flaca” se perfila como una figura destacada en el mundo del flamenco.</p>

<!-- This site is optimized with the Yoast SEO plugin v27.4 - https://yoast.com/product/yoast-seo-wordpress/ -->
<title>Lucía la Flaca - Cardamomo Flamenco Madrid</title>
<meta name="robots" content="index, follow, max-snippet:-1, max-image-preview:large, max-video-preview:-1" />
<link rel="canonical" href="/" />
<meta property="og:locale" content="de_DE" />
<meta property="og:type" content="article" />
<meta property="og:title" content="Lucía la Flaca - Cardamomo Flamenco Madrid" />
<meta property="og:description" content="Leider ist der Eintrag nur auf Español, English und Français verfügbar.Bailaora segoviana nacida en 2006, Lucía es una joven promesa del flamenco que brilla con luz propia. Titulada en Danza Española, continúa su formación artística en prestigiosos tablaos madrileños y en la renombrada escuela Amor de Dios, cuna de grandes talentos del flamenco. Su talento..." />
<meta property="og:url" content="https://cardamomo.com/de/artist/lucia-la-flaca/" />
<meta property="og:site_name" content="Cardamomo Flamenco Madrid" />
<meta property="article:modified_time" content="2025-03-10T15:28:30+00:00" />
<meta property="og:image" content="https://cardamomo.ams3.digitaloceanspaces.com/wp-content/uploads/2024/11/10124800/lucia-la-flaca-1.jpg" />
	<meta property="og:image:width" content="600" />
	<meta property="og:image:height" content="750" />
	<meta property="og:image:type" content="image/jpeg" />
<meta name="twitter:card" content="summary_large_image" />
<meta name="twitter:label1" content="Geschätzte Lesezeit" />
	<meta name="twitter:data1" content="1 Minute" />
<script type="application/ld+json" class="yoast-schema-graph">{"@context":"https:\/\/schema.org","@graph":[{"@type":"WebPage","@id":"https:\/\/cardamomo.com\/de\/artist\/lucia-la-flaca\/","url":"https:\/\/cardamomo.com\/de\/artist\/lucia-la-flaca\/","name":"Lucía la Flaca - Cardamomo Flamenco Madrid","isPartOf":{"@id":"https:\/\/cardamomo.com\/de\/#website"},"primaryImageOfPage":{"@id":"https:\/\/cardamomo.com\/de\/artist\/lucia-la-flaca\/#primaryimage"},"image":{"@id":"https:\/\/cardamomo.com\/es\/artist\/lucia-la-flaca\/#primaryimage"},"thumbnailUrl":"https:\/\/cardamomo.ams3.digitaloceanspaces.com\/wp-content\/uploads\/2024\/11\/10124800\/lucia-la-flaca-1.jpg","datePublished":"2024-11-15T12:13:59+00:00","dateModified":"2025-03-10T15:28:30+00:00","breadcrumb":{"@id":"https:\/\/cardamomo.com\/de\/artist\/lucia-la-flaca\/#breadcrumb"},"inLanguage":"de","potentialAction":[{"@type":"ReadAction","target":[["https:\/\/cardamomo.com\/de\/artist\/lucia-la-flaca\/"]]}]},{"@type":"ImageObject","inLanguage":"de","@id":"https:\/\/cardamomo.com\/de\/artist\/lucia-la-flaca\/#primaryimage","url":"https:\/\/cardamomo.ams3.digitaloceanspaces.com\/wp-content\/uploads\/2024\/11\/10124800\/lucia-la-flaca-1.jpg","contentUrl":"https:\/\/cardamomo.ams3.digitaloceanspaces.com\/wp-content\/uploads\/2024\/11\/10124800\/lucia-la-flaca-1.jpg","width":600,"height":750,"caption":"Bailaora Lucía la Flaca"},{"@type":"BreadcrumbList","@id":"https:\/\/cardamomo.com\/de\/artist\/lucia-la-flaca\/#breadcrumb","itemListElement":[{"@type":"ListItem","position":1,"name":"Cardamomo","item":"https:\/\/cardamomo.com\/de\/"},{"@type":"ListItem","position":2,"name":"Artists","item":"https:\/\/cardamomo.com\/de\/artist\/"},{"@type":"ListItem","position":3,"name":"Lucía la Flaca"}]},{"@type":"WebSite","@id":"https:\/\/cardamomo.com\/de\/#website","url":"https:\/\/cardamomo.com\/de\/","name":"Cardamomo Flamenco Madrid","description":"","potentialAction":[{"@type":"SearchAction","target":{"@type":"EntryPoint","urlTemplate":"https:\/\/cardamomo.com\/de\/?s={search_term_string}"},"query-input":{"@type":"PropertyValueSpecification","valueRequired":true,"valueName":"search_term_string"}}],"inLanguage":"de"}]}</script>
<!-- / Yoast SEO plugin. -->

Lucía la Flaca - Cardamomo Flamenco Madrid

Leider ist der Eintrag nur auf Español, English und Français verfügbar.Bailaora segoviana nacida en 2006, Lucía es una joven promesa del flamenco que brilla con luz propia. Titulada en Danza Española, continúa su formación artística en prestigiosos tablaos madrileños y en la renombrada escuela Amor de Dios, cuna de grandes talentos del flamenco. Su talento...
