{"id":136120,"date":"2024-01-03T14:32:04","date_gmt":"2024-01-03T13:32:04","guid":{"rendered":"https:\/\/cardamomo.com\/es\/?post_type=artist&#038;p=136120"},"modified":"2025-03-10T15:45:15","modified_gmt":"2025-03-10T15:45:15","slug":"carla-horta-la-chali-madrid","status":"publish","type":"artist","link":"https:\/\/cardamomo.com\/de\/artist\/carla-horta-la-chali\/","title":{"rendered":"Carla Horta"},"content":{"rendered":"<p>Carla Horta &#8222;La Chali&#8220; wurde 2002 in Madrid geboren. Ihre Geschichte beginnt im Alter von 3 Jahren, wo ihr Wunsch nach Flamenco geboren wurde, dank ihrer Mutter Silvia Rea\u00f1o, einer gro\u00dfen T\u00e4nzerin, die ihre Tochter unterrichtete und unterst\u00fctzte, um voranzukommen.<\/p>\n<p>Im Alter von 12 Jahren begann sie, die Disziplinen des spanischen Tanzes zu studieren: Spanischer Tanz, Escuela Bolera, Flamenco und klassisches Ballett. Sie trat in das Konservatorium Fortea in Madrid ein, wo sie schlie\u00dflich ihr Flamenco-Studium in Apde abschloss.<\/p>\n<p>Sie trainiert immer noch an der Academia Amor De Dios mit gro\u00dfartigen Lehrern wie Jos\u00e9 Maya, Gema Moneo, Farruquito, David Paniagua, Paloma Fantova und vielen anderen K\u00fcnstlern &#8230; und gleichzeitig setzt sie ihr Universit\u00e4tsstudium fort. Obwohl seine Leidenschaft das Tanzen ist, empfindet er auch eine gro\u00dfe Liebe f\u00fcr den Gesang.<\/p>\n<p>Jeden Tag studiert sie weiter und bringt ein wenig davon auf verschiedene B\u00fchnen, wie zum Beispiel Cardamomo und Tablao 1911 und weiter durch verschiedene Provinzen Spaniens, Frankreichs und Portugals.<\/p>","protected":false},"featured_media":157150,"template":"","meta":{"_acf_changed":false,"inline_featured_image":false},"class_list":["post-136120","artist","type-artist","status-publish","has-post-thumbnail","hentry"],"acf":[],"yoast_head":"<!-- This site is optimized with the Yoast SEO plugin v27.4 - https:\/\/yoast.com\/product\/yoast-seo-wordpress\/ -->\n<title>Carla Horta - Cardamomo Flamenco Madrid<\/title>\n<meta name=\"robots\" content=\"index, follow, max-snippet:-1, max-image-preview:large, max-video-preview:-1\" \/>\n<link rel=\"canonical\" href=\"\/\" \/>\n<meta property=\"og:locale\" content=\"de_DE\" \/>\n<meta property=\"og:type\" content=\"article\" \/>\n<meta property=\"og:title\" content=\"Carla Horta - Cardamomo Flamenco Madrid\" \/>\n<meta property=\"og:description\" content=\"Carla Horta &#8222;La Chali&#8220; wurde 2002 in Madrid geboren. Ihre Geschichte beginnt im Alter von 3 Jahren, wo ihr Wunsch nach Flamenco geboren wurde, dank ihrer Mutter Silvia Rea\u00f1o, einer gro\u00dfen T\u00e4nzerin, die ihre Tochter unterrichtete und unterst\u00fctzte, um voranzukommen. Im Alter von 12 Jahren begann sie, die Disziplinen des spanischen Tanzes zu studieren: Spanischer...\" \/>\n<meta property=\"og:url\" content=\"https:\/\/cardamomo.com\/de\/artist\/carla-horta-la-chali\/\" \/>\n<meta property=\"og:site_name\" content=\"Cardamomo Flamenco Madrid\" \/>\n<meta property=\"article:modified_time\" content=\"2025-03-10T15:45:15+00:00\" \/>\n<meta property=\"og:image\" content=\"https:\/\/cardamomo.ams3.digitaloceanspaces.com\/wp-content\/uploads\/2024\/01\/10150617\/carla-horta.jpg\" \/>\n\t<meta property=\"og:image:width\" content=\"600\" \/>\n\t<meta property=\"og:image:height\" content=\"750\" \/>\n\t<meta property=\"og:image:type\" content=\"image\/jpeg\" \/>\n<meta name=\"twitter:card\" content=\"summary_large_image\" \/>\n<meta name=\"twitter:label1\" content=\"Gesch\u00e4tzte Lesezeit\" \/>\n\t<meta name=\"twitter:data1\" content=\"1\u00a0Minute\" \/>\n<script type=\"application\/ld+json\" class=\"yoast-schema-graph\">{\"@context\":\"https:\\\/\\\/schema.org\",\"@graph\":[{\"@type\":\"WebPage\",\"@id\":\"https:\\\/\\\/cardamomo.com\\\/de\\\/artist\\\/carla-horta-la-chali\\\/\",\"url\":\"https:\\\/\\\/cardamomo.com\\\/de\\\/artist\\\/carla-horta-la-chali\\\/\",\"name\":\"Carla Horta - Cardamomo Flamenco Madrid\",\"isPartOf\":{\"@id\":\"https:\\\/\\\/cardamomo.com\\\/de\\\/#website\"},\"primaryImageOfPage\":{\"@id\":\"https:\\\/\\\/cardamomo.com\\\/de\\\/artist\\\/carla-horta-la-chali\\\/#primaryimage\"},\"image\":{\"@id\":\"https:\\\/\\\/cardamomo.com\\\/es\\\/artist\\\/carla-horta-la-chali\\\/#primaryimage\"},\"thumbnailUrl\":\"https:\\\/\\\/cardamomo.ams3.digitaloceanspaces.com\\\/wp-content\\\/uploads\\\/2024\\\/01\\\/10150617\\\/carla-horta.jpg\",\"datePublished\":\"2024-01-03T13:32:04+00:00\",\"dateModified\":\"2025-03-10T15:45:15+00:00\",\"breadcrumb\":{\"@id\":\"https:\\\/\\\/cardamomo.com\\\/de\\\/artist\\\/carla-horta-la-chali\\\/#breadcrumb\"},\"inLanguage\":\"de\",\"potentialAction\":[{\"@type\":\"ReadAction\",\"target\":[[\"https:\\\/\\\/cardamomo.com\\\/de\\\/artist\\\/carla-horta-la-chali\\\/\"]]}]},{\"@type\":\"ImageObject\",\"inLanguage\":\"de\",\"@id\":\"https:\\\/\\\/cardamomo.com\\\/de\\\/artist\\\/carla-horta-la-chali\\\/#primaryimage\",\"url\":\"https:\\\/\\\/cardamomo.ams3.digitaloceanspaces.com\\\/wp-content\\\/uploads\\\/2024\\\/01\\\/10150617\\\/carla-horta.jpg\",\"contentUrl\":\"https:\\\/\\\/cardamomo.ams3.digitaloceanspaces.com\\\/wp-content\\\/uploads\\\/2024\\\/01\\\/10150617\\\/carla-horta.jpg\",\"width\":600,\"height\":750,\"caption\":\"bailaora Carla Horta\"},{\"@type\":\"BreadcrumbList\",\"@id\":\"https:\\\/\\\/cardamomo.com\\\/de\\\/artist\\\/carla-horta-la-chali\\\/#breadcrumb\",\"itemListElement\":[{\"@type\":\"ListItem\",\"position\":1,\"name\":\"Cardamomo\",\"item\":\"https:\\\/\\\/cardamomo.com\\\/de\\\/\"},{\"@type\":\"ListItem\",\"position\":2,\"name\":\"Artists\",\"item\":\"https:\\\/\\\/cardamomo.com\\\/de\\\/artist\\\/\"},{\"@type\":\"ListItem\",\"position\":3,\"name\":\"Carla Horta\"}]},{\"@type\":\"WebSite\",\"@id\":\"https:\\\/\\\/cardamomo.com\\\/de\\\/#website\",\"url\":\"https:\\\/\\\/cardamomo.com\\\/de\\\/\",\"name\":\"Cardamomo Flamenco Madrid\",\"description\":\"\",\"potentialAction\":[{\"@type\":\"SearchAction\",\"target\":{\"@type\":\"EntryPoint\",\"urlTemplate\":\"https:\\\/\\\/cardamomo.com\\\/de\\\/?s={search_term_string}\"},\"query-input\":{\"@type\":\"PropertyValueSpecification\",\"valueRequired\":true,\"valueName\":\"search_term_string\"}}],\"inLanguage\":\"de\"}]}<\/script>\n<!-- \/ Yoast SEO plugin. -->","yoast_head_json":{"title":"Carla Horta - Cardamomo Flamenco Madrid","robots":{"index":"index","follow":"follow","max-snippet":"max-snippet:-1","max-image-preview":"max-image-preview:large","max-video-preview":"max-video-preview:-1"},"canonical":"\/","og_locale":"de_DE","og_type":"article","og_title":"Carla Horta - Cardamomo Flamenco Madrid","og_description":"Carla Horta &#8222;La Chali&#8220; wurde 2002 in Madrid geboren. Ihre Geschichte beginnt im Alter von 3 Jahren, wo ihr Wunsch nach Flamenco geboren wurde, dank ihrer Mutter Silvia Rea\u00f1o, einer gro\u00dfen T\u00e4nzerin, die ihre Tochter unterrichtete und unterst\u00fctzte, um voranzukommen. Im Alter von 12 Jahren begann sie, die Disziplinen des spanischen Tanzes zu studieren: Spanischer...","og_url":"https:\/\/cardamomo.com\/de\/artist\/carla-horta-la-chali\/","og_site_name":"Cardamomo Flamenco Madrid","article_modified_time":"2025-03-10T15:45:15+00:00","og_image":[{"width":600,"height":750,"url":"https:\/\/cardamomo.ams3.digitaloceanspaces.com\/wp-content\/uploads\/2024\/01\/10150617\/carla-horta.jpg","type":"image\/jpeg"}],"twitter_card":"summary_large_image","twitter_misc":{"Gesch\u00e4tzte Lesezeit":"1\u00a0Minute"},"schema":{"@context":"https:\/\/schema.org","@graph":[{"@type":"WebPage","@id":"https:\/\/cardamomo.com\/de\/artist\/carla-horta-la-chali\/","url":"https:\/\/cardamomo.com\/de\/artist\/carla-horta-la-chali\/","name":"Carla Horta - Cardamomo Flamenco Madrid","isPartOf":{"@id":"https:\/\/cardamomo.com\/de\/#website"},"primaryImageOfPage":{"@id":"https:\/\/cardamomo.com\/de\/artist\/carla-horta-la-chali\/#primaryimage"},"image":{"@id":"https:\/\/cardamomo.com\/es\/artist\/carla-horta-la-chali\/#primaryimage"},"thumbnailUrl":"https:\/\/cardamomo.ams3.digitaloceanspaces.com\/wp-content\/uploads\/2024\/01\/10150617\/carla-horta.jpg","datePublished":"2024-01-03T13:32:04+00:00","dateModified":"2025-03-10T15:45:15+00:00","breadcrumb":{"@id":"https:\/\/cardamomo.com\/de\/artist\/carla-horta-la-chali\/#breadcrumb"},"inLanguage":"de","potentialAction":[{"@type":"ReadAction","target":[["https:\/\/cardamomo.com\/de\/artist\/carla-horta-la-chali\/"]]}]},{"@type":"ImageObject","inLanguage":"de","@id":"https:\/\/cardamomo.com\/de\/artist\/carla-horta-la-chali\/#primaryimage","url":"https:\/\/cardamomo.ams3.digitaloceanspaces.com\/wp-content\/uploads\/2024\/01\/10150617\/carla-horta.jpg","contentUrl":"https:\/\/cardamomo.ams3.digitaloceanspaces.com\/wp-content\/uploads\/2024\/01\/10150617\/carla-horta.jpg","width":600,"height":750,"caption":"bailaora Carla Horta"},{"@type":"BreadcrumbList","@id":"https:\/\/cardamomo.com\/de\/artist\/carla-horta-la-chali\/#breadcrumb","itemListElement":[{"@type":"ListItem","position":1,"name":"Cardamomo","item":"https:\/\/cardamomo.com\/de\/"},{"@type":"ListItem","position":2,"name":"Artists","item":"https:\/\/cardamomo.com\/de\/artist\/"},{"@type":"ListItem","position":3,"name":"Carla Horta"}]},{"@type":"WebSite","@id":"https:\/\/cardamomo.com\/de\/#website","url":"https:\/\/cardamomo.com\/de\/","name":"Cardamomo Flamenco Madrid","description":"","potentialAction":[{"@type":"SearchAction","target":{"@type":"EntryPoint","urlTemplate":"https:\/\/cardamomo.com\/de\/?s={search_term_string}"},"query-input":{"@type":"PropertyValueSpecification","valueRequired":true,"valueName":"search_term_string"}}],"inLanguage":"de"}]}},"_links":{"self":[{"href":"https:\/\/cardamomo.com\/de\/wp-json\/wp\/v2\/artist\/136120","targetHints":{"allow":["GET"]}}],"collection":[{"href":"https:\/\/cardamomo.com\/de\/wp-json\/wp\/v2\/artist"}],"about":[{"href":"https:\/\/cardamomo.com\/de\/wp-json\/wp\/v2\/types\/artist"}],"wp:featuredmedia":[{"embeddable":true,"href":"https:\/\/cardamomo.com\/de\/wp-json\/wp\/v2\/media\/157150"}],"wp:attachment":[{"href":"https:\/\/cardamomo.com\/de\/wp-json\/wp\/v2\/media?parent=136120"}],"curies":[{"name":"wp","href":"https:\/\/api.w.org\/{rel}","templated":true}]}}

<p>Carla Horta &#8222;La Chali&#8220; wurde 2002 in Madrid geboren. Ihre Geschichte beginnt im Alter von 3 Jahren, wo ihr Wunsch nach Flamenco geboren wurde, dank ihrer Mutter Silvia Reaño, einer großen Tänzerin, die ihre Tochter unterrichtete und unterstützte, um voranzukommen.</p>
<p>Im Alter von 12 Jahren begann sie, die Disziplinen des spanischen Tanzes zu studieren: Spanischer Tanz, Escuela Bolera, Flamenco und klassisches Ballett. Sie trat in das Konservatorium Fortea in Madrid ein, wo sie schließlich ihr Flamenco-Studium in Apde abschloss.</p>
<p>Sie trainiert immer noch an der Academia Amor De Dios mit großartigen Lehrern wie José Maya, Gema Moneo, Farruquito, David Paniagua, Paloma Fantova und vielen anderen Künstlern &#8230; und gleichzeitig setzt sie ihr Universitätsstudium fort. Obwohl seine Leidenschaft das Tanzen ist, empfindet er auch eine große Liebe für den Gesang.</p>
<p>Jeden Tag studiert sie weiter und bringt ein wenig davon auf verschiedene Bühnen, wie zum Beispiel Cardamomo und Tablao 1911 und weiter durch verschiedene Provinzen Spaniens, Frankreichs und Portugals.</p>

<!-- This site is optimized with the Yoast SEO plugin v27.4 - https://yoast.com/product/yoast-seo-wordpress/ -->
<title>Carla Horta - Cardamomo Flamenco Madrid</title>
<meta name="robots" content="index, follow, max-snippet:-1, max-image-preview:large, max-video-preview:-1" />
<link rel="canonical" href="/" />
<meta property="og:locale" content="de_DE" />
<meta property="og:type" content="article" />
<meta property="og:title" content="Carla Horta - Cardamomo Flamenco Madrid" />
<meta property="og:description" content="Carla Horta &#8222;La Chali&#8220; wurde 2002 in Madrid geboren. Ihre Geschichte beginnt im Alter von 3 Jahren, wo ihr Wunsch nach Flamenco geboren wurde, dank ihrer Mutter Silvia Reaño, einer großen Tänzerin, die ihre Tochter unterrichtete und unterstützte, um voranzukommen. Im Alter von 12 Jahren begann sie, die Disziplinen des spanischen Tanzes zu studieren: Spanischer..." />
<meta property="og:url" content="https://cardamomo.com/de/artist/carla-horta-la-chali/" />
<meta property="og:site_name" content="Cardamomo Flamenco Madrid" />
<meta property="article:modified_time" content="2025-03-10T15:45:15+00:00" />
<meta property="og:image" content="https://cardamomo.ams3.digitaloceanspaces.com/wp-content/uploads/2024/01/10150617/carla-horta.jpg" />
	<meta property="og:image:width" content="600" />
	<meta property="og:image:height" content="750" />
	<meta property="og:image:type" content="image/jpeg" />
<meta name="twitter:card" content="summary_large_image" />
<meta name="twitter:label1" content="Geschätzte Lesezeit" />
	<meta name="twitter:data1" content="1 Minute" />
<script type="application/ld+json" class="yoast-schema-graph">{"@context":"https:\/\/schema.org","@graph":[{"@type":"WebPage","@id":"https:\/\/cardamomo.com\/de\/artist\/carla-horta-la-chali\/","url":"https:\/\/cardamomo.com\/de\/artist\/carla-horta-la-chali\/","name":"Carla Horta - Cardamomo Flamenco Madrid","isPartOf":{"@id":"https:\/\/cardamomo.com\/de\/#website"},"primaryImageOfPage":{"@id":"https:\/\/cardamomo.com\/de\/artist\/carla-horta-la-chali\/#primaryimage"},"image":{"@id":"https:\/\/cardamomo.com\/es\/artist\/carla-horta-la-chali\/#primaryimage"},"thumbnailUrl":"https:\/\/cardamomo.ams3.digitaloceanspaces.com\/wp-content\/uploads\/2024\/01\/10150617\/carla-horta.jpg","datePublished":"2024-01-03T13:32:04+00:00","dateModified":"2025-03-10T15:45:15+00:00","breadcrumb":{"@id":"https:\/\/cardamomo.com\/de\/artist\/carla-horta-la-chali\/#breadcrumb"},"inLanguage":"de","potentialAction":[{"@type":"ReadAction","target":[["https:\/\/cardamomo.com\/de\/artist\/carla-horta-la-chali\/"]]}]},{"@type":"ImageObject","inLanguage":"de","@id":"https:\/\/cardamomo.com\/de\/artist\/carla-horta-la-chali\/#primaryimage","url":"https:\/\/cardamomo.ams3.digitaloceanspaces.com\/wp-content\/uploads\/2024\/01\/10150617\/carla-horta.jpg","contentUrl":"https:\/\/cardamomo.ams3.digitaloceanspaces.com\/wp-content\/uploads\/2024\/01\/10150617\/carla-horta.jpg","width":600,"height":750,"caption":"bailaora Carla Horta"},{"@type":"BreadcrumbList","@id":"https:\/\/cardamomo.com\/de\/artist\/carla-horta-la-chali\/#breadcrumb","itemListElement":[{"@type":"ListItem","position":1,"name":"Cardamomo","item":"https:\/\/cardamomo.com\/de\/"},{"@type":"ListItem","position":2,"name":"Artists","item":"https:\/\/cardamomo.com\/de\/artist\/"},{"@type":"ListItem","position":3,"name":"Carla Horta"}]},{"@type":"WebSite","@id":"https:\/\/cardamomo.com\/de\/#website","url":"https:\/\/cardamomo.com\/de\/","name":"Cardamomo Flamenco Madrid","description":"","potentialAction":[{"@type":"SearchAction","target":{"@type":"EntryPoint","urlTemplate":"https:\/\/cardamomo.com\/de\/?s={search_term_string}"},"query-input":{"@type":"PropertyValueSpecification","valueRequired":true,"valueName":"search_term_string"}}],"inLanguage":"de"}]}</script>
<!-- / Yoast SEO plugin. -->

Carla Horta &#8222;La Chali&#8220; wurde 2002 in Madrid geboren. Ihre Geschichte beginnt im Alter von 3 Jahren, wo ihr Wunsch nach Flamenco geboren wurde, dank ihrer Mutter Silvia Reaño, einer großen Tänzerin, die ihre Tochter unterrichtete und unterstützte, um voranzukommen. Im Alter von 12 Jahren begann sie, die Disziplinen des spanischen Tanzes zu studieren: Spanischer...
