{"id":131490,"date":"2023-09-29T16:56:30","date_gmt":"2023-09-29T14:56:30","guid":{"rendered":"https:\/\/cardamomo.com\/es\/?post_type=artist&#038;p=131490"},"modified":"2025-03-12T09:13:07","modified_gmt":"2025-03-12T09:13:07","slug":"gloria-wasmer","status":"publish","type":"artist","link":"https:\/\/cardamomo.com\/de\/artist\/gloria-wasmer\/","title":{"rendered":"Gloria Wasmer"},"content":{"rendered":"<p>Er begann im Alter von 5 Jahren mit dem Geigenspiel und erhielt Unterricht bei der renommierten ukrainischen Geigerin <strong>Tatiana Alesinsky<\/strong>. Nach Jahren der klassischen russischen Basis begann sie, in Musikgruppen der argentinischen Folklore und Tango zu beteiligen.<\/p>\n<p>Sie spezialisierte sich auf Flamenco und wirkte als Interpretin und Arrangeurin bei Aufnahmen mit K\u00fcnstlern wie <strong>Joan Albert Amargos, Carles Benavent oder Parrita<\/strong> mit. Sp\u00e4ter schlug sie einen Weg in der Welt des Flamenco ein und erkundete verschiedene Facetten und Musikgruppen. In kurzer Zeit tauchte sie vollst\u00e4ndig in die Kunst des Flamenco ein, ohne ihre klassische Ausbildung aufzugeben.<\/p>\n<p>2009 lernt er den T\u00e4nzer Amador Rojas kennen, mit dem er in verschiedenen Theatern in Spanien die B\u00fchne teilt und eine neue Perspektive des Flamenco pr\u00e4sentiert. Sie verbinden die Kraft und Leidenschaft des Flamenco-Tanzes mit der Zartheit und Sensibilit\u00e4t der klassischen Violine, was bei der Premiere der Show &#8222;Mandala&#8220; im Teatro Arteria Coliseum de la Gran V\u00eda in Madrid deutlich wird.<\/p>\n<p>Zur gleichen Zeit w\u00e4hlt der Choreograf und T\u00e4nzer <strong>Antonio Canales<\/strong> sie als Teil seiner Show &#8222;Mano a Mano&#8220; aus.<\/p>\n<p>Von 2010 bis 2011 ist sie Teil der Besetzung des &#8222;Palacio del Flamenco&#8220; in Barcelona und arbeitet gleichzeitig an verschiedenen musikalischen Projekten.<\/p>\n<p>Im September 2011 begibt sie sich mit der Flamenco- und klassischen spanischen Kompanie &#8222;Los Mulero&#8220; auf eine Tournee durch mehrere St\u00e4dte in Russland und Sibirien.<\/p>\n<p>Sie ist auch Teil des Projekts &#8222;Esencias&#8220; des Gitarristen <strong>Jes\u00fas de<\/strong> <strong>Joaqu\u00edn &#8222;Puchero<\/strong>&#8220; und der Truppe des T\u00e4nzers <strong>David Romero.<\/strong><\/p>\n<p>Seit 2009 ist sie regelm\u00e4\u00dfiges Mitglied des Tablao &#8222;Los Tarantos&#8220; in Barcelona.<\/p>\n<p>Sie hat zwei Jahre lang am Flamenco-Festival von Beziers in Frankreich und ein Jahr lang in Marseille teilgenommen.<\/p>\n<p>Zwischen 2014 und 2016 hat sie in Tablaos in Madrid wie Casa Patas, Las Carboneras, Cardamomo Flamenco oder El Candela gearbeitet und die B\u00fchne mit namhaften K\u00fcnstlern wie Montse Cortes, Aurora Losada, Chelo Pantoja, Juan Antonio Salazar und Sorderita geteilt.<\/p>\n<p>2016 entsteht aus seiner Zusammenarbeit mit dem Gitarristen Luis Robisco im &#8222;Palau de la M\u00fasica&#8220; sein neues Album &#8222;Camino&#8220; sowie eine Hommage an Paco de Luc\u00eda, an der auch Maestro Carles Benavent beteiligt ist.<\/p>\n<p>Ab 2017 geh\u00f6rt er zur Besetzung des Tablao &#8222;Casa Camar\u00f3n&#8220;.<\/p>\n<p>Neben seiner Arbeit auf der B\u00fchne hat er an zahlreichen Aufnahmen mitgewirkt, darunter die Wohlt\u00e4tigkeits-CD &#8222;Tres guitarras para el autismo&#8220;, bei der er seine Geige bei mehreren Titeln beisteuert, darunter bei einem in Zusammenarbeit mit der S\u00e4ngerin Parrita. Er hat auch Geigenparts in den drei Alben des S\u00e4ngers <strong>Manuel Fern\u00e1ndez<\/strong> aufgenommen, das letzte mit dem Titel &#8222;Siete destinos&#8220;. Er ist auch auf dem Album des Gitarristen Eugeni Muriel mit der Gruppe &#8222;Barcelona nova fusi\u00f3&#8220; zu h\u00f6ren.<\/p>\n<p>Sie hat ihr musikalisches Wissen als Lehrerin f\u00fcr Klavier, Geige und musikalische Initiation in verschiedenen Zentren in Madrid weitergegeben und ist derzeit Teil des p\u00e4dagogischen Teams des &#8222;Flamenco-Instituts&#8220; des Taller de M\u00fasics.<\/p>\n<p><strong>Ihre Art, den Flamenco mit der Geige als Teil des Gesangs und des Tanzes zu verstehen, macht ihren Ausdruck einzigartig und charakteristisch und verleiht ihm eine neue Textur, aber immer traditionell und respektvoll gegen\u00fcber der Kunst des Flamencos.<\/strong><\/p>\n<p><strong>Zurzeit geh\u00f6rt er zu den K\u00fcnstlern in den beiden renommierten Tablaos von Madrid wie Cardamomo Flamenco und Tablao Flamenco 1911.<\/strong><\/p>","protected":false},"featured_media":157161,"template":"","meta":{"_acf_changed":false,"inline_featured_image":false},"class_list":["post-131490","artist","type-artist","status-publish","has-post-thumbnail","hentry"],"acf":[],"yoast_head":"<!-- This site is optimized with the Yoast SEO plugin v27.4 - https:\/\/yoast.com\/product\/yoast-seo-wordpress\/ -->\n<title>Gloria Wasmer - Cardamomo Flamenco Madrid<\/title>\n<meta name=\"robots\" content=\"index, follow, max-snippet:-1, max-image-preview:large, max-video-preview:-1\" \/>\n<link rel=\"canonical\" href=\"\/\" \/>\n<meta property=\"og:locale\" content=\"de_DE\" \/>\n<meta property=\"og:type\" content=\"article\" \/>\n<meta property=\"og:title\" content=\"Gloria Wasmer - Cardamomo Flamenco Madrid\" \/>\n<meta property=\"og:description\" content=\"Er begann im Alter von 5 Jahren mit dem Geigenspiel und erhielt Unterricht bei der renommierten ukrainischen Geigerin Tatiana Alesinsky. Nach Jahren der klassischen russischen Basis begann sie, in Musikgruppen der argentinischen Folklore und Tango zu beteiligen. Sie spezialisierte sich auf Flamenco und wirkte als Interpretin und Arrangeurin bei Aufnahmen mit K\u00fcnstlern wie Joan Albert...\" \/>\n<meta property=\"og:url\" content=\"https:\/\/cardamomo.com\/de\/artist\/gloria-wasmer\/\" \/>\n<meta property=\"og:site_name\" content=\"Cardamomo Flamenco Madrid\" \/>\n<meta property=\"article:modified_time\" content=\"2025-03-12T09:13:07+00:00\" \/>\n<meta property=\"og:image\" content=\"https:\/\/cardamomo.ams3.digitaloceanspaces.com\/wp-content\/uploads\/2023\/09\/12091234\/gloria-wasmer.jpg\" \/>\n\t<meta property=\"og:image:width\" content=\"600\" \/>\n\t<meta property=\"og:image:height\" content=\"750\" \/>\n\t<meta property=\"og:image:type\" content=\"image\/jpeg\" \/>\n<meta name=\"twitter:card\" content=\"summary_large_image\" \/>\n<meta name=\"twitter:label1\" content=\"Gesch\u00e4tzte Lesezeit\" \/>\n\t<meta name=\"twitter:data1\" content=\"3\u00a0Minuten\" \/>\n<script type=\"application\/ld+json\" class=\"yoast-schema-graph\">{\"@context\":\"https:\\\/\\\/schema.org\",\"@graph\":[{\"@type\":\"WebPage\",\"@id\":\"https:\\\/\\\/cardamomo.com\\\/de\\\/artist\\\/gloria-wasmer\\\/\",\"url\":\"https:\\\/\\\/cardamomo.com\\\/de\\\/artist\\\/gloria-wasmer\\\/\",\"name\":\"Gloria Wasmer - Cardamomo Flamenco Madrid\",\"isPartOf\":{\"@id\":\"https:\\\/\\\/cardamomo.com\\\/de\\\/#website\"},\"primaryImageOfPage\":{\"@id\":\"https:\\\/\\\/cardamomo.com\\\/de\\\/artist\\\/gloria-wasmer\\\/#primaryimage\"},\"image\":{\"@id\":\"https:\\\/\\\/cardamomo.com\\\/es\\\/artist\\\/gloria-wasmer\\\/#primaryimage\"},\"thumbnailUrl\":\"https:\\\/\\\/cardamomo.ams3.digitaloceanspaces.com\\\/wp-content\\\/uploads\\\/2023\\\/09\\\/12091234\\\/gloria-wasmer.jpg\",\"datePublished\":\"2023-09-29T14:56:30+00:00\",\"dateModified\":\"2025-03-12T09:13:07+00:00\",\"breadcrumb\":{\"@id\":\"https:\\\/\\\/cardamomo.com\\\/de\\\/artist\\\/gloria-wasmer\\\/#breadcrumb\"},\"inLanguage\":\"de\",\"potentialAction\":[{\"@type\":\"ReadAction\",\"target\":[[\"https:\\\/\\\/cardamomo.com\\\/de\\\/artist\\\/gloria-wasmer\\\/\"]]}]},{\"@type\":\"ImageObject\",\"inLanguage\":\"de\",\"@id\":\"https:\\\/\\\/cardamomo.com\\\/de\\\/artist\\\/gloria-wasmer\\\/#primaryimage\",\"url\":\"https:\\\/\\\/cardamomo.ams3.digitaloceanspaces.com\\\/wp-content\\\/uploads\\\/2023\\\/09\\\/12091234\\\/gloria-wasmer.jpg\",\"contentUrl\":\"https:\\\/\\\/cardamomo.ams3.digitaloceanspaces.com\\\/wp-content\\\/uploads\\\/2023\\\/09\\\/12091234\\\/gloria-wasmer.jpg\",\"width\":600,\"height\":750,\"caption\":\"Violinista Gloria Wasmer\"},{\"@type\":\"BreadcrumbList\",\"@id\":\"https:\\\/\\\/cardamomo.com\\\/de\\\/artist\\\/gloria-wasmer\\\/#breadcrumb\",\"itemListElement\":[{\"@type\":\"ListItem\",\"position\":1,\"name\":\"Cardamomo\",\"item\":\"https:\\\/\\\/cardamomo.com\\\/de\\\/\"},{\"@type\":\"ListItem\",\"position\":2,\"name\":\"Artists\",\"item\":\"https:\\\/\\\/cardamomo.com\\\/de\\\/artist\\\/\"},{\"@type\":\"ListItem\",\"position\":3,\"name\":\"Gloria Wasmer\"}]},{\"@type\":\"WebSite\",\"@id\":\"https:\\\/\\\/cardamomo.com\\\/de\\\/#website\",\"url\":\"https:\\\/\\\/cardamomo.com\\\/de\\\/\",\"name\":\"Cardamomo Flamenco Madrid\",\"description\":\"\",\"potentialAction\":[{\"@type\":\"SearchAction\",\"target\":{\"@type\":\"EntryPoint\",\"urlTemplate\":\"https:\\\/\\\/cardamomo.com\\\/de\\\/?s={search_term_string}\"},\"query-input\":{\"@type\":\"PropertyValueSpecification\",\"valueRequired\":true,\"valueName\":\"search_term_string\"}}],\"inLanguage\":\"de\"}]}<\/script>\n<!-- \/ Yoast SEO plugin. -->","yoast_head_json":{"title":"Gloria Wasmer - Cardamomo Flamenco Madrid","robots":{"index":"index","follow":"follow","max-snippet":"max-snippet:-1","max-image-preview":"max-image-preview:large","max-video-preview":"max-video-preview:-1"},"canonical":"\/","og_locale":"de_DE","og_type":"article","og_title":"Gloria Wasmer - Cardamomo Flamenco Madrid","og_description":"Er begann im Alter von 5 Jahren mit dem Geigenspiel und erhielt Unterricht bei der renommierten ukrainischen Geigerin Tatiana Alesinsky. Nach Jahren der klassischen russischen Basis begann sie, in Musikgruppen der argentinischen Folklore und Tango zu beteiligen. Sie spezialisierte sich auf Flamenco und wirkte als Interpretin und Arrangeurin bei Aufnahmen mit K\u00fcnstlern wie Joan Albert...","og_url":"https:\/\/cardamomo.com\/de\/artist\/gloria-wasmer\/","og_site_name":"Cardamomo Flamenco Madrid","article_modified_time":"2025-03-12T09:13:07+00:00","og_image":[{"width":600,"height":750,"url":"https:\/\/cardamomo.ams3.digitaloceanspaces.com\/wp-content\/uploads\/2023\/09\/12091234\/gloria-wasmer.jpg","type":"image\/jpeg"}],"twitter_card":"summary_large_image","twitter_misc":{"Gesch\u00e4tzte Lesezeit":"3\u00a0Minuten"},"schema":{"@context":"https:\/\/schema.org","@graph":[{"@type":"WebPage","@id":"https:\/\/cardamomo.com\/de\/artist\/gloria-wasmer\/","url":"https:\/\/cardamomo.com\/de\/artist\/gloria-wasmer\/","name":"Gloria Wasmer - Cardamomo Flamenco Madrid","isPartOf":{"@id":"https:\/\/cardamomo.com\/de\/#website"},"primaryImageOfPage":{"@id":"https:\/\/cardamomo.com\/de\/artist\/gloria-wasmer\/#primaryimage"},"image":{"@id":"https:\/\/cardamomo.com\/es\/artist\/gloria-wasmer\/#primaryimage"},"thumbnailUrl":"https:\/\/cardamomo.ams3.digitaloceanspaces.com\/wp-content\/uploads\/2023\/09\/12091234\/gloria-wasmer.jpg","datePublished":"2023-09-29T14:56:30+00:00","dateModified":"2025-03-12T09:13:07+00:00","breadcrumb":{"@id":"https:\/\/cardamomo.com\/de\/artist\/gloria-wasmer\/#breadcrumb"},"inLanguage":"de","potentialAction":[{"@type":"ReadAction","target":[["https:\/\/cardamomo.com\/de\/artist\/gloria-wasmer\/"]]}]},{"@type":"ImageObject","inLanguage":"de","@id":"https:\/\/cardamomo.com\/de\/artist\/gloria-wasmer\/#primaryimage","url":"https:\/\/cardamomo.ams3.digitaloceanspaces.com\/wp-content\/uploads\/2023\/09\/12091234\/gloria-wasmer.jpg","contentUrl":"https:\/\/cardamomo.ams3.digitaloceanspaces.com\/wp-content\/uploads\/2023\/09\/12091234\/gloria-wasmer.jpg","width":600,"height":750,"caption":"Violinista Gloria Wasmer"},{"@type":"BreadcrumbList","@id":"https:\/\/cardamomo.com\/de\/artist\/gloria-wasmer\/#breadcrumb","itemListElement":[{"@type":"ListItem","position":1,"name":"Cardamomo","item":"https:\/\/cardamomo.com\/de\/"},{"@type":"ListItem","position":2,"name":"Artists","item":"https:\/\/cardamomo.com\/de\/artist\/"},{"@type":"ListItem","position":3,"name":"Gloria Wasmer"}]},{"@type":"WebSite","@id":"https:\/\/cardamomo.com\/de\/#website","url":"https:\/\/cardamomo.com\/de\/","name":"Cardamomo Flamenco Madrid","description":"","potentialAction":[{"@type":"SearchAction","target":{"@type":"EntryPoint","urlTemplate":"https:\/\/cardamomo.com\/de\/?s={search_term_string}"},"query-input":{"@type":"PropertyValueSpecification","valueRequired":true,"valueName":"search_term_string"}}],"inLanguage":"de"}]}},"_links":{"self":[{"href":"https:\/\/cardamomo.com\/de\/wp-json\/wp\/v2\/artist\/131490","targetHints":{"allow":["GET"]}}],"collection":[{"href":"https:\/\/cardamomo.com\/de\/wp-json\/wp\/v2\/artist"}],"about":[{"href":"https:\/\/cardamomo.com\/de\/wp-json\/wp\/v2\/types\/artist"}],"wp:featuredmedia":[{"embeddable":true,"href":"https:\/\/cardamomo.com\/de\/wp-json\/wp\/v2\/media\/157161"}],"wp:attachment":[{"href":"https:\/\/cardamomo.com\/de\/wp-json\/wp\/v2\/media?parent=131490"}],"curies":[{"name":"wp","href":"https:\/\/api.w.org\/{rel}","templated":true}]}}

<p>Er begann im Alter von 5 Jahren mit dem Geigenspiel und erhielt Unterricht bei der renommierten ukrainischen Geigerin <strong>Tatiana Alesinsky</strong>. Nach Jahren der klassischen russischen Basis begann sie, in Musikgruppen der argentinischen Folklore und Tango zu beteiligen.</p>
<p>Sie spezialisierte sich auf Flamenco und wirkte als Interpretin und Arrangeurin bei Aufnahmen mit Künstlern wie <strong>Joan Albert Amargos, Carles Benavent oder Parrita</strong> mit. Später schlug sie einen Weg in der Welt des Flamenco ein und erkundete verschiedene Facetten und Musikgruppen. In kurzer Zeit tauchte sie vollständig in die Kunst des Flamenco ein, ohne ihre klassische Ausbildung aufzugeben.</p>
<p>2009 lernt er den Tänzer Amador Rojas kennen, mit dem er in verschiedenen Theatern in Spanien die Bühne teilt und eine neue Perspektive des Flamenco präsentiert. Sie verbinden die Kraft und Leidenschaft des Flamenco-Tanzes mit der Zartheit und Sensibilität der klassischen Violine, was bei der Premiere der Show &#8222;Mandala&#8220; im Teatro Arteria Coliseum de la Gran Vía in Madrid deutlich wird.</p>
<p>Zur gleichen Zeit wählt der Choreograf und Tänzer <strong>Antonio Canales</strong> sie als Teil seiner Show &#8222;Mano a Mano&#8220; aus.</p>
<p>Von 2010 bis 2011 ist sie Teil der Besetzung des &#8222;Palacio del Flamenco&#8220; in Barcelona und arbeitet gleichzeitig an verschiedenen musikalischen Projekten.</p>
<p>Im September 2011 begibt sie sich mit der Flamenco- und klassischen spanischen Kompanie &#8222;Los Mulero&#8220; auf eine Tournee durch mehrere Städte in Russland und Sibirien.</p>
<p>Sie ist auch Teil des Projekts &#8222;Esencias&#8220; des Gitarristen <strong>Jesús de</strong> <strong>Joaquín &#8222;Puchero</strong>&#8220; und der Truppe des Tänzers <strong>David Romero.</strong></p>
<p>Seit 2009 ist sie regelmäßiges Mitglied des Tablao &#8222;Los Tarantos&#8220; in Barcelona.</p>
<p>Sie hat zwei Jahre lang am Flamenco-Festival von Beziers in Frankreich und ein Jahr lang in Marseille teilgenommen.</p>
<p>Zwischen 2014 und 2016 hat sie in Tablaos in Madrid wie Casa Patas, Las Carboneras, Cardamomo Flamenco oder El Candela gearbeitet und die Bühne mit namhaften Künstlern wie Montse Cortes, Aurora Losada, Chelo Pantoja, Juan Antonio Salazar und Sorderita geteilt.</p>
<p>2016 entsteht aus seiner Zusammenarbeit mit dem Gitarristen Luis Robisco im &#8222;Palau de la Música&#8220; sein neues Album &#8222;Camino&#8220; sowie eine Hommage an Paco de Lucía, an der auch Maestro Carles Benavent beteiligt ist.</p>
<p>Ab 2017 gehört er zur Besetzung des Tablao &#8222;Casa Camarón&#8220;.</p>
<p>Neben seiner Arbeit auf der Bühne hat er an zahlreichen Aufnahmen mitgewirkt, darunter die Wohltätigkeits-CD &#8222;Tres guitarras para el autismo&#8220;, bei der er seine Geige bei mehreren Titeln beisteuert, darunter bei einem in Zusammenarbeit mit der Sängerin Parrita. Er hat auch Geigenparts in den drei Alben des Sängers <strong>Manuel Fernández</strong> aufgenommen, das letzte mit dem Titel &#8222;Siete destinos&#8220;. Er ist auch auf dem Album des Gitarristen Eugeni Muriel mit der Gruppe &#8222;Barcelona nova fusió&#8220; zu hören.</p>
<p>Sie hat ihr musikalisches Wissen als Lehrerin für Klavier, Geige und musikalische Initiation in verschiedenen Zentren in Madrid weitergegeben und ist derzeit Teil des pädagogischen Teams des &#8222;Flamenco-Instituts&#8220; des Taller de Músics.</p>
<p><strong>Ihre Art, den Flamenco mit der Geige als Teil des Gesangs und des Tanzes zu verstehen, macht ihren Ausdruck einzigartig und charakteristisch und verleiht ihm eine neue Textur, aber immer traditionell und respektvoll gegenüber der Kunst des Flamencos.</strong></p>
<p><strong>Zurzeit gehört er zu den Künstlern in den beiden renommierten Tablaos von Madrid wie Cardamomo Flamenco und Tablao Flamenco 1911.</strong></p>

<!-- This site is optimized with the Yoast SEO plugin v27.4 - https://yoast.com/product/yoast-seo-wordpress/ -->
<title>Gloria Wasmer - Cardamomo Flamenco Madrid</title>
<meta name="robots" content="index, follow, max-snippet:-1, max-image-preview:large, max-video-preview:-1" />
<link rel="canonical" href="/" />
<meta property="og:locale" content="de_DE" />
<meta property="og:type" content="article" />
<meta property="og:title" content="Gloria Wasmer - Cardamomo Flamenco Madrid" />
<meta property="og:description" content="Er begann im Alter von 5 Jahren mit dem Geigenspiel und erhielt Unterricht bei der renommierten ukrainischen Geigerin Tatiana Alesinsky. Nach Jahren der klassischen russischen Basis begann sie, in Musikgruppen der argentinischen Folklore und Tango zu beteiligen. Sie spezialisierte sich auf Flamenco und wirkte als Interpretin und Arrangeurin bei Aufnahmen mit Künstlern wie Joan Albert..." />
<meta property="og:url" content="https://cardamomo.com/de/artist/gloria-wasmer/" />
<meta property="og:site_name" content="Cardamomo Flamenco Madrid" />
<meta property="article:modified_time" content="2025-03-12T09:13:07+00:00" />
<meta property="og:image" content="https://cardamomo.ams3.digitaloceanspaces.com/wp-content/uploads/2023/09/12091234/gloria-wasmer.jpg" />
	<meta property="og:image:width" content="600" />
	<meta property="og:image:height" content="750" />
	<meta property="og:image:type" content="image/jpeg" />
<meta name="twitter:card" content="summary_large_image" />
<meta name="twitter:label1" content="Geschätzte Lesezeit" />
	<meta name="twitter:data1" content="3 Minuten" />
<script type="application/ld+json" class="yoast-schema-graph">{"@context":"https:\/\/schema.org","@graph":[{"@type":"WebPage","@id":"https:\/\/cardamomo.com\/de\/artist\/gloria-wasmer\/","url":"https:\/\/cardamomo.com\/de\/artist\/gloria-wasmer\/","name":"Gloria Wasmer - Cardamomo Flamenco Madrid","isPartOf":{"@id":"https:\/\/cardamomo.com\/de\/#website"},"primaryImageOfPage":{"@id":"https:\/\/cardamomo.com\/de\/artist\/gloria-wasmer\/#primaryimage"},"image":{"@id":"https:\/\/cardamomo.com\/es\/artist\/gloria-wasmer\/#primaryimage"},"thumbnailUrl":"https:\/\/cardamomo.ams3.digitaloceanspaces.com\/wp-content\/uploads\/2023\/09\/12091234\/gloria-wasmer.jpg","datePublished":"2023-09-29T14:56:30+00:00","dateModified":"2025-03-12T09:13:07+00:00","breadcrumb":{"@id":"https:\/\/cardamomo.com\/de\/artist\/gloria-wasmer\/#breadcrumb"},"inLanguage":"de","potentialAction":[{"@type":"ReadAction","target":[["https:\/\/cardamomo.com\/de\/artist\/gloria-wasmer\/"]]}]},{"@type":"ImageObject","inLanguage":"de","@id":"https:\/\/cardamomo.com\/de\/artist\/gloria-wasmer\/#primaryimage","url":"https:\/\/cardamomo.ams3.digitaloceanspaces.com\/wp-content\/uploads\/2023\/09\/12091234\/gloria-wasmer.jpg","contentUrl":"https:\/\/cardamomo.ams3.digitaloceanspaces.com\/wp-content\/uploads\/2023\/09\/12091234\/gloria-wasmer.jpg","width":600,"height":750,"caption":"Violinista Gloria Wasmer"},{"@type":"BreadcrumbList","@id":"https:\/\/cardamomo.com\/de\/artist\/gloria-wasmer\/#breadcrumb","itemListElement":[{"@type":"ListItem","position":1,"name":"Cardamomo","item":"https:\/\/cardamomo.com\/de\/"},{"@type":"ListItem","position":2,"name":"Artists","item":"https:\/\/cardamomo.com\/de\/artist\/"},{"@type":"ListItem","position":3,"name":"Gloria Wasmer"}]},{"@type":"WebSite","@id":"https:\/\/cardamomo.com\/de\/#website","url":"https:\/\/cardamomo.com\/de\/","name":"Cardamomo Flamenco Madrid","description":"","potentialAction":[{"@type":"SearchAction","target":{"@type":"EntryPoint","urlTemplate":"https:\/\/cardamomo.com\/de\/?s={search_term_string}"},"query-input":{"@type":"PropertyValueSpecification","valueRequired":true,"valueName":"search_term_string"}}],"inLanguage":"de"}]}</script>
<!-- / Yoast SEO plugin. -->

Er begann im Alter von 5 Jahren mit dem Geigenspiel und erhielt Unterricht bei der renommierten ukrainischen Geigerin Tatiana Alesinsky. Nach Jahren der klassischen russischen Basis begann sie, in Musikgruppen der argentinischen Folklore und Tango zu beteiligen. Sie spezialisierte sich auf Flamenco und wirkte als Interpretin und Arrangeurin bei Aufnahmen mit Künstlern wie Joan Albert...
