{"id":115509,"date":"2022-12-29T14:51:15","date_gmt":"2022-12-29T13:51:15","guid":{"rendered":"https:\/\/cardamomo.com\/?post_type=artist&#038;p=115509"},"modified":"2025-03-12T09:30:06","modified_gmt":"2025-03-12T09:30:06","slug":"noelia-ruiz","status":"publish","type":"artist","link":"https:\/\/cardamomo.com\/de\/artist\/noelia-ruiz\/","title":{"rendered":"Noelia Ruiz"},"content":{"rendered":"<p><\/p>\n<h2>Biografie<\/h2>\n<p>Sie war Teil des Ensembles von Enrique Vicent und Antonio L\u00f3pez aus M\u00e1laga und des Ensembles von Antonio Canales mit dem gro\u00dfen Werk Torero in den Teatros del Canal im Jahr 2017 und in Mexiko (Guadalajara) im Jahr 2019.<\/p>\n<p>Sie hat ihre Grund- und Mittelstufe (spezialisiert auf Flamenco-Tanz) am Pepa Flores Professional Dance Conservatory in M\u00e1laga, an der Tanzschule Enrique Vicent und Antonio L\u00f3pez und am Andalusischen Tanzzentrum in Sevilla absolviert.\u00a0 Im Jahr 2019 setzte sie ihr Studium mit dem Higher Degree in Flamenco Dance Pedagogy am Conservatorio Superior de Danza Mar\u00eda de \u00c1vila in Madrid fort. Im selben Jahr trat sie als T\u00e4nzerin dem Spanischen Nationalballett unter der Leitung von Rub\u00e9n Olmo bei.<\/p>\n<p>Sie teilt mehrere Kurse in spanischem Tanz und Flamenco mit zahlreichen K\u00fcnstlern von Rang und Namen: Rub\u00e9n Olmo, Antonio Canales, Miguel \u00c1ngel Corbacho, Ana Morales, Daniel Do\u00f1a, Manuel Li\u00f1\u00e1n, Marcos Flores, Bel\u00e9n L\u00f3pez, Jes\u00fas Carmona, Carmen La Talegona, David Coria, Isabel Bay\u00f3n und Rafaela Carrasco und andere.<\/p>\n<h2>Auszeichnungen<\/h2>\n<p>&#8211; Au\u00dferordentlicher Preis f\u00fcr professionelle Tanzausbildung, spezialisiert auf Flamenco-Tanz, f\u00fcr das Studienjahr 2014-2015, Junta de Andaluc\u00eda.<\/p>\n<p>&#8211; Nationaler Bildungspreis f\u00fcr k\u00fcnstlerische Tanzausbildung 2015.<\/p>\n<p>&nbsp;<\/p>","protected":false},"featured_media":157167,"template":"","meta":{"_acf_changed":false,"inline_featured_image":false},"class_list":["post-115509","artist","type-artist","status-publish","has-post-thumbnail","hentry"],"acf":[],"yoast_head":"<!-- This site is optimized with the Yoast SEO plugin v27.4 - https:\/\/yoast.com\/product\/yoast-seo-wordpress\/ -->\n<title>Noelia Ruiz - Cardamomo Flamenco Madrid<\/title>\n<meta name=\"robots\" content=\"index, follow, max-snippet:-1, max-image-preview:large, max-video-preview:-1\" \/>\n<link rel=\"canonical\" href=\"\/\" \/>\n<meta property=\"og:locale\" content=\"de_DE\" \/>\n<meta property=\"og:type\" content=\"article\" \/>\n<meta property=\"og:title\" content=\"Noelia Ruiz - Cardamomo Flamenco Madrid\" \/>\n<meta property=\"og:description\" content=\"Biografie Sie war Teil des Ensembles von Enrique Vicent und Antonio L\u00f3pez aus M\u00e1laga und des Ensembles von Antonio Canales mit dem gro\u00dfen Werk Torero in den Teatros del Canal im Jahr 2017 und in Mexiko (Guadalajara) im Jahr 2019. Sie hat ihre Grund- und Mittelstufe (spezialisiert auf Flamenco-Tanz) am Pepa Flores Professional Dance Conservatory...\" \/>\n<meta property=\"og:url\" content=\"https:\/\/cardamomo.com\/de\/artist\/noelia-ruiz\/\" \/>\n<meta property=\"og:site_name\" content=\"Cardamomo Flamenco Madrid\" \/>\n<meta property=\"article:modified_time\" content=\"2025-03-12T09:30:06+00:00\" \/>\n<meta property=\"og:image\" content=\"https:\/\/cardamomo.ams3.digitaloceanspaces.com\/wp-content\/uploads\/2022\/12\/12092835\/noelia-ruiz.jpg\" \/>\n\t<meta property=\"og:image:width\" content=\"600\" \/>\n\t<meta property=\"og:image:height\" content=\"750\" \/>\n\t<meta property=\"og:image:type\" content=\"image\/jpeg\" \/>\n<meta name=\"twitter:card\" content=\"summary_large_image\" \/>\n<meta name=\"twitter:label1\" content=\"Gesch\u00e4tzte Lesezeit\" \/>\n\t<meta name=\"twitter:data1\" content=\"2\u00a0Minuten\" \/>\n<script type=\"application\/ld+json\" class=\"yoast-schema-graph\">{\"@context\":\"https:\\\/\\\/schema.org\",\"@graph\":[{\"@type\":\"WebPage\",\"@id\":\"https:\\\/\\\/cardamomo.com\\\/de\\\/artist\\\/noelia-ruiz\\\/\",\"url\":\"https:\\\/\\\/cardamomo.com\\\/de\\\/artist\\\/noelia-ruiz\\\/\",\"name\":\"Noelia Ruiz - Cardamomo Flamenco Madrid\",\"isPartOf\":{\"@id\":\"https:\\\/\\\/cardamomo.com\\\/de\\\/#website\"},\"primaryImageOfPage\":{\"@id\":\"https:\\\/\\\/cardamomo.com\\\/de\\\/artist\\\/noelia-ruiz\\\/#primaryimage\"},\"image\":{\"@id\":\"https:\\\/\\\/cardamomo.com\\\/es\\\/artist\\\/noelia-ruiz\\\/#primaryimage\"},\"thumbnailUrl\":\"https:\\\/\\\/cardamomo.ams3.digitaloceanspaces.com\\\/wp-content\\\/uploads\\\/2022\\\/12\\\/12092835\\\/noelia-ruiz.jpg\",\"datePublished\":\"2022-12-29T13:51:15+00:00\",\"dateModified\":\"2025-03-12T09:30:06+00:00\",\"breadcrumb\":{\"@id\":\"https:\\\/\\\/cardamomo.com\\\/de\\\/artist\\\/noelia-ruiz\\\/#breadcrumb\"},\"inLanguage\":\"de\",\"potentialAction\":[{\"@type\":\"ReadAction\",\"target\":[[\"https:\\\/\\\/cardamomo.com\\\/de\\\/artist\\\/noelia-ruiz\\\/\"]]}]},{\"@type\":\"ImageObject\",\"inLanguage\":\"de\",\"@id\":\"https:\\\/\\\/cardamomo.com\\\/de\\\/artist\\\/noelia-ruiz\\\/#primaryimage\",\"url\":\"https:\\\/\\\/cardamomo.ams3.digitaloceanspaces.com\\\/wp-content\\\/uploads\\\/2022\\\/12\\\/12092835\\\/noelia-ruiz.jpg\",\"contentUrl\":\"https:\\\/\\\/cardamomo.ams3.digitaloceanspaces.com\\\/wp-content\\\/uploads\\\/2022\\\/12\\\/12092835\\\/noelia-ruiz.jpg\",\"width\":600,\"height\":750,\"caption\":\"Bailaora Noelia Ruiz\"},{\"@type\":\"BreadcrumbList\",\"@id\":\"https:\\\/\\\/cardamomo.com\\\/de\\\/artist\\\/noelia-ruiz\\\/#breadcrumb\",\"itemListElement\":[{\"@type\":\"ListItem\",\"position\":1,\"name\":\"Cardamomo\",\"item\":\"https:\\\/\\\/cardamomo.com\\\/de\\\/\"},{\"@type\":\"ListItem\",\"position\":2,\"name\":\"Artists\",\"item\":\"https:\\\/\\\/cardamomo.com\\\/de\\\/artist\\\/\"},{\"@type\":\"ListItem\",\"position\":3,\"name\":\"Noelia Ruiz\"}]},{\"@type\":\"WebSite\",\"@id\":\"https:\\\/\\\/cardamomo.com\\\/de\\\/#website\",\"url\":\"https:\\\/\\\/cardamomo.com\\\/de\\\/\",\"name\":\"Cardamomo Flamenco Madrid\",\"description\":\"\",\"potentialAction\":[{\"@type\":\"SearchAction\",\"target\":{\"@type\":\"EntryPoint\",\"urlTemplate\":\"https:\\\/\\\/cardamomo.com\\\/de\\\/?s={search_term_string}\"},\"query-input\":{\"@type\":\"PropertyValueSpecification\",\"valueRequired\":true,\"valueName\":\"search_term_string\"}}],\"inLanguage\":\"de\"}]}<\/script>\n<!-- \/ Yoast SEO plugin. -->","yoast_head_json":{"title":"Noelia Ruiz - Cardamomo Flamenco Madrid","robots":{"index":"index","follow":"follow","max-snippet":"max-snippet:-1","max-image-preview":"max-image-preview:large","max-video-preview":"max-video-preview:-1"},"canonical":"\/","og_locale":"de_DE","og_type":"article","og_title":"Noelia Ruiz - Cardamomo Flamenco Madrid","og_description":"Biografie Sie war Teil des Ensembles von Enrique Vicent und Antonio L\u00f3pez aus M\u00e1laga und des Ensembles von Antonio Canales mit dem gro\u00dfen Werk Torero in den Teatros del Canal im Jahr 2017 und in Mexiko (Guadalajara) im Jahr 2019. Sie hat ihre Grund- und Mittelstufe (spezialisiert auf Flamenco-Tanz) am Pepa Flores Professional Dance Conservatory...","og_url":"https:\/\/cardamomo.com\/de\/artist\/noelia-ruiz\/","og_site_name":"Cardamomo Flamenco Madrid","article_modified_time":"2025-03-12T09:30:06+00:00","og_image":[{"width":600,"height":750,"url":"https:\/\/cardamomo.ams3.digitaloceanspaces.com\/wp-content\/uploads\/2022\/12\/12092835\/noelia-ruiz.jpg","type":"image\/jpeg"}],"twitter_card":"summary_large_image","twitter_misc":{"Gesch\u00e4tzte Lesezeit":"2\u00a0Minuten"},"schema":{"@context":"https:\/\/schema.org","@graph":[{"@type":"WebPage","@id":"https:\/\/cardamomo.com\/de\/artist\/noelia-ruiz\/","url":"https:\/\/cardamomo.com\/de\/artist\/noelia-ruiz\/","name":"Noelia Ruiz - Cardamomo Flamenco Madrid","isPartOf":{"@id":"https:\/\/cardamomo.com\/de\/#website"},"primaryImageOfPage":{"@id":"https:\/\/cardamomo.com\/de\/artist\/noelia-ruiz\/#primaryimage"},"image":{"@id":"https:\/\/cardamomo.com\/es\/artist\/noelia-ruiz\/#primaryimage"},"thumbnailUrl":"https:\/\/cardamomo.ams3.digitaloceanspaces.com\/wp-content\/uploads\/2022\/12\/12092835\/noelia-ruiz.jpg","datePublished":"2022-12-29T13:51:15+00:00","dateModified":"2025-03-12T09:30:06+00:00","breadcrumb":{"@id":"https:\/\/cardamomo.com\/de\/artist\/noelia-ruiz\/#breadcrumb"},"inLanguage":"de","potentialAction":[{"@type":"ReadAction","target":[["https:\/\/cardamomo.com\/de\/artist\/noelia-ruiz\/"]]}]},{"@type":"ImageObject","inLanguage":"de","@id":"https:\/\/cardamomo.com\/de\/artist\/noelia-ruiz\/#primaryimage","url":"https:\/\/cardamomo.ams3.digitaloceanspaces.com\/wp-content\/uploads\/2022\/12\/12092835\/noelia-ruiz.jpg","contentUrl":"https:\/\/cardamomo.ams3.digitaloceanspaces.com\/wp-content\/uploads\/2022\/12\/12092835\/noelia-ruiz.jpg","width":600,"height":750,"caption":"Bailaora Noelia Ruiz"},{"@type":"BreadcrumbList","@id":"https:\/\/cardamomo.com\/de\/artist\/noelia-ruiz\/#breadcrumb","itemListElement":[{"@type":"ListItem","position":1,"name":"Cardamomo","item":"https:\/\/cardamomo.com\/de\/"},{"@type":"ListItem","position":2,"name":"Artists","item":"https:\/\/cardamomo.com\/de\/artist\/"},{"@type":"ListItem","position":3,"name":"Noelia Ruiz"}]},{"@type":"WebSite","@id":"https:\/\/cardamomo.com\/de\/#website","url":"https:\/\/cardamomo.com\/de\/","name":"Cardamomo Flamenco Madrid","description":"","potentialAction":[{"@type":"SearchAction","target":{"@type":"EntryPoint","urlTemplate":"https:\/\/cardamomo.com\/de\/?s={search_term_string}"},"query-input":{"@type":"PropertyValueSpecification","valueRequired":true,"valueName":"search_term_string"}}],"inLanguage":"de"}]}},"_links":{"self":[{"href":"https:\/\/cardamomo.com\/de\/wp-json\/wp\/v2\/artist\/115509","targetHints":{"allow":["GET"]}}],"collection":[{"href":"https:\/\/cardamomo.com\/de\/wp-json\/wp\/v2\/artist"}],"about":[{"href":"https:\/\/cardamomo.com\/de\/wp-json\/wp\/v2\/types\/artist"}],"wp:featuredmedia":[{"embeddable":true,"href":"https:\/\/cardamomo.com\/de\/wp-json\/wp\/v2\/media\/157167"}],"wp:attachment":[{"href":"https:\/\/cardamomo.com\/de\/wp-json\/wp\/v2\/media?parent=115509"}],"curies":[{"name":"wp","href":"https:\/\/api.w.org\/{rel}","templated":true}]}}

<p></p>
<h2>Biografie</h2>
<p>Sie war Teil des Ensembles von Enrique Vicent und Antonio López aus Málaga und des Ensembles von Antonio Canales mit dem großen Werk Torero in den Teatros del Canal im Jahr 2017 und in Mexiko (Guadalajara) im Jahr 2019.</p>
<p>Sie hat ihre Grund- und Mittelstufe (spezialisiert auf Flamenco-Tanz) am Pepa Flores Professional Dance Conservatory in Málaga, an der Tanzschule Enrique Vicent und Antonio López und am Andalusischen Tanzzentrum in Sevilla absolviert.  Im Jahr 2019 setzte sie ihr Studium mit dem Higher Degree in Flamenco Dance Pedagogy am Conservatorio Superior de Danza María de Ávila in Madrid fort. Im selben Jahr trat sie als Tänzerin dem Spanischen Nationalballett unter der Leitung von Rubén Olmo bei.</p>
<p>Sie teilt mehrere Kurse in spanischem Tanz und Flamenco mit zahlreichen Künstlern von Rang und Namen: Rubén Olmo, Antonio Canales, Miguel Ángel Corbacho, Ana Morales, Daniel Doña, Manuel Liñán, Marcos Flores, Belén López, Jesús Carmona, Carmen La Talegona, David Coria, Isabel Bayón und Rafaela Carrasco und andere.</p>
<h2>Auszeichnungen</h2>
<p>&#8211; Außerordentlicher Preis für professionelle Tanzausbildung, spezialisiert auf Flamenco-Tanz, für das Studienjahr 2014-2015, Junta de Andalucía.</p>
<p>&#8211; Nationaler Bildungspreis für künstlerische Tanzausbildung 2015.</p>
<p>&nbsp;</p>

<!-- This site is optimized with the Yoast SEO plugin v27.4 - https://yoast.com/product/yoast-seo-wordpress/ -->
<title>Noelia Ruiz - Cardamomo Flamenco Madrid</title>
<meta name="robots" content="index, follow, max-snippet:-1, max-image-preview:large, max-video-preview:-1" />
<link rel="canonical" href="/" />
<meta property="og:locale" content="de_DE" />
<meta property="og:type" content="article" />
<meta property="og:title" content="Noelia Ruiz - Cardamomo Flamenco Madrid" />
<meta property="og:description" content="Biografie Sie war Teil des Ensembles von Enrique Vicent und Antonio López aus Málaga und des Ensembles von Antonio Canales mit dem großen Werk Torero in den Teatros del Canal im Jahr 2017 und in Mexiko (Guadalajara) im Jahr 2019. Sie hat ihre Grund- und Mittelstufe (spezialisiert auf Flamenco-Tanz) am Pepa Flores Professional Dance Conservatory..." />
<meta property="og:url" content="https://cardamomo.com/de/artist/noelia-ruiz/" />
<meta property="og:site_name" content="Cardamomo Flamenco Madrid" />
<meta property="article:modified_time" content="2025-03-12T09:30:06+00:00" />
<meta property="og:image" content="https://cardamomo.ams3.digitaloceanspaces.com/wp-content/uploads/2022/12/12092835/noelia-ruiz.jpg" />
	<meta property="og:image:width" content="600" />
	<meta property="og:image:height" content="750" />
	<meta property="og:image:type" content="image/jpeg" />
<meta name="twitter:card" content="summary_large_image" />
<meta name="twitter:label1" content="Geschätzte Lesezeit" />
	<meta name="twitter:data1" content="2 Minuten" />
<script type="application/ld+json" class="yoast-schema-graph">{"@context":"https:\/\/schema.org","@graph":[{"@type":"WebPage","@id":"https:\/\/cardamomo.com\/de\/artist\/noelia-ruiz\/","url":"https:\/\/cardamomo.com\/de\/artist\/noelia-ruiz\/","name":"Noelia Ruiz - Cardamomo Flamenco Madrid","isPartOf":{"@id":"https:\/\/cardamomo.com\/de\/#website"},"primaryImageOfPage":{"@id":"https:\/\/cardamomo.com\/de\/artist\/noelia-ruiz\/#primaryimage"},"image":{"@id":"https:\/\/cardamomo.com\/es\/artist\/noelia-ruiz\/#primaryimage"},"thumbnailUrl":"https:\/\/cardamomo.ams3.digitaloceanspaces.com\/wp-content\/uploads\/2022\/12\/12092835\/noelia-ruiz.jpg","datePublished":"2022-12-29T13:51:15+00:00","dateModified":"2025-03-12T09:30:06+00:00","breadcrumb":{"@id":"https:\/\/cardamomo.com\/de\/artist\/noelia-ruiz\/#breadcrumb"},"inLanguage":"de","potentialAction":[{"@type":"ReadAction","target":[["https:\/\/cardamomo.com\/de\/artist\/noelia-ruiz\/"]]}]},{"@type":"ImageObject","inLanguage":"de","@id":"https:\/\/cardamomo.com\/de\/artist\/noelia-ruiz\/#primaryimage","url":"https:\/\/cardamomo.ams3.digitaloceanspaces.com\/wp-content\/uploads\/2022\/12\/12092835\/noelia-ruiz.jpg","contentUrl":"https:\/\/cardamomo.ams3.digitaloceanspaces.com\/wp-content\/uploads\/2022\/12\/12092835\/noelia-ruiz.jpg","width":600,"height":750,"caption":"Bailaora Noelia Ruiz"},{"@type":"BreadcrumbList","@id":"https:\/\/cardamomo.com\/de\/artist\/noelia-ruiz\/#breadcrumb","itemListElement":[{"@type":"ListItem","position":1,"name":"Cardamomo","item":"https:\/\/cardamomo.com\/de\/"},{"@type":"ListItem","position":2,"name":"Artists","item":"https:\/\/cardamomo.com\/de\/artist\/"},{"@type":"ListItem","position":3,"name":"Noelia Ruiz"}]},{"@type":"WebSite","@id":"https:\/\/cardamomo.com\/de\/#website","url":"https:\/\/cardamomo.com\/de\/","name":"Cardamomo Flamenco Madrid","description":"","potentialAction":[{"@type":"SearchAction","target":{"@type":"EntryPoint","urlTemplate":"https:\/\/cardamomo.com\/de\/?s={search_term_string}"},"query-input":{"@type":"PropertyValueSpecification","valueRequired":true,"valueName":"search_term_string"}}],"inLanguage":"de"}]}</script>
<!-- / Yoast SEO plugin. -->

Biografie Sie war Teil des Ensembles von Enrique Vicent und Antonio López aus Málaga und des Ensembles von Antonio Canales mit dem großen Werk Torero in den Teatros del Canal im Jahr 2017 und in Mexiko (Guadalajara) im Jahr 2019. Sie hat ihre Grund- und Mittelstufe (spezialisiert auf Flamenco-Tanz) am Pepa Flores Professional Dance Conservatory...
