{"id":103866,"date":"2022-06-30T18:29:52","date_gmt":"2022-06-30T16:29:52","guid":{"rendered":"https:\/\/cardamomo.com\/es\/?post_type=artist&#038;p=103866"},"modified":"2025-03-12T10:18:37","modified_gmt":"2025-03-12T10:18:37","slug":"maria-mezcle","status":"publish","type":"artist","link":"https:\/\/cardamomo.com\/de\/artist\/maria-mezcle\/","title":{"rendered":"Mar\u00eda Mezcle"},"content":{"rendered":"<p><\/p>\n<h4>Biografie<\/h4>\n<p>Die S\u00e4ngerin Mar\u00eda \u00c1ngeles Rodr\u00edguez Cuevas, besser bekannt als Mar\u00eda Mezcle, wurde 1987 in Sanl\u00facar de Barrameda (C\u00e1diz) geboren. Der Flamenco war von klein auf Teil ihres Lebens. So sehr, dass sie im Alter von 6 Jahren an der Tanzakademie in Puerto Lucero anfing, wo sie sp\u00e4ter der Gruppe Oleaje&#8220; (Sanl\u00facar de Barrameda) beitrat.<\/p>\n<p>Im Alter von 11 Jahren begann sie ihre Karriere als Cantaora unter dem Einfluss von Domingo Rosado aus Jerez de la Frontera. Ihr erster \u00f6ffentlicher Auftritt als Cantaora war 1999 auf Tele Puerto Real in einer Flamenco-Sendung von Pepe Saldivar. Nachdem sie mehrere Cantes por sole\u00e1 de Alcal\u00e1, la rosa, Tangos und Buler\u00edas vorgetragen hatte, gewann sie im Alter von 12 Jahren den ersten Preis f\u00fcr unter 25-J\u00e4hrige und den ersten Preis f\u00fcr Cantes de Sanl\u00facar beim Wettbewerb Las Noches de bajo Gu\u00eda de Sanl\u00facar de Barrameda.<\/p>\n<p>Er hat an Wettbewerben mit Mar\u00eda \u00c1ngeles Cuevas teilgenommen und ist in Flamenco-Clubs in Spanien aufgetreten, unter anderem in der Tertulia Flamenca &#8222;Pepe Alconchel&#8220; in Jerez, Pe\u00f1a Flamenca &#8222;Canalejas de Puerto Real&#8220;, Tertulia Flamenca de La Isla. Mit nur 13 Jahren hat sie bereits mehrere Lieder gesungen, wie z.B.: Rosas, Alegr\u00edas, Bamberas, Soleares, Tientos, Tangos, Fandangos, Buler\u00edas, unter vielen anderen.<\/p>\n<p>Im Jahr 2009 war sie Teil des Festivals &#8222;Jueves Flamencos&#8220; in C\u00e1diz in der Baluarte de La Candelaria, wo sie zusammen mit Felipe Scapachini und Juana la del Revuelo auftrat. Sie hat auch f\u00fcr Asunci\u00f3n de Martos de Sevilla, Raquel Villegas, Sonia Sarmiento, Miguel T\u00e9llez und andere gesungen. Er war Mitglied der Flamenco-Truppe des K\u00fcnstlers &#8222;Antonio El Pipa&#8220;, mit der er in allen Theatern der andalusischen Provinzen, in Almeria, Granada, Malaga und Sevilla auftrat.<\/p>\n<h4>Auszeichnungen, Werke und Festivals.<\/h4>\n<p>Teilnahme am Flamenco Circuit, der vom Verband der andalusischen Flamenco Pe\u00f1as organisiert wird: Pe\u00f1a Flamenca &#8222;La Solea&#8220; in Palma del R\u00edo, Pe\u00f1a Flamenca &#8222;Las Colonias&#8220; in Huelva, Pe\u00f1a Flamenca de La Luisiana, Sevilla, Pe\u00f1a Flamenca &#8222;Rinc\u00f3n del Cante&#8220;, C\u00f3rdoba, usw.<\/p>\n<p>Teilnahme am Fandangos-Programm von Canal Sur.<\/p>\n<p>Erster Preis f\u00fcr junge S\u00e4ngerin f\u00fcr Livianas in Puerto Real.<\/p>\n<p>Erster Preis f\u00fcr junge S\u00e4ngerinnen und S\u00e4nger in Peteneras in Paterna de Rivera.<\/p>\n<p>Mehrere erste Preise im Concurso de Saetas de la Pe\u00f1a Flamenca de &#8222;La Buena Gente&#8220; in Jerez, von 2002 bis 2010. Drei absolute erste Preise beim gleichen Saetas-Wettbewerb in den Jahren 2004, 2006, 2008 und 2009.<\/p>\n<p>Erster absoluter Preis in Saetas in Puerto Real im Alter von 14 Jahren, Zweiter Preis in Saetas in San Fernando, Zweiter Preis in Saetas in C\u00e1diz im Jahr 2008, Erster Preis im Nationalen Saetas-Wettbewerb in Montilla, C\u00f3rdoba im Jahr 2010.<\/p>\n<p>Teilnahme am Festival de Lo Ferro de Murcia.<\/p>\n<p>Erster Preis beim Concurso de Cante Flamenco de Estepona. Erster Preis im nationalen Wettbewerb Cante por Serranas de Prado del Rey 2005 und erster Preis im gleichen Wettbewerb Cante Libre mit der Farruca.<\/p>\n<p>Erster Junger Preis beim Nationalen Gesangswettbewerb von Mairena del Alcor und 2 Mal hintereinander Erster Junger Preis bei der Pe\u00f1a Flamenca Camar\u00f3n de La Isla.<\/p>\n<p>Dritter Preis beim Concurso de La Silla de Oro de Legan\u00e9s, Madrid 2008, und wurde ausgew\u00e4hlt, um als Gastk\u00fcnstlerin beim Festival de Verano de Legan\u00e9s 2009 aufzutreten.<\/p>\n<p>Im Jahr 2007 pr\u00e4sentierte sie das Plakat f\u00fcr das Certamen de Las Noches de Bajo Gu\u00eda, wo sie den ersten Preis f\u00fcr die Cantes de Sanl\u00facar erhielt.<\/p>\n<p>Teilnahme am Festival del Enclave de Sol, wo das Plakat unter anderem mit Luis El Zambo, &#8222;Mora\u00edto&#8220; und Antonio Rey geteilt wurde.<\/p>\n<p>Erstes Flamenco-Album mit dem Titel: &#8222;Mar\u00eda Mezcle&#8220;, produziert von Gerardo N\u00fa\u00f1ez f\u00fcr El Gallo Azul R\u00e9cords, Jahr 2010.<\/p>\n<p>Letztes Album 2021: ein Liebesbrief an ihre Familie, geschrieben durch Flamenco-Palos, mit dem Titel: &#8222;Magenta y Cyan&#8220;.<\/p>","protected":false},"featured_media":157176,"template":"","meta":{"_acf_changed":false,"inline_featured_image":false},"class_list":["post-103866","artist","type-artist","status-publish","has-post-thumbnail","hentry"],"acf":[],"yoast_head":"<!-- This site is optimized with the Yoast SEO plugin v27.4 - https:\/\/yoast.com\/product\/yoast-seo-wordpress\/ -->\n<title>Mar\u00eda Mezcle - Cardamomo Flamenco Madrid<\/title>\n<meta name=\"robots\" content=\"index, follow, max-snippet:-1, max-image-preview:large, max-video-preview:-1\" \/>\n<link rel=\"canonical\" href=\"\/\" \/>\n<meta property=\"og:locale\" content=\"de_DE\" \/>\n<meta property=\"og:type\" content=\"article\" \/>\n<meta property=\"og:title\" content=\"Mar\u00eda Mezcle - Cardamomo Flamenco Madrid\" \/>\n<meta property=\"og:description\" content=\"Biografie Die S\u00e4ngerin Mar\u00eda \u00c1ngeles Rodr\u00edguez Cuevas, besser bekannt als Mar\u00eda Mezcle, wurde 1987 in Sanl\u00facar de Barrameda (C\u00e1diz) geboren. Der Flamenco war von klein auf Teil ihres Lebens. So sehr, dass sie im Alter von 6 Jahren an der Tanzakademie in Puerto Lucero anfing, wo sie sp\u00e4ter der Gruppe Oleaje&#8220; (Sanl\u00facar de Barrameda) beitrat....\" \/>\n<meta property=\"og:url\" content=\"https:\/\/cardamomo.com\/de\/artist\/maria-mezcle\/\" \/>\n<meta property=\"og:site_name\" content=\"Cardamomo Flamenco Madrid\" \/>\n<meta property=\"article:modified_time\" content=\"2025-03-12T10:18:37+00:00\" \/>\n<meta property=\"og:image\" content=\"https:\/\/cardamomo.ams3.digitaloceanspaces.com\/wp-content\/uploads\/2022\/06\/12101815\/maria-mezcle.jpg\" \/>\n\t<meta property=\"og:image:width\" content=\"600\" \/>\n\t<meta property=\"og:image:height\" content=\"750\" \/>\n\t<meta property=\"og:image:type\" content=\"image\/jpeg\" \/>\n<meta name=\"twitter:card\" content=\"summary_large_image\" \/>\n<meta name=\"twitter:label1\" content=\"Gesch\u00e4tzte Lesezeit\" \/>\n\t<meta name=\"twitter:data1\" content=\"4\u00a0Minuten\" \/>\n<script type=\"application\/ld+json\" class=\"yoast-schema-graph\">{\"@context\":\"https:\\\/\\\/schema.org\",\"@graph\":[{\"@type\":\"WebPage\",\"@id\":\"https:\\\/\\\/cardamomo.com\\\/de\\\/artist\\\/maria-mezcle\\\/\",\"url\":\"https:\\\/\\\/cardamomo.com\\\/de\\\/artist\\\/maria-mezcle\\\/\",\"name\":\"Mar\u00eda Mezcle - Cardamomo Flamenco Madrid\",\"isPartOf\":{\"@id\":\"https:\\\/\\\/cardamomo.com\\\/de\\\/#website\"},\"primaryImageOfPage\":{\"@id\":\"https:\\\/\\\/cardamomo.com\\\/de\\\/artist\\\/maria-mezcle\\\/#primaryimage\"},\"image\":{\"@id\":\"https:\\\/\\\/cardamomo.com\\\/es\\\/artist\\\/maria-mezcle\\\/#primaryimage\"},\"thumbnailUrl\":\"https:\\\/\\\/cardamomo.ams3.digitaloceanspaces.com\\\/wp-content\\\/uploads\\\/2022\\\/06\\\/12101815\\\/maria-mezcle.jpg\",\"datePublished\":\"2022-06-30T16:29:52+00:00\",\"dateModified\":\"2025-03-12T10:18:37+00:00\",\"breadcrumb\":{\"@id\":\"https:\\\/\\\/cardamomo.com\\\/de\\\/artist\\\/maria-mezcle\\\/#breadcrumb\"},\"inLanguage\":\"de\",\"potentialAction\":[{\"@type\":\"ReadAction\",\"target\":[[\"https:\\\/\\\/cardamomo.com\\\/de\\\/artist\\\/maria-mezcle\\\/\"]]}]},{\"@type\":\"ImageObject\",\"inLanguage\":\"de\",\"@id\":\"https:\\\/\\\/cardamomo.com\\\/de\\\/artist\\\/maria-mezcle\\\/#primaryimage\",\"url\":\"https:\\\/\\\/cardamomo.ams3.digitaloceanspaces.com\\\/wp-content\\\/uploads\\\/2022\\\/06\\\/12101815\\\/maria-mezcle.jpg\",\"contentUrl\":\"https:\\\/\\\/cardamomo.ams3.digitaloceanspaces.com\\\/wp-content\\\/uploads\\\/2022\\\/06\\\/12101815\\\/maria-mezcle.jpg\",\"width\":600,\"height\":750,\"caption\":\"Cantaora Mar\u00eda Mezcle\"},{\"@type\":\"BreadcrumbList\",\"@id\":\"https:\\\/\\\/cardamomo.com\\\/de\\\/artist\\\/maria-mezcle\\\/#breadcrumb\",\"itemListElement\":[{\"@type\":\"ListItem\",\"position\":1,\"name\":\"Cardamomo\",\"item\":\"https:\\\/\\\/cardamomo.com\\\/de\\\/\"},{\"@type\":\"ListItem\",\"position\":2,\"name\":\"Artists\",\"item\":\"https:\\\/\\\/cardamomo.com\\\/de\\\/artist\\\/\"},{\"@type\":\"ListItem\",\"position\":3,\"name\":\"Mar\u00eda Mezcle\"}]},{\"@type\":\"WebSite\",\"@id\":\"https:\\\/\\\/cardamomo.com\\\/de\\\/#website\",\"url\":\"https:\\\/\\\/cardamomo.com\\\/de\\\/\",\"name\":\"Cardamomo Flamenco Madrid\",\"description\":\"\",\"potentialAction\":[{\"@type\":\"SearchAction\",\"target\":{\"@type\":\"EntryPoint\",\"urlTemplate\":\"https:\\\/\\\/cardamomo.com\\\/de\\\/?s={search_term_string}\"},\"query-input\":{\"@type\":\"PropertyValueSpecification\",\"valueRequired\":true,\"valueName\":\"search_term_string\"}}],\"inLanguage\":\"de\"}]}<\/script>\n<!-- \/ Yoast SEO plugin. -->","yoast_head_json":{"title":"Mar\u00eda Mezcle - Cardamomo Flamenco Madrid","robots":{"index":"index","follow":"follow","max-snippet":"max-snippet:-1","max-image-preview":"max-image-preview:large","max-video-preview":"max-video-preview:-1"},"canonical":"\/","og_locale":"de_DE","og_type":"article","og_title":"Mar\u00eda Mezcle - Cardamomo Flamenco Madrid","og_description":"Biografie Die S\u00e4ngerin Mar\u00eda \u00c1ngeles Rodr\u00edguez Cuevas, besser bekannt als Mar\u00eda Mezcle, wurde 1987 in Sanl\u00facar de Barrameda (C\u00e1diz) geboren. Der Flamenco war von klein auf Teil ihres Lebens. So sehr, dass sie im Alter von 6 Jahren an der Tanzakademie in Puerto Lucero anfing, wo sie sp\u00e4ter der Gruppe Oleaje&#8220; (Sanl\u00facar de Barrameda) beitrat....","og_url":"https:\/\/cardamomo.com\/de\/artist\/maria-mezcle\/","og_site_name":"Cardamomo Flamenco Madrid","article_modified_time":"2025-03-12T10:18:37+00:00","og_image":[{"width":600,"height":750,"url":"https:\/\/cardamomo.ams3.digitaloceanspaces.com\/wp-content\/uploads\/2022\/06\/12101815\/maria-mezcle.jpg","type":"image\/jpeg"}],"twitter_card":"summary_large_image","twitter_misc":{"Gesch\u00e4tzte Lesezeit":"4\u00a0Minuten"},"schema":{"@context":"https:\/\/schema.org","@graph":[{"@type":"WebPage","@id":"https:\/\/cardamomo.com\/de\/artist\/maria-mezcle\/","url":"https:\/\/cardamomo.com\/de\/artist\/maria-mezcle\/","name":"Mar\u00eda Mezcle - Cardamomo Flamenco Madrid","isPartOf":{"@id":"https:\/\/cardamomo.com\/de\/#website"},"primaryImageOfPage":{"@id":"https:\/\/cardamomo.com\/de\/artist\/maria-mezcle\/#primaryimage"},"image":{"@id":"https:\/\/cardamomo.com\/es\/artist\/maria-mezcle\/#primaryimage"},"thumbnailUrl":"https:\/\/cardamomo.ams3.digitaloceanspaces.com\/wp-content\/uploads\/2022\/06\/12101815\/maria-mezcle.jpg","datePublished":"2022-06-30T16:29:52+00:00","dateModified":"2025-03-12T10:18:37+00:00","breadcrumb":{"@id":"https:\/\/cardamomo.com\/de\/artist\/maria-mezcle\/#breadcrumb"},"inLanguage":"de","potentialAction":[{"@type":"ReadAction","target":[["https:\/\/cardamomo.com\/de\/artist\/maria-mezcle\/"]]}]},{"@type":"ImageObject","inLanguage":"de","@id":"https:\/\/cardamomo.com\/de\/artist\/maria-mezcle\/#primaryimage","url":"https:\/\/cardamomo.ams3.digitaloceanspaces.com\/wp-content\/uploads\/2022\/06\/12101815\/maria-mezcle.jpg","contentUrl":"https:\/\/cardamomo.ams3.digitaloceanspaces.com\/wp-content\/uploads\/2022\/06\/12101815\/maria-mezcle.jpg","width":600,"height":750,"caption":"Cantaora Mar\u00eda Mezcle"},{"@type":"BreadcrumbList","@id":"https:\/\/cardamomo.com\/de\/artist\/maria-mezcle\/#breadcrumb","itemListElement":[{"@type":"ListItem","position":1,"name":"Cardamomo","item":"https:\/\/cardamomo.com\/de\/"},{"@type":"ListItem","position":2,"name":"Artists","item":"https:\/\/cardamomo.com\/de\/artist\/"},{"@type":"ListItem","position":3,"name":"Mar\u00eda Mezcle"}]},{"@type":"WebSite","@id":"https:\/\/cardamomo.com\/de\/#website","url":"https:\/\/cardamomo.com\/de\/","name":"Cardamomo Flamenco Madrid","description":"","potentialAction":[{"@type":"SearchAction","target":{"@type":"EntryPoint","urlTemplate":"https:\/\/cardamomo.com\/de\/?s={search_term_string}"},"query-input":{"@type":"PropertyValueSpecification","valueRequired":true,"valueName":"search_term_string"}}],"inLanguage":"de"}]}},"_links":{"self":[{"href":"https:\/\/cardamomo.com\/de\/wp-json\/wp\/v2\/artist\/103866","targetHints":{"allow":["GET"]}}],"collection":[{"href":"https:\/\/cardamomo.com\/de\/wp-json\/wp\/v2\/artist"}],"about":[{"href":"https:\/\/cardamomo.com\/de\/wp-json\/wp\/v2\/types\/artist"}],"wp:featuredmedia":[{"embeddable":true,"href":"https:\/\/cardamomo.com\/de\/wp-json\/wp\/v2\/media\/157176"}],"wp:attachment":[{"href":"https:\/\/cardamomo.com\/de\/wp-json\/wp\/v2\/media?parent=103866"}],"curies":[{"name":"wp","href":"https:\/\/api.w.org\/{rel}","templated":true}]}}

María Mezcle

<p></p>
<h4>Biografie</h4>
<p>Die Sängerin María Ángeles Rodríguez Cuevas, besser bekannt als María Mezcle, wurde 1987 in Sanlúcar de Barrameda (Cádiz) geboren. Der Flamenco war von klein auf Teil ihres Lebens. So sehr, dass sie im Alter von 6 Jahren an der Tanzakademie in Puerto Lucero anfing, wo sie später der Gruppe Oleaje&#8220; (Sanlúcar de Barrameda) beitrat.</p>
<p>Im Alter von 11 Jahren begann sie ihre Karriere als Cantaora unter dem Einfluss von Domingo Rosado aus Jerez de la Frontera. Ihr erster öffentlicher Auftritt als Cantaora war 1999 auf Tele Puerto Real in einer Flamenco-Sendung von Pepe Saldivar. Nachdem sie mehrere Cantes por soleá de Alcalá, la rosa, Tangos und Bulerías vorgetragen hatte, gewann sie im Alter von 12 Jahren den ersten Preis für unter 25-Jährige und den ersten Preis für Cantes de Sanlúcar beim Wettbewerb Las Noches de bajo Guía de Sanlúcar de Barrameda.</p>
<p>Er hat an Wettbewerben mit María Ángeles Cuevas teilgenommen und ist in Flamenco-Clubs in Spanien aufgetreten, unter anderem in der Tertulia Flamenca &#8222;Pepe Alconchel&#8220; in Jerez, Peña Flamenca &#8222;Canalejas de Puerto Real&#8220;, Tertulia Flamenca de La Isla. Mit nur 13 Jahren hat sie bereits mehrere Lieder gesungen, wie z.B.: Rosas, Alegrías, Bamberas, Soleares, Tientos, Tangos, Fandangos, Bulerías, unter vielen anderen.</p>
<p>Im Jahr 2009 war sie Teil des Festivals &#8222;Jueves Flamencos&#8220; in Cádiz in der Baluarte de La Candelaria, wo sie zusammen mit Felipe Scapachini und Juana la del Revuelo auftrat. Sie hat auch für Asunción de Martos de Sevilla, Raquel Villegas, Sonia Sarmiento, Miguel Téllez und andere gesungen. Er war Mitglied der Flamenco-Truppe des Künstlers &#8222;Antonio El Pipa&#8220;, mit der er in allen Theatern der andalusischen Provinzen, in Almeria, Granada, Malaga und Sevilla auftrat.</p>
<h4>Auszeichnungen, Werke und Festivals.</h4>
<p>Teilnahme am Flamenco Circuit, der vom Verband der andalusischen Flamenco Peñas organisiert wird: Peña Flamenca &#8222;La Solea&#8220; in Palma del Río, Peña Flamenca &#8222;Las Colonias&#8220; in Huelva, Peña Flamenca de La Luisiana, Sevilla, Peña Flamenca &#8222;Rincón del Cante&#8220;, Córdoba, usw.</p>
<p>Teilnahme am Fandangos-Programm von Canal Sur.</p>
<p>Erster Preis für junge Sängerin für Livianas in Puerto Real.</p>
<p>Erster Preis für junge Sängerinnen und Sänger in Peteneras in Paterna de Rivera.</p>
<p>Mehrere erste Preise im Concurso de Saetas de la Peña Flamenca de &#8222;La Buena Gente&#8220; in Jerez, von 2002 bis 2010. Drei absolute erste Preise beim gleichen Saetas-Wettbewerb in den Jahren 2004, 2006, 2008 und 2009.</p>
<p>Erster absoluter Preis in Saetas in Puerto Real im Alter von 14 Jahren, Zweiter Preis in Saetas in San Fernando, Zweiter Preis in Saetas in Cádiz im Jahr 2008, Erster Preis im Nationalen Saetas-Wettbewerb in Montilla, Córdoba im Jahr 2010.</p>
<p>Teilnahme am Festival de Lo Ferro de Murcia.</p>
<p>Erster Preis beim Concurso de Cante Flamenco de Estepona. Erster Preis im nationalen Wettbewerb Cante por Serranas de Prado del Rey 2005 und erster Preis im gleichen Wettbewerb Cante Libre mit der Farruca.</p>
<p>Erster Junger Preis beim Nationalen Gesangswettbewerb von Mairena del Alcor und 2 Mal hintereinander Erster Junger Preis bei der Peña Flamenca Camarón de La Isla.</p>
<p>Dritter Preis beim Concurso de La Silla de Oro de Leganés, Madrid 2008, und wurde ausgewählt, um als Gastkünstlerin beim Festival de Verano de Leganés 2009 aufzutreten.</p>
<p>Im Jahr 2007 präsentierte sie das Plakat für das Certamen de Las Noches de Bajo Guía, wo sie den ersten Preis für die Cantes de Sanlúcar erhielt.</p>
<p>Teilnahme am Festival del Enclave de Sol, wo das Plakat unter anderem mit Luis El Zambo, &#8222;Moraíto&#8220; und Antonio Rey geteilt wurde.</p>
<p>Erstes Flamenco-Album mit dem Titel: &#8222;María Mezcle&#8220;, produziert von Gerardo Núñez für El Gallo Azul Récords, Jahr 2010.</p>
<p>Letztes Album 2021: ein Liebesbrief an ihre Familie, geschrieben durch Flamenco-Palos, mit dem Titel: &#8222;Magenta y Cyan&#8220;.</p>

<!-- This site is optimized with the Yoast SEO plugin v27.4 - https://yoast.com/product/yoast-seo-wordpress/ -->
<title>María Mezcle - Cardamomo Flamenco Madrid</title>
<meta name="robots" content="index, follow, max-snippet:-1, max-image-preview:large, max-video-preview:-1" />
<link rel="canonical" href="/" />
<meta property="og:locale" content="de_DE" />
<meta property="og:type" content="article" />
<meta property="og:title" content="María Mezcle - Cardamomo Flamenco Madrid" />
<meta property="og:description" content="Biografie Die Sängerin María Ángeles Rodríguez Cuevas, besser bekannt als María Mezcle, wurde 1987 in Sanlúcar de Barrameda (Cádiz) geboren. Der Flamenco war von klein auf Teil ihres Lebens. So sehr, dass sie im Alter von 6 Jahren an der Tanzakademie in Puerto Lucero anfing, wo sie später der Gruppe Oleaje&#8220; (Sanlúcar de Barrameda) beitrat...." />
<meta property="og:url" content="https://cardamomo.com/de/artist/maria-mezcle/" />
<meta property="og:site_name" content="Cardamomo Flamenco Madrid" />
<meta property="article:modified_time" content="2025-03-12T10:18:37+00:00" />
<meta property="og:image" content="https://cardamomo.ams3.digitaloceanspaces.com/wp-content/uploads/2022/06/12101815/maria-mezcle.jpg" />
	<meta property="og:image:width" content="600" />
	<meta property="og:image:height" content="750" />
	<meta property="og:image:type" content="image/jpeg" />
<meta name="twitter:card" content="summary_large_image" />
<meta name="twitter:label1" content="Geschätzte Lesezeit" />
	<meta name="twitter:data1" content="4 Minuten" />
<script type="application/ld+json" class="yoast-schema-graph">{"@context":"https:\/\/schema.org","@graph":[{"@type":"WebPage","@id":"https:\/\/cardamomo.com\/de\/artist\/maria-mezcle\/","url":"https:\/\/cardamomo.com\/de\/artist\/maria-mezcle\/","name":"María Mezcle - Cardamomo Flamenco Madrid","isPartOf":{"@id":"https:\/\/cardamomo.com\/de\/#website"},"primaryImageOfPage":{"@id":"https:\/\/cardamomo.com\/de\/artist\/maria-mezcle\/#primaryimage"},"image":{"@id":"https:\/\/cardamomo.com\/es\/artist\/maria-mezcle\/#primaryimage"},"thumbnailUrl":"https:\/\/cardamomo.ams3.digitaloceanspaces.com\/wp-content\/uploads\/2022\/06\/12101815\/maria-mezcle.jpg","datePublished":"2022-06-30T16:29:52+00:00","dateModified":"2025-03-12T10:18:37+00:00","breadcrumb":{"@id":"https:\/\/cardamomo.com\/de\/artist\/maria-mezcle\/#breadcrumb"},"inLanguage":"de","potentialAction":[{"@type":"ReadAction","target":[["https:\/\/cardamomo.com\/de\/artist\/maria-mezcle\/"]]}]},{"@type":"ImageObject","inLanguage":"de","@id":"https:\/\/cardamomo.com\/de\/artist\/maria-mezcle\/#primaryimage","url":"https:\/\/cardamomo.ams3.digitaloceanspaces.com\/wp-content\/uploads\/2022\/06\/12101815\/maria-mezcle.jpg","contentUrl":"https:\/\/cardamomo.ams3.digitaloceanspaces.com\/wp-content\/uploads\/2022\/06\/12101815\/maria-mezcle.jpg","width":600,"height":750,"caption":"Cantaora María Mezcle"},{"@type":"BreadcrumbList","@id":"https:\/\/cardamomo.com\/de\/artist\/maria-mezcle\/#breadcrumb","itemListElement":[{"@type":"ListItem","position":1,"name":"Cardamomo","item":"https:\/\/cardamomo.com\/de\/"},{"@type":"ListItem","position":2,"name":"Artists","item":"https:\/\/cardamomo.com\/de\/artist\/"},{"@type":"ListItem","position":3,"name":"María Mezcle"}]},{"@type":"WebSite","@id":"https:\/\/cardamomo.com\/de\/#website","url":"https:\/\/cardamomo.com\/de\/","name":"Cardamomo Flamenco Madrid","description":"","potentialAction":[{"@type":"SearchAction","target":{"@type":"EntryPoint","urlTemplate":"https:\/\/cardamomo.com\/de\/?s={search_term_string}"},"query-input":{"@type":"PropertyValueSpecification","valueRequired":true,"valueName":"search_term_string"}}],"inLanguage":"de"}]}</script>
<!-- / Yoast SEO plugin. -->

María Mezcle - Cardamomo Flamenco Madrid

Biografie Die Sängerin María Ángeles Rodríguez Cuevas, besser bekannt als María Mezcle, wurde 1987 in Sanlúcar de Barrameda (Cádiz) geboren. Der Flamenco war von klein auf Teil ihres Lebens. So sehr, dass sie im Alter von 6 Jahren an der Tanzakademie in Puerto Lucero anfing, wo sie später der Gruppe Oleaje&#8220; (Sanlúcar de Barrameda) beitrat....

Cantaora María Mezcle
