{"id":103251,"date":"2022-06-22T19:54:08","date_gmt":"2022-06-22T17:54:08","guid":{"rendered":"https:\/\/cardamomo.com\/es\/?post_type=artist&#038;p=103251"},"modified":"2025-03-12T10:29:14","modified_gmt":"2025-03-12T10:29:14","slug":"farruquito","status":"publish","type":"artist","link":"https:\/\/cardamomo.com\/de\/artist\/farruquito\/","title":{"rendered":"Farruquito"},"content":{"rendered":"<p><strong>Biografie<\/strong><\/p>\n<p>Er wurde in Sevilla geboren und ist der Sohn des Kantors Juan Fern\u00e1ndez Flores &#8222;El Moreno&#8220; und der Bailaora Rosario Montoya Manzano &#8222;La Farruca&#8220;. Als Erbe der von seinem Gro\u00dfvater &#8222;Farruco&#8220; gegr\u00fcndeten Schule gab er im Alter von f\u00fcnf Jahren sein internationales Deb\u00fct am Broadway mit der Show &#8222;Flamenco Puro&#8220;, in der er mit seiner Familie und den legend\u00e4rsten Figuren des Flamenco auftrat. Im Alter von acht Jahren hatte er seine erste Saison in einem Madrider tablao. Im folgenden Jahr nahm er an der Pr\u00e4sentation der Paralympischen Spiele und an der Expo 1992 in Sevilla teil.<\/p>\n<p>Im Alter von elf Jahren arbeitete er bereits mit Camar\u00f3n zusammen und im folgenden Jahr wirkte er zusammen mit seinem Gro\u00dfvater &#8222;El Farruco&#8220; in dem Film &#8222;Flamenco&#8220; von Carlos Saura mit. Im selben Jahr beteiligte er sich mit seiner Familie an der k\u00fcnstlerischen und choreografischen Leitung der Show &#8222;Bodas de Gloria&#8220;. Im Alter von f\u00fcnfzehn Jahren kreierte er seine erste Show &#8222;Ra\u00edces Flamencas&#8220;, die ein gro\u00dfer Erfolg war. Im Alter von 19 Jahren triumphierte sie bereits in den Vereinigten Staaten und startete eine internationale Karriere, die von Anfang an keine Zweifel aufkommen lie\u00df. Nach seinen Auftritten in den Vereinigten Staaten bezeichnete ihn die New York Times als &#8222;den besten K\u00fcnstler, der 2001 einen Fu\u00df in den Big Apple gesetzt hat&#8220;.<\/p>\n<p>Im Rahmen der Improvisation sagt uns &#8222;Farruquito&#8220;, dass eine Choreografie wie ein Satz ist. Man braucht ein ganzes Leben, um eine Sprache zu beherrschen und das auszudr\u00fccken, was man f\u00fchlt, man muss sich nicht mit festen S\u00e4tzen zufrieden geben. Flamenco ist f\u00fcr &#8222;Farruquito&#8220; eine Art, das Leben zu verstehen.<\/p>\n<p><strong>Werke, Auszeichnungen und Festivals<\/strong><\/p>\n<p>&#8222;Ra\u00edces Flamencas&#8220; wurde in der Royal Festival Hall in London uraufgef\u00fchrt und im Teatro de la Villa und Conde Duque in Madrid, im Teatro Poliorama in Barcelona sowie auf internationalen Tourneen in Frankreich und Japan gespielt.<\/p>\n<p>&#8222;La Len Varo&#8220; auf dem I. Flamenco Festival der Vereinigten Staaten 2001. Im folgenden Jahr trat sie in Sevilla im Teatro Central auf.<\/p>\n<p>Teilnahme an der Gala zur Verleihung der Max Awards 2002.<\/p>\n<p>Teilnahme an der dritten Ausgabe des United States Flamenco Festival 2003 mit seinem Bruder Farruco.<\/p>\n<p>Als Headliner der Show Por Derecho tourte er durch elf nordamerikanische St\u00e4dte und erhielt hervorragende Kritiken.<\/p>\n<p>Er nahm mit gro\u00dfem Erfolg am Flamenco-Festival in Madrid im Theater Alb\u00e9niz und am Flamenco-Festival in Jerez im Theater Villamarta teil.<\/p>\n<p>Die Academia de la M\u00fasica zeichnete ihn f\u00fcr seinen Text &#8222;Dulce Canela&#8220; aus dem Album &#8222;Mar\u00eda&#8220; von Ni\u00f1a Pastori und f\u00fcr den Klang seiner F\u00fc\u00dfe im Tribute-Album zu &#8222;Jeros&#8220; aus.<\/p>\n<p>Im Jahr 2003 wurde au\u00dferdem mit gro\u00dfem Erfolg das St\u00fcck &#8222;Alma Vieja&#8220; am Teatro de la Maestranza in Sevilla uraufgef\u00fchrt. Der Erfolg wurde am Teatro Alb\u00e9niz in Madrid wiederholt.<\/p>\n<p>Im Juli 2008 kehrte er mit dem St\u00fcck Puro vor 2.000 Zuschauern in Palma de Mallorca auf die B\u00fchne zur\u00fcck.<\/p>\n<p>Im Jahr 2015 nahm er mit &#8222;Improvisao&#8220; an der Hauptstadt von Foral teil.<\/p>\n<p>Im Jahr 2016 gab er ein Konzert auf der Plaza de la Catedral de Almer\u00eda mit der Gitarre von Ni\u00f1o &#8222;Josele&#8220; und der Stimme von Arc\u00e1ngel.<\/p>\n<p>Im August 2020 wird er &#8222;\u00cdntimo&#8220; ver\u00f6ffentlichen, als Teil von Flamenco On Fire. Mit der Teilnahme von Remedios Amaya, in dem er die Wurzeln des Flamenco mit einem zeitgen\u00f6ssischen musikalischen Vorschlag verbindet, und der aus den \u00dcberlegungen des K\u00fcnstlers nach mehr als drei\u00dfig Jahren auf der B\u00fchne geboren ist.<\/p>","protected":false},"featured_media":157181,"template":"","meta":{"_acf_changed":false,"inline_featured_image":false},"class_list":["post-103251","artist","type-artist","status-publish","has-post-thumbnail","hentry"],"acf":[],"yoast_head":"<!-- This site is optimized with the Yoast SEO plugin v27.4 - https:\/\/yoast.com\/product\/yoast-seo-wordpress\/ -->\n<title>Farruquito - Cardamomo Flamenco Madrid<\/title>\n<meta name=\"description\" content=\"\u00a1Farruquito en Cardamomo! Es considerado el mejor bailaor de todos los tiempos. \u00a1Conoce m\u00e1s sobre \u00e9l en nuestra web!\" \/>\n<meta name=\"robots\" content=\"index, follow, max-snippet:-1, max-image-preview:large, max-video-preview:-1\" \/>\n<link rel=\"canonical\" href=\"\/\" \/>\n<meta property=\"og:locale\" content=\"de_DE\" \/>\n<meta property=\"og:type\" content=\"article\" \/>\n<meta property=\"og:title\" content=\"Farruquito - Cardamomo Flamenco Madrid\" \/>\n<meta property=\"og:description\" content=\"\u00a1Farruquito en Cardamomo! Es considerado el mejor bailaor de todos los tiempos. \u00a1Conoce m\u00e1s sobre \u00e9l en nuestra web!\" \/>\n<meta property=\"og:url\" content=\"https:\/\/cardamomo.com\/de\/artist\/farruquito\/\" \/>\n<meta property=\"og:site_name\" content=\"Cardamomo Flamenco Madrid\" \/>\n<meta property=\"article:modified_time\" content=\"2025-03-12T10:29:14+00:00\" \/>\n<meta property=\"og:image\" content=\"https:\/\/cardamomo.ams3.digitaloceanspaces.com\/wp-content\/uploads\/2022\/06\/12102901\/farruquito.jpg\" \/>\n\t<meta property=\"og:image:width\" content=\"600\" \/>\n\t<meta property=\"og:image:height\" content=\"750\" \/>\n\t<meta property=\"og:image:type\" content=\"image\/jpeg\" \/>\n<meta name=\"twitter:card\" content=\"summary_large_image\" \/>\n<meta name=\"twitter:label1\" content=\"Gesch\u00e4tzte Lesezeit\" \/>\n\t<meta name=\"twitter:data1\" content=\"3\u00a0Minuten\" \/>\n<script type=\"application\/ld+json\" class=\"yoast-schema-graph\">{\"@context\":\"https:\\\/\\\/schema.org\",\"@graph\":[{\"@type\":\"WebPage\",\"@id\":\"https:\\\/\\\/cardamomo.com\\\/de\\\/artist\\\/farruquito\\\/\",\"url\":\"https:\\\/\\\/cardamomo.com\\\/de\\\/artist\\\/farruquito\\\/\",\"name\":\"Farruquito - Cardamomo Flamenco Madrid\",\"isPartOf\":{\"@id\":\"https:\\\/\\\/cardamomo.com\\\/de\\\/#website\"},\"primaryImageOfPage\":{\"@id\":\"https:\\\/\\\/cardamomo.com\\\/de\\\/artist\\\/farruquito\\\/#primaryimage\"},\"image\":{\"@id\":\"https:\\\/\\\/cardamomo.com\\\/es\\\/artist\\\/farruquito\\\/#primaryimage\"},\"thumbnailUrl\":\"https:\\\/\\\/cardamomo.ams3.digitaloceanspaces.com\\\/wp-content\\\/uploads\\\/2022\\\/06\\\/12102901\\\/farruquito.jpg\",\"datePublished\":\"2022-06-22T17:54:08+00:00\",\"dateModified\":\"2025-03-12T10:29:14+00:00\",\"description\":\"\u00a1Farruquito en Cardamomo! Es considerado el mejor bailaor de todos los tiempos. \u00a1Conoce m\u00e1s sobre \u00e9l en nuestra web!\",\"breadcrumb\":{\"@id\":\"https:\\\/\\\/cardamomo.com\\\/de\\\/artist\\\/farruquito\\\/#breadcrumb\"},\"inLanguage\":\"de\",\"potentialAction\":[{\"@type\":\"ReadAction\",\"target\":[[\"https:\\\/\\\/cardamomo.com\\\/de\\\/artist\\\/farruquito\\\/\"]]}]},{\"@type\":\"ImageObject\",\"inLanguage\":\"de\",\"@id\":\"https:\\\/\\\/cardamomo.com\\\/de\\\/artist\\\/farruquito\\\/#primaryimage\",\"url\":\"https:\\\/\\\/cardamomo.ams3.digitaloceanspaces.com\\\/wp-content\\\/uploads\\\/2022\\\/06\\\/12102901\\\/farruquito.jpg\",\"contentUrl\":\"https:\\\/\\\/cardamomo.ams3.digitaloceanspaces.com\\\/wp-content\\\/uploads\\\/2022\\\/06\\\/12102901\\\/farruquito.jpg\",\"width\":600,\"height\":750,\"caption\":\"Bailaor Farruquito\"},{\"@type\":\"BreadcrumbList\",\"@id\":\"https:\\\/\\\/cardamomo.com\\\/de\\\/artist\\\/farruquito\\\/#breadcrumb\",\"itemListElement\":[{\"@type\":\"ListItem\",\"position\":1,\"name\":\"Cardamomo\",\"item\":\"https:\\\/\\\/cardamomo.com\\\/de\\\/\"},{\"@type\":\"ListItem\",\"position\":2,\"name\":\"Artists\",\"item\":\"https:\\\/\\\/cardamomo.com\\\/de\\\/artist\\\/\"},{\"@type\":\"ListItem\",\"position\":3,\"name\":\"Farruquito\"}]},{\"@type\":\"WebSite\",\"@id\":\"https:\\\/\\\/cardamomo.com\\\/de\\\/#website\",\"url\":\"https:\\\/\\\/cardamomo.com\\\/de\\\/\",\"name\":\"Cardamomo Flamenco Madrid\",\"description\":\"\",\"potentialAction\":[{\"@type\":\"SearchAction\",\"target\":{\"@type\":\"EntryPoint\",\"urlTemplate\":\"https:\\\/\\\/cardamomo.com\\\/de\\\/?s={search_term_string}\"},\"query-input\":{\"@type\":\"PropertyValueSpecification\",\"valueRequired\":true,\"valueName\":\"search_term_string\"}}],\"inLanguage\":\"de\"}]}<\/script>\n<!-- \/ Yoast SEO plugin. -->","yoast_head_json":{"title":"Farruquito - Cardamomo Flamenco Madrid","description":"\u00a1Farruquito en Cardamomo! Es considerado el mejor bailaor de todos los tiempos. \u00a1Conoce m\u00e1s sobre \u00e9l en nuestra web!","robots":{"index":"index","follow":"follow","max-snippet":"max-snippet:-1","max-image-preview":"max-image-preview:large","max-video-preview":"max-video-preview:-1"},"canonical":"\/","og_locale":"de_DE","og_type":"article","og_title":"Farruquito - Cardamomo Flamenco Madrid","og_description":"\u00a1Farruquito en Cardamomo! Es considerado el mejor bailaor de todos los tiempos. \u00a1Conoce m\u00e1s sobre \u00e9l en nuestra web!","og_url":"https:\/\/cardamomo.com\/de\/artist\/farruquito\/","og_site_name":"Cardamomo Flamenco Madrid","article_modified_time":"2025-03-12T10:29:14+00:00","og_image":[{"width":600,"height":750,"url":"https:\/\/cardamomo.ams3.digitaloceanspaces.com\/wp-content\/uploads\/2022\/06\/12102901\/farruquito.jpg","type":"image\/jpeg"}],"twitter_card":"summary_large_image","twitter_misc":{"Gesch\u00e4tzte Lesezeit":"3\u00a0Minuten"},"schema":{"@context":"https:\/\/schema.org","@graph":[{"@type":"WebPage","@id":"https:\/\/cardamomo.com\/de\/artist\/farruquito\/","url":"https:\/\/cardamomo.com\/de\/artist\/farruquito\/","name":"Farruquito - Cardamomo Flamenco Madrid","isPartOf":{"@id":"https:\/\/cardamomo.com\/de\/#website"},"primaryImageOfPage":{"@id":"https:\/\/cardamomo.com\/de\/artist\/farruquito\/#primaryimage"},"image":{"@id":"https:\/\/cardamomo.com\/es\/artist\/farruquito\/#primaryimage"},"thumbnailUrl":"https:\/\/cardamomo.ams3.digitaloceanspaces.com\/wp-content\/uploads\/2022\/06\/12102901\/farruquito.jpg","datePublished":"2022-06-22T17:54:08+00:00","dateModified":"2025-03-12T10:29:14+00:00","description":"\u00a1Farruquito en Cardamomo! Es considerado el mejor bailaor de todos los tiempos. \u00a1Conoce m\u00e1s sobre \u00e9l en nuestra web!","breadcrumb":{"@id":"https:\/\/cardamomo.com\/de\/artist\/farruquito\/#breadcrumb"},"inLanguage":"de","potentialAction":[{"@type":"ReadAction","target":[["https:\/\/cardamomo.com\/de\/artist\/farruquito\/"]]}]},{"@type":"ImageObject","inLanguage":"de","@id":"https:\/\/cardamomo.com\/de\/artist\/farruquito\/#primaryimage","url":"https:\/\/cardamomo.ams3.digitaloceanspaces.com\/wp-content\/uploads\/2022\/06\/12102901\/farruquito.jpg","contentUrl":"https:\/\/cardamomo.ams3.digitaloceanspaces.com\/wp-content\/uploads\/2022\/06\/12102901\/farruquito.jpg","width":600,"height":750,"caption":"Bailaor Farruquito"},{"@type":"BreadcrumbList","@id":"https:\/\/cardamomo.com\/de\/artist\/farruquito\/#breadcrumb","itemListElement":[{"@type":"ListItem","position":1,"name":"Cardamomo","item":"https:\/\/cardamomo.com\/de\/"},{"@type":"ListItem","position":2,"name":"Artists","item":"https:\/\/cardamomo.com\/de\/artist\/"},{"@type":"ListItem","position":3,"name":"Farruquito"}]},{"@type":"WebSite","@id":"https:\/\/cardamomo.com\/de\/#website","url":"https:\/\/cardamomo.com\/de\/","name":"Cardamomo Flamenco Madrid","description":"","potentialAction":[{"@type":"SearchAction","target":{"@type":"EntryPoint","urlTemplate":"https:\/\/cardamomo.com\/de\/?s={search_term_string}"},"query-input":{"@type":"PropertyValueSpecification","valueRequired":true,"valueName":"search_term_string"}}],"inLanguage":"de"}]}},"_links":{"self":[{"href":"https:\/\/cardamomo.com\/de\/wp-json\/wp\/v2\/artist\/103251","targetHints":{"allow":["GET"]}}],"collection":[{"href":"https:\/\/cardamomo.com\/de\/wp-json\/wp\/v2\/artist"}],"about":[{"href":"https:\/\/cardamomo.com\/de\/wp-json\/wp\/v2\/types\/artist"}],"wp:featuredmedia":[{"embeddable":true,"href":"https:\/\/cardamomo.com\/de\/wp-json\/wp\/v2\/media\/157181"}],"wp:attachment":[{"href":"https:\/\/cardamomo.com\/de\/wp-json\/wp\/v2\/media?parent=103251"}],"curies":[{"name":"wp","href":"https:\/\/api.w.org\/{rel}","templated":true}]}}

<p><strong>Biografie</strong></p>
<p>Er wurde in Sevilla geboren und ist der Sohn des Kantors Juan Fernández Flores &#8222;El Moreno&#8220; und der Bailaora Rosario Montoya Manzano &#8222;La Farruca&#8220;. Als Erbe der von seinem Großvater &#8222;Farruco&#8220; gegründeten Schule gab er im Alter von fünf Jahren sein internationales Debüt am Broadway mit der Show &#8222;Flamenco Puro&#8220;, in der er mit seiner Familie und den legendärsten Figuren des Flamenco auftrat. Im Alter von acht Jahren hatte er seine erste Saison in einem Madrider tablao. Im folgenden Jahr nahm er an der Präsentation der Paralympischen Spiele und an der Expo 1992 in Sevilla teil.</p>
<p>Im Alter von elf Jahren arbeitete er bereits mit Camarón zusammen und im folgenden Jahr wirkte er zusammen mit seinem Großvater &#8222;El Farruco&#8220; in dem Film &#8222;Flamenco&#8220; von Carlos Saura mit. Im selben Jahr beteiligte er sich mit seiner Familie an der künstlerischen und choreografischen Leitung der Show &#8222;Bodas de Gloria&#8220;. Im Alter von fünfzehn Jahren kreierte er seine erste Show &#8222;Raíces Flamencas&#8220;, die ein großer Erfolg war. Im Alter von 19 Jahren triumphierte sie bereits in den Vereinigten Staaten und startete eine internationale Karriere, die von Anfang an keine Zweifel aufkommen ließ. Nach seinen Auftritten in den Vereinigten Staaten bezeichnete ihn die New York Times als &#8222;den besten Künstler, der 2001 einen Fuß in den Big Apple gesetzt hat&#8220;.</p>
<p>Im Rahmen der Improvisation sagt uns &#8222;Farruquito&#8220;, dass eine Choreografie wie ein Satz ist. Man braucht ein ganzes Leben, um eine Sprache zu beherrschen und das auszudrücken, was man fühlt, man muss sich nicht mit festen Sätzen zufrieden geben. Flamenco ist für &#8222;Farruquito&#8220; eine Art, das Leben zu verstehen.</p>
<p><strong>Werke, Auszeichnungen und Festivals</strong></p>
<p>&#8222;Raíces Flamencas&#8220; wurde in der Royal Festival Hall in London uraufgeführt und im Teatro de la Villa und Conde Duque in Madrid, im Teatro Poliorama in Barcelona sowie auf internationalen Tourneen in Frankreich und Japan gespielt.</p>
<p>&#8222;La Len Varo&#8220; auf dem I. Flamenco Festival der Vereinigten Staaten 2001. Im folgenden Jahr trat sie in Sevilla im Teatro Central auf.</p>
<p>Teilnahme an der Gala zur Verleihung der Max Awards 2002.</p>
<p>Teilnahme an der dritten Ausgabe des United States Flamenco Festival 2003 mit seinem Bruder Farruco.</p>
<p>Als Headliner der Show Por Derecho tourte er durch elf nordamerikanische Städte und erhielt hervorragende Kritiken.</p>
<p>Er nahm mit großem Erfolg am Flamenco-Festival in Madrid im Theater Albéniz und am Flamenco-Festival in Jerez im Theater Villamarta teil.</p>
<p>Die Academia de la Música zeichnete ihn für seinen Text &#8222;Dulce Canela&#8220; aus dem Album &#8222;María&#8220; von Niña Pastori und für den Klang seiner Füße im Tribute-Album zu &#8222;Jeros&#8220; aus.</p>
<p>Im Jahr 2003 wurde außerdem mit großem Erfolg das Stück &#8222;Alma Vieja&#8220; am Teatro de la Maestranza in Sevilla uraufgeführt. Der Erfolg wurde am Teatro Albéniz in Madrid wiederholt.</p>
<p>Im Juli 2008 kehrte er mit dem Stück Puro vor 2.000 Zuschauern in Palma de Mallorca auf die Bühne zurück.</p>
<p>Im Jahr 2015 nahm er mit &#8222;Improvisao&#8220; an der Hauptstadt von Foral teil.</p>
<p>Im Jahr 2016 gab er ein Konzert auf der Plaza de la Catedral de Almería mit der Gitarre von Niño &#8222;Josele&#8220; und der Stimme von Arcángel.</p>
<p>Im August 2020 wird er &#8222;Íntimo&#8220; veröffentlichen, als Teil von Flamenco On Fire. Mit der Teilnahme von Remedios Amaya, in dem er die Wurzeln des Flamenco mit einem zeitgenössischen musikalischen Vorschlag verbindet, und der aus den Überlegungen des Künstlers nach mehr als dreißig Jahren auf der Bühne geboren ist.</p>

<!-- This site is optimized with the Yoast SEO plugin v27.4 - https://yoast.com/product/yoast-seo-wordpress/ -->
<title>Farruquito - Cardamomo Flamenco Madrid</title>
<meta name="description" content="¡Farruquito en Cardamomo! Es considerado el mejor bailaor de todos los tiempos. ¡Conoce más sobre él en nuestra web!" />
<meta name="robots" content="index, follow, max-snippet:-1, max-image-preview:large, max-video-preview:-1" />
<link rel="canonical" href="/" />
<meta property="og:locale" content="de_DE" />
<meta property="og:type" content="article" />
<meta property="og:title" content="Farruquito - Cardamomo Flamenco Madrid" />
<meta property="og:description" content="¡Farruquito en Cardamomo! Es considerado el mejor bailaor de todos los tiempos. ¡Conoce más sobre él en nuestra web!" />
<meta property="og:url" content="https://cardamomo.com/de/artist/farruquito/" />
<meta property="og:site_name" content="Cardamomo Flamenco Madrid" />
<meta property="article:modified_time" content="2025-03-12T10:29:14+00:00" />
<meta property="og:image" content="https://cardamomo.ams3.digitaloceanspaces.com/wp-content/uploads/2022/06/12102901/farruquito.jpg" />
	<meta property="og:image:width" content="600" />
	<meta property="og:image:height" content="750" />
	<meta property="og:image:type" content="image/jpeg" />
<meta name="twitter:card" content="summary_large_image" />
<meta name="twitter:label1" content="Geschätzte Lesezeit" />
	<meta name="twitter:data1" content="3 Minuten" />
<script type="application/ld+json" class="yoast-schema-graph">{"@context":"https:\/\/schema.org","@graph":[{"@type":"WebPage","@id":"https:\/\/cardamomo.com\/de\/artist\/farruquito\/","url":"https:\/\/cardamomo.com\/de\/artist\/farruquito\/","name":"Farruquito - Cardamomo Flamenco Madrid","isPartOf":{"@id":"https:\/\/cardamomo.com\/de\/#website"},"primaryImageOfPage":{"@id":"https:\/\/cardamomo.com\/de\/artist\/farruquito\/#primaryimage"},"image":{"@id":"https:\/\/cardamomo.com\/es\/artist\/farruquito\/#primaryimage"},"thumbnailUrl":"https:\/\/cardamomo.ams3.digitaloceanspaces.com\/wp-content\/uploads\/2022\/06\/12102901\/farruquito.jpg","datePublished":"2022-06-22T17:54:08+00:00","dateModified":"2025-03-12T10:29:14+00:00","description":"¡Farruquito en Cardamomo! Es considerado el mejor bailaor de todos los tiempos. ¡Conoce más sobre él en nuestra web!","breadcrumb":{"@id":"https:\/\/cardamomo.com\/de\/artist\/farruquito\/#breadcrumb"},"inLanguage":"de","potentialAction":[{"@type":"ReadAction","target":[["https:\/\/cardamomo.com\/de\/artist\/farruquito\/"]]}]},{"@type":"ImageObject","inLanguage":"de","@id":"https:\/\/cardamomo.com\/de\/artist\/farruquito\/#primaryimage","url":"https:\/\/cardamomo.ams3.digitaloceanspaces.com\/wp-content\/uploads\/2022\/06\/12102901\/farruquito.jpg","contentUrl":"https:\/\/cardamomo.ams3.digitaloceanspaces.com\/wp-content\/uploads\/2022\/06\/12102901\/farruquito.jpg","width":600,"height":750,"caption":"Bailaor Farruquito"},{"@type":"BreadcrumbList","@id":"https:\/\/cardamomo.com\/de\/artist\/farruquito\/#breadcrumb","itemListElement":[{"@type":"ListItem","position":1,"name":"Cardamomo","item":"https:\/\/cardamomo.com\/de\/"},{"@type":"ListItem","position":2,"name":"Artists","item":"https:\/\/cardamomo.com\/de\/artist\/"},{"@type":"ListItem","position":3,"name":"Farruquito"}]},{"@type":"WebSite","@id":"https:\/\/cardamomo.com\/de\/#website","url":"https:\/\/cardamomo.com\/de\/","name":"Cardamomo Flamenco Madrid","description":"","potentialAction":[{"@type":"SearchAction","target":{"@type":"EntryPoint","urlTemplate":"https:\/\/cardamomo.com\/de\/?s={search_term_string}"},"query-input":{"@type":"PropertyValueSpecification","valueRequired":true,"valueName":"search_term_string"}}],"inLanguage":"de"}]}</script>
<!-- / Yoast SEO plugin. -->

¡Farruquito en Cardamomo! Es considerado el mejor bailaor de todos los tiempos. ¡Conoce más sobre él en nuestra web!
