{"id":102649,"date":"2022-06-16T17:19:02","date_gmt":"2022-06-16T15:19:02","guid":{"rendered":"https:\/\/cardamomo.com\/es\/?post_type=artist&#038;p=102649"},"modified":"2025-03-12T10:38:40","modified_gmt":"2025-03-12T10:38:40","slug":"pepe-torres","status":"publish","type":"artist","link":"https:\/\/cardamomo.com\/de\/artist\/pepe-torres\/","title":{"rendered":"Pepe Torres"},"content":{"rendered":"<p><\/p>\n<h4>Biografie<\/h4>\n<p>Geboren in Mor\u00f3n de la Frontera, Sevilla, inspiriert durch den Flamenco, den ihm seine Familie mitgegeben hat. Er ist der Neffe des Meistergitarristen Diego del Gastor, der T\u00e4nzer Pepe R\u00edos, Andorrano, seiner Tante Ni\u00f1a Amparo, die in den 50er Jahren zusammen mit Farruco, Rafael el Negro und Matilde Coral in El Guajiro k\u00fcnstlerisch t\u00e4tig war. All diese K\u00fcnstler haben ihn stark beeinflusst, ebenso wie seine Cousins Ramon Barrul und Juana Amaya, die ihn noch mehr in den Tanz verliebt haben. Im Alter von 11 Jahren begann er mit &#8222;Farruco&#8220; und Rafael &#8222;El Negro&#8220; zu tanzen, und ab dem Alter von 15 Jahren arbeitete er in Pe\u00f1as, Tablaos und nationalen und internationalen Theatern. Er gr\u00fcndete sein eigenes Unternehmen und produzierte seine erste Show &#8222;As\u00ed Baila Mor\u00f3n&#8220;, die auf der Bienal de Sevilla 2004 pr\u00e4sentiert wurde.\u00a0 Im Rahmen der Biennale nahm er als Bailaor f\u00fcr Antonio Canales, im Patio Hotel Triana als Haupt-Bailaor f\u00fcr die Gruppe Son de la Frontera, mit ausgezeichneten Kritiken und in der Show von Ricardo Pach\u00f3n, &#8222;Perrater\u00edas&#8220;, zusammen mit Tom\u00e1s de Perrate im Theater teil.<\/p>\n<p>Sein Gro\u00dfvater Joselero, ein Fan des Gesangs, hinterlie\u00df Pepe die gro\u00dfe Liebe zum Gesang, die er empfand. Seine Cantaora-Familie stammt zum einen aus den Familien Torres de La Puebla und Osuna. Andererseits hat die Familie seiner Gro\u00dfmutter, die Amaya de los negros de Ronda, auch seine Liebe zum Cante beeinflusst. Weitere Inspirationen waren Perrate, Juan Talega, Manolito de Mar\u00eda, Camar\u00f3n, Chocolate, Tomas Pav\u00f3n, Pastora und viele andere.<\/p>\n<p>Der Maestro Manolo Mar\u00edn war eine gro\u00dfe Inspiration, von dem Pepe Dinge lernen konnte, die ihm w\u00e4hrend seiner gesamten Karriere dienten. Sein wichtigster Lehrer ist jedoch Antonio Montoya &#8222;Farruco&#8220;, den er verehrt und bewundert und bei dem er auch unterrichtet hat.<br \/>\nIm Bereich des Tanzes wurde er von vielen K\u00fcnstlern wie Rafael el Negro, Bailaoras wie Angelita Vargas und ihrer Familie, Manuela Carrasco und ihrer Familie und drei Bailaores, die er sehr sch\u00e4tzte, inspiriert: El Tio Farruco, Ram\u00f3n Barrul und Juan Ram\u00edrez.<\/p>\n<p>Pepe ist seit vielen Jahren Mitglied der Gruppe Son de la Frontera (eine 1998 gegr\u00fcndete Musikgruppe). Ein sehr sch\u00f6nes Projekt, voll von Nominierungen und Preisen, und sehr wichtigen nationalen und internationalen Festivals. Sie nahmen zwei Alben auf, mit denen sie f\u00fcr die Latin Grammys nominiert wurden und von der BBC als beste Flamenco-Gruppe des Jahres ausgezeichnet wurden. Auftritte in bedeutenden Theatern wie der Royal Albert Hall, Welttourneen durch S\u00fcdamerika, die Vereinigten Staaten, Europa und Spanien. Seit 2004 f\u00fchrt Pepe seine eigene Kompanie weiter und kreiert gro\u00dfe Shows in Frankreich, Spanien und den Vereinigten Staaten. Er pr\u00e4sentiert &#8222;El baile flamenco de Pepe Torres&#8220; auf dem Flamenco Gitano Festival in New York, dank Nina Men\u00e9ndez, produziert von einem Team von f\u00fcnfzehn Personen, darunter Musiker, Gastk\u00fcnstler, Ton- und Lichttechniker, als Eigenproduktion ohne finanzielle Unterst\u00fctzung von Institutionen oder anderen.<\/p>\n<h4>Festivals, Werke und Auszeichnungen<\/h4>\n<p>&#8222;Flamenco Festival U.S.A.&#8220; mit der Show &#8222;Por Derecho&#8220;, Tournee durch die Vereinigten Staaten mit Farruquito und Juana Amaya.<\/p>\n<p>2004 unternahm er eine Tournee durch Japan, wo er in den wichtigsten Theatern auftrat, unter anderem mit Manuela Carrasco und Rafael de Carmen.<\/p>\n<p>Mit seiner Show ist er auf Festivals wie dem Festival del Gazpacho de Mor\u00f3n, dem Festival &#8222;Reuni\u00f3n del cante Jondo de la Puebla de Cazalla&#8220;, dem Festival de C\u00e1ceres, dem Festival Cuevas de Nerja, dem Festival de Nimes in Frankreich, dem Festival R\u00edo Loco de Toulus und dem Festival de Toulouse aufgetreten, Festival R\u00edo Loco de Toulusse 2007, Etnosur in Ja\u00e9n, Festival de Montreal, VI Festival de M\u00fasica de Jimena de la Frontera, Festival Flamenco de Jerez, Semana de Andaluc\u00eda en Par\u00eds, Bienal de arte flamenco de Sevilla, Bienal de M\u00e1laga und die Bienal de Holanda, neben vielen anderen.<\/p>\n<p>Grupo Son de la Frontera, Kritikerpreis, Madrid, Beste Live-Show des Jahres, nominiert f\u00fcr den Latin Grammy 2007 und ausgezeichnet von der BBC in London als beste europ\u00e4ische Gruppe.<\/p>\n<p>Teilnahme am Theater Maestranza, Lope de Vega in Sevilla und Madrid.\u00a0 Teatro Albeniz in Madrid, Isabel la Cat\u00f3lica in Granada, Teatro Cervantes in M\u00e1laga, Gran Teatro de C\u00f3rdoba, das City Center in New York und El Teresa Carre\u00f1o in Venezuela und viele andere.<\/p>\n<p>Pepe versichert, dass er sich weiterhin bem\u00fchen wird, seinen Teil zum Tanz beizutragen, der besser oder schlechter sein kann, aber er kann sagen, dass das, was er tut, &#8222;Flamenco&#8220; genannt wird.<\/p>","protected":false},"featured_media":157184,"template":"","meta":{"_acf_changed":false,"inline_featured_image":false},"class_list":["post-102649","artist","type-artist","status-publish","has-post-thumbnail","hentry"],"acf":[],"yoast_head":"<!-- This site is optimized with the Yoast SEO plugin v27.4 - https:\/\/yoast.com\/product\/yoast-seo-wordpress\/ -->\n<title>Pepe Torres - Cardamomo Flamenco Madrid<\/title>\n<meta name=\"robots\" content=\"index, follow, max-snippet:-1, max-image-preview:large, max-video-preview:-1\" \/>\n<link rel=\"canonical\" href=\"\/\" \/>\n<meta property=\"og:locale\" content=\"de_DE\" \/>\n<meta property=\"og:type\" content=\"article\" \/>\n<meta property=\"og:title\" content=\"Pepe Torres - Cardamomo Flamenco Madrid\" \/>\n<meta property=\"og:description\" content=\"Biografie Geboren in Mor\u00f3n de la Frontera, Sevilla, inspiriert durch den Flamenco, den ihm seine Familie mitgegeben hat. Er ist der Neffe des Meistergitarristen Diego del Gastor, der T\u00e4nzer Pepe R\u00edos, Andorrano, seiner Tante Ni\u00f1a Amparo, die in den 50er Jahren zusammen mit Farruco, Rafael el Negro und Matilde Coral in El Guajiro k\u00fcnstlerisch t\u00e4tig...\" \/>\n<meta property=\"og:url\" content=\"https:\/\/cardamomo.com\/de\/artist\/pepe-torres\/\" \/>\n<meta property=\"og:site_name\" content=\"Cardamomo Flamenco Madrid\" \/>\n<meta property=\"article:modified_time\" content=\"2025-03-12T10:38:40+00:00\" \/>\n<meta property=\"og:image\" content=\"https:\/\/cardamomo.ams3.digitaloceanspaces.com\/wp-content\/uploads\/2022\/06\/12103822\/pepe-torres.jpg\" \/>\n\t<meta property=\"og:image:width\" content=\"600\" \/>\n\t<meta property=\"og:image:height\" content=\"749\" \/>\n\t<meta property=\"og:image:type\" content=\"image\/jpeg\" \/>\n<meta name=\"twitter:card\" content=\"summary_large_image\" \/>\n<meta name=\"twitter:label1\" content=\"Gesch\u00e4tzte Lesezeit\" \/>\n\t<meta name=\"twitter:data1\" content=\"4\u00a0Minuten\" \/>\n<script type=\"application\/ld+json\" class=\"yoast-schema-graph\">{\"@context\":\"https:\\\/\\\/schema.org\",\"@graph\":[{\"@type\":\"WebPage\",\"@id\":\"https:\\\/\\\/cardamomo.com\\\/de\\\/artist\\\/pepe-torres\\\/\",\"url\":\"https:\\\/\\\/cardamomo.com\\\/de\\\/artist\\\/pepe-torres\\\/\",\"name\":\"Pepe Torres - Cardamomo Flamenco Madrid\",\"isPartOf\":{\"@id\":\"https:\\\/\\\/cardamomo.com\\\/de\\\/#website\"},\"primaryImageOfPage\":{\"@id\":\"https:\\\/\\\/cardamomo.com\\\/de\\\/artist\\\/pepe-torres\\\/#primaryimage\"},\"image\":{\"@id\":\"https:\\\/\\\/cardamomo.com\\\/es\\\/artist\\\/pepe-torres\\\/#primaryimage\"},\"thumbnailUrl\":\"https:\\\/\\\/cardamomo.ams3.digitaloceanspaces.com\\\/wp-content\\\/uploads\\\/2022\\\/06\\\/12103822\\\/pepe-torres.jpg\",\"datePublished\":\"2022-06-16T15:19:02+00:00\",\"dateModified\":\"2025-03-12T10:38:40+00:00\",\"breadcrumb\":{\"@id\":\"https:\\\/\\\/cardamomo.com\\\/de\\\/artist\\\/pepe-torres\\\/#breadcrumb\"},\"inLanguage\":\"de\",\"potentialAction\":[{\"@type\":\"ReadAction\",\"target\":[[\"https:\\\/\\\/cardamomo.com\\\/de\\\/artist\\\/pepe-torres\\\/\"]]}]},{\"@type\":\"ImageObject\",\"inLanguage\":\"de\",\"@id\":\"https:\\\/\\\/cardamomo.com\\\/de\\\/artist\\\/pepe-torres\\\/#primaryimage\",\"url\":\"https:\\\/\\\/cardamomo.ams3.digitaloceanspaces.com\\\/wp-content\\\/uploads\\\/2022\\\/06\\\/12103822\\\/pepe-torres.jpg\",\"contentUrl\":\"https:\\\/\\\/cardamomo.ams3.digitaloceanspaces.com\\\/wp-content\\\/uploads\\\/2022\\\/06\\\/12103822\\\/pepe-torres.jpg\",\"width\":600,\"height\":749,\"caption\":\"Bailaor Pepe Torres\"},{\"@type\":\"BreadcrumbList\",\"@id\":\"https:\\\/\\\/cardamomo.com\\\/de\\\/artist\\\/pepe-torres\\\/#breadcrumb\",\"itemListElement\":[{\"@type\":\"ListItem\",\"position\":1,\"name\":\"Cardamomo\",\"item\":\"https:\\\/\\\/cardamomo.com\\\/de\\\/\"},{\"@type\":\"ListItem\",\"position\":2,\"name\":\"Artists\",\"item\":\"https:\\\/\\\/cardamomo.com\\\/de\\\/artist\\\/\"},{\"@type\":\"ListItem\",\"position\":3,\"name\":\"Pepe Torres\"}]},{\"@type\":\"WebSite\",\"@id\":\"https:\\\/\\\/cardamomo.com\\\/de\\\/#website\",\"url\":\"https:\\\/\\\/cardamomo.com\\\/de\\\/\",\"name\":\"Cardamomo Flamenco Madrid\",\"description\":\"\",\"potentialAction\":[{\"@type\":\"SearchAction\",\"target\":{\"@type\":\"EntryPoint\",\"urlTemplate\":\"https:\\\/\\\/cardamomo.com\\\/de\\\/?s={search_term_string}\"},\"query-input\":{\"@type\":\"PropertyValueSpecification\",\"valueRequired\":true,\"valueName\":\"search_term_string\"}}],\"inLanguage\":\"de\"}]}<\/script>\n<!-- \/ Yoast SEO plugin. -->","yoast_head_json":{"title":"Pepe Torres - Cardamomo Flamenco Madrid","robots":{"index":"index","follow":"follow","max-snippet":"max-snippet:-1","max-image-preview":"max-image-preview:large","max-video-preview":"max-video-preview:-1"},"canonical":"\/","og_locale":"de_DE","og_type":"article","og_title":"Pepe Torres - Cardamomo Flamenco Madrid","og_description":"Biografie Geboren in Mor\u00f3n de la Frontera, Sevilla, inspiriert durch den Flamenco, den ihm seine Familie mitgegeben hat. Er ist der Neffe des Meistergitarristen Diego del Gastor, der T\u00e4nzer Pepe R\u00edos, Andorrano, seiner Tante Ni\u00f1a Amparo, die in den 50er Jahren zusammen mit Farruco, Rafael el Negro und Matilde Coral in El Guajiro k\u00fcnstlerisch t\u00e4tig...","og_url":"https:\/\/cardamomo.com\/de\/artist\/pepe-torres\/","og_site_name":"Cardamomo Flamenco Madrid","article_modified_time":"2025-03-12T10:38:40+00:00","og_image":[{"width":600,"height":749,"url":"https:\/\/cardamomo.ams3.digitaloceanspaces.com\/wp-content\/uploads\/2022\/06\/12103822\/pepe-torres.jpg","type":"image\/jpeg"}],"twitter_card":"summary_large_image","twitter_misc":{"Gesch\u00e4tzte Lesezeit":"4\u00a0Minuten"},"schema":{"@context":"https:\/\/schema.org","@graph":[{"@type":"WebPage","@id":"https:\/\/cardamomo.com\/de\/artist\/pepe-torres\/","url":"https:\/\/cardamomo.com\/de\/artist\/pepe-torres\/","name":"Pepe Torres - Cardamomo Flamenco Madrid","isPartOf":{"@id":"https:\/\/cardamomo.com\/de\/#website"},"primaryImageOfPage":{"@id":"https:\/\/cardamomo.com\/de\/artist\/pepe-torres\/#primaryimage"},"image":{"@id":"https:\/\/cardamomo.com\/es\/artist\/pepe-torres\/#primaryimage"},"thumbnailUrl":"https:\/\/cardamomo.ams3.digitaloceanspaces.com\/wp-content\/uploads\/2022\/06\/12103822\/pepe-torres.jpg","datePublished":"2022-06-16T15:19:02+00:00","dateModified":"2025-03-12T10:38:40+00:00","breadcrumb":{"@id":"https:\/\/cardamomo.com\/de\/artist\/pepe-torres\/#breadcrumb"},"inLanguage":"de","potentialAction":[{"@type":"ReadAction","target":[["https:\/\/cardamomo.com\/de\/artist\/pepe-torres\/"]]}]},{"@type":"ImageObject","inLanguage":"de","@id":"https:\/\/cardamomo.com\/de\/artist\/pepe-torres\/#primaryimage","url":"https:\/\/cardamomo.ams3.digitaloceanspaces.com\/wp-content\/uploads\/2022\/06\/12103822\/pepe-torres.jpg","contentUrl":"https:\/\/cardamomo.ams3.digitaloceanspaces.com\/wp-content\/uploads\/2022\/06\/12103822\/pepe-torres.jpg","width":600,"height":749,"caption":"Bailaor Pepe Torres"},{"@type":"BreadcrumbList","@id":"https:\/\/cardamomo.com\/de\/artist\/pepe-torres\/#breadcrumb","itemListElement":[{"@type":"ListItem","position":1,"name":"Cardamomo","item":"https:\/\/cardamomo.com\/de\/"},{"@type":"ListItem","position":2,"name":"Artists","item":"https:\/\/cardamomo.com\/de\/artist\/"},{"@type":"ListItem","position":3,"name":"Pepe Torres"}]},{"@type":"WebSite","@id":"https:\/\/cardamomo.com\/de\/#website","url":"https:\/\/cardamomo.com\/de\/","name":"Cardamomo Flamenco Madrid","description":"","potentialAction":[{"@type":"SearchAction","target":{"@type":"EntryPoint","urlTemplate":"https:\/\/cardamomo.com\/de\/?s={search_term_string}"},"query-input":{"@type":"PropertyValueSpecification","valueRequired":true,"valueName":"search_term_string"}}],"inLanguage":"de"}]}},"_links":{"self":[{"href":"https:\/\/cardamomo.com\/de\/wp-json\/wp\/v2\/artist\/102649","targetHints":{"allow":["GET"]}}],"collection":[{"href":"https:\/\/cardamomo.com\/de\/wp-json\/wp\/v2\/artist"}],"about":[{"href":"https:\/\/cardamomo.com\/de\/wp-json\/wp\/v2\/types\/artist"}],"wp:featuredmedia":[{"embeddable":true,"href":"https:\/\/cardamomo.com\/de\/wp-json\/wp\/v2\/media\/157184"}],"wp:attachment":[{"href":"https:\/\/cardamomo.com\/de\/wp-json\/wp\/v2\/media?parent=102649"}],"curies":[{"name":"wp","href":"https:\/\/api.w.org\/{rel}","templated":true}]}}

<p></p>
<h4>Biografie</h4>
<p>Geboren in Morón de la Frontera, Sevilla, inspiriert durch den Flamenco, den ihm seine Familie mitgegeben hat. Er ist der Neffe des Meistergitarristen Diego del Gastor, der Tänzer Pepe Ríos, Andorrano, seiner Tante Niña Amparo, die in den 50er Jahren zusammen mit Farruco, Rafael el Negro und Matilde Coral in El Guajiro künstlerisch tätig war. All diese Künstler haben ihn stark beeinflusst, ebenso wie seine Cousins Ramon Barrul und Juana Amaya, die ihn noch mehr in den Tanz verliebt haben. Im Alter von 11 Jahren begann er mit &#8222;Farruco&#8220; und Rafael &#8222;El Negro&#8220; zu tanzen, und ab dem Alter von 15 Jahren arbeitete er in Peñas, Tablaos und nationalen und internationalen Theatern. Er gründete sein eigenes Unternehmen und produzierte seine erste Show &#8222;Así Baila Morón&#8220;, die auf der Bienal de Sevilla 2004 präsentiert wurde.  Im Rahmen der Biennale nahm er als Bailaor für Antonio Canales, im Patio Hotel Triana als Haupt-Bailaor für die Gruppe Son de la Frontera, mit ausgezeichneten Kritiken und in der Show von Ricardo Pachón, &#8222;Perraterías&#8220;, zusammen mit Tomás de Perrate im Theater teil.</p>
<p>Sein Großvater Joselero, ein Fan des Gesangs, hinterließ Pepe die große Liebe zum Gesang, die er empfand. Seine Cantaora-Familie stammt zum einen aus den Familien Torres de La Puebla und Osuna. Andererseits hat die Familie seiner Großmutter, die Amaya de los negros de Ronda, auch seine Liebe zum Cante beeinflusst. Weitere Inspirationen waren Perrate, Juan Talega, Manolito de María, Camarón, Chocolate, Tomas Pavón, Pastora und viele andere.</p>
<p>Der Maestro Manolo Marín war eine große Inspiration, von dem Pepe Dinge lernen konnte, die ihm während seiner gesamten Karriere dienten. Sein wichtigster Lehrer ist jedoch Antonio Montoya &#8222;Farruco&#8220;, den er verehrt und bewundert und bei dem er auch unterrichtet hat.<br />
Im Bereich des Tanzes wurde er von vielen Künstlern wie Rafael el Negro, Bailaoras wie Angelita Vargas und ihrer Familie, Manuela Carrasco und ihrer Familie und drei Bailaores, die er sehr schätzte, inspiriert: El Tio Farruco, Ramón Barrul und Juan Ramírez.</p>
<p>Pepe ist seit vielen Jahren Mitglied der Gruppe Son de la Frontera (eine 1998 gegründete Musikgruppe). Ein sehr schönes Projekt, voll von Nominierungen und Preisen, und sehr wichtigen nationalen und internationalen Festivals. Sie nahmen zwei Alben auf, mit denen sie für die Latin Grammys nominiert wurden und von der BBC als beste Flamenco-Gruppe des Jahres ausgezeichnet wurden. Auftritte in bedeutenden Theatern wie der Royal Albert Hall, Welttourneen durch Südamerika, die Vereinigten Staaten, Europa und Spanien. Seit 2004 führt Pepe seine eigene Kompanie weiter und kreiert große Shows in Frankreich, Spanien und den Vereinigten Staaten. Er präsentiert &#8222;El baile flamenco de Pepe Torres&#8220; auf dem Flamenco Gitano Festival in New York, dank Nina Menéndez, produziert von einem Team von fünfzehn Personen, darunter Musiker, Gastkünstler, Ton- und Lichttechniker, als Eigenproduktion ohne finanzielle Unterstützung von Institutionen oder anderen.</p>
<h4>Festivals, Werke und Auszeichnungen</h4>
<p>&#8222;Flamenco Festival U.S.A.&#8220; mit der Show &#8222;Por Derecho&#8220;, Tournee durch die Vereinigten Staaten mit Farruquito und Juana Amaya.</p>
<p>2004 unternahm er eine Tournee durch Japan, wo er in den wichtigsten Theatern auftrat, unter anderem mit Manuela Carrasco und Rafael de Carmen.</p>
<p>Mit seiner Show ist er auf Festivals wie dem Festival del Gazpacho de Morón, dem Festival &#8222;Reunión del cante Jondo de la Puebla de Cazalla&#8220;, dem Festival de Cáceres, dem Festival Cuevas de Nerja, dem Festival de Nimes in Frankreich, dem Festival Río Loco de Toulus und dem Festival de Toulouse aufgetreten, Festival Río Loco de Toulusse 2007, Etnosur in Jaén, Festival de Montreal, VI Festival de Música de Jimena de la Frontera, Festival Flamenco de Jerez, Semana de Andalucía en París, Bienal de arte flamenco de Sevilla, Bienal de Málaga und die Bienal de Holanda, neben vielen anderen.</p>
<p>Grupo Son de la Frontera, Kritikerpreis, Madrid, Beste Live-Show des Jahres, nominiert für den Latin Grammy 2007 und ausgezeichnet von der BBC in London als beste europäische Gruppe.</p>
<p>Teilnahme am Theater Maestranza, Lope de Vega in Sevilla und Madrid.  Teatro Albeniz in Madrid, Isabel la Católica in Granada, Teatro Cervantes in Málaga, Gran Teatro de Córdoba, das City Center in New York und El Teresa Carreño in Venezuela und viele andere.</p>
<p>Pepe versichert, dass er sich weiterhin bemühen wird, seinen Teil zum Tanz beizutragen, der besser oder schlechter sein kann, aber er kann sagen, dass das, was er tut, &#8222;Flamenco&#8220; genannt wird.</p>

<!-- This site is optimized with the Yoast SEO plugin v27.4 - https://yoast.com/product/yoast-seo-wordpress/ -->
<title>Pepe Torres - Cardamomo Flamenco Madrid</title>
<meta name="robots" content="index, follow, max-snippet:-1, max-image-preview:large, max-video-preview:-1" />
<link rel="canonical" href="/" />
<meta property="og:locale" content="de_DE" />
<meta property="og:type" content="article" />
<meta property="og:title" content="Pepe Torres - Cardamomo Flamenco Madrid" />
<meta property="og:description" content="Biografie Geboren in Morón de la Frontera, Sevilla, inspiriert durch den Flamenco, den ihm seine Familie mitgegeben hat. Er ist der Neffe des Meistergitarristen Diego del Gastor, der Tänzer Pepe Ríos, Andorrano, seiner Tante Niña Amparo, die in den 50er Jahren zusammen mit Farruco, Rafael el Negro und Matilde Coral in El Guajiro künstlerisch tätig..." />
<meta property="og:url" content="https://cardamomo.com/de/artist/pepe-torres/" />
<meta property="og:site_name" content="Cardamomo Flamenco Madrid" />
<meta property="article:modified_time" content="2025-03-12T10:38:40+00:00" />
<meta property="og:image" content="https://cardamomo.ams3.digitaloceanspaces.com/wp-content/uploads/2022/06/12103822/pepe-torres.jpg" />
	<meta property="og:image:width" content="600" />
	<meta property="og:image:height" content="749" />
	<meta property="og:image:type" content="image/jpeg" />
<meta name="twitter:card" content="summary_large_image" />
<meta name="twitter:label1" content="Geschätzte Lesezeit" />
	<meta name="twitter:data1" content="4 Minuten" />
<script type="application/ld+json" class="yoast-schema-graph">{"@context":"https:\/\/schema.org","@graph":[{"@type":"WebPage","@id":"https:\/\/cardamomo.com\/de\/artist\/pepe-torres\/","url":"https:\/\/cardamomo.com\/de\/artist\/pepe-torres\/","name":"Pepe Torres - Cardamomo Flamenco Madrid","isPartOf":{"@id":"https:\/\/cardamomo.com\/de\/#website"},"primaryImageOfPage":{"@id":"https:\/\/cardamomo.com\/de\/artist\/pepe-torres\/#primaryimage"},"image":{"@id":"https:\/\/cardamomo.com\/es\/artist\/pepe-torres\/#primaryimage"},"thumbnailUrl":"https:\/\/cardamomo.ams3.digitaloceanspaces.com\/wp-content\/uploads\/2022\/06\/12103822\/pepe-torres.jpg","datePublished":"2022-06-16T15:19:02+00:00","dateModified":"2025-03-12T10:38:40+00:00","breadcrumb":{"@id":"https:\/\/cardamomo.com\/de\/artist\/pepe-torres\/#breadcrumb"},"inLanguage":"de","potentialAction":[{"@type":"ReadAction","target":[["https:\/\/cardamomo.com\/de\/artist\/pepe-torres\/"]]}]},{"@type":"ImageObject","inLanguage":"de","@id":"https:\/\/cardamomo.com\/de\/artist\/pepe-torres\/#primaryimage","url":"https:\/\/cardamomo.ams3.digitaloceanspaces.com\/wp-content\/uploads\/2022\/06\/12103822\/pepe-torres.jpg","contentUrl":"https:\/\/cardamomo.ams3.digitaloceanspaces.com\/wp-content\/uploads\/2022\/06\/12103822\/pepe-torres.jpg","width":600,"height":749,"caption":"Bailaor Pepe Torres"},{"@type":"BreadcrumbList","@id":"https:\/\/cardamomo.com\/de\/artist\/pepe-torres\/#breadcrumb","itemListElement":[{"@type":"ListItem","position":1,"name":"Cardamomo","item":"https:\/\/cardamomo.com\/de\/"},{"@type":"ListItem","position":2,"name":"Artists","item":"https:\/\/cardamomo.com\/de\/artist\/"},{"@type":"ListItem","position":3,"name":"Pepe Torres"}]},{"@type":"WebSite","@id":"https:\/\/cardamomo.com\/de\/#website","url":"https:\/\/cardamomo.com\/de\/","name":"Cardamomo Flamenco Madrid","description":"","potentialAction":[{"@type":"SearchAction","target":{"@type":"EntryPoint","urlTemplate":"https:\/\/cardamomo.com\/de\/?s={search_term_string}"},"query-input":{"@type":"PropertyValueSpecification","valueRequired":true,"valueName":"search_term_string"}}],"inLanguage":"de"}]}</script>
<!-- / Yoast SEO plugin. -->

Biografie Geboren in Morón de la Frontera, Sevilla, inspiriert durch den Flamenco, den ihm seine Familie mitgegeben hat. Er ist der Neffe des Meistergitarristen Diego del Gastor, der Tänzer Pepe Ríos, Andorrano, seiner Tante Niña Amparo, die in den 50er Jahren zusammen mit Farruco, Rafael el Negro und Matilde Coral in El Guajiro künstlerisch tätig...
