{"id":100592,"date":"2022-05-24T20:50:29","date_gmt":"2022-05-24T18:50:29","guid":{"rendered":"https:\/\/cardamomo.com\/es\/?post_type=artist&#038;p=100592"},"modified":"2025-03-18T15:26:06","modified_gmt":"2025-03-18T15:26:06","slug":"miguel-el-rubio","status":"publish","type":"artist","link":"https:\/\/cardamomo.com\/de\/artist\/miguel-el-rubio\/","title":{"rendered":"Miguel &#8222;El Rubio&#8220;"},"content":{"rendered":"<p><\/p>\n<h4>Biografie<\/h4>\n<p>Der junge T\u00e4nzer ist seit seiner fr\u00fchen Kindheit mit der Kunst des Flamenco aufgewachsen. Im Alter von f\u00fcnf Jahren gab er sein Deb\u00fct in der Show von Antonio Fernandez Montoya &#8222;Farru&#8220;, &#8222;Los gnomos del flamenco&#8220;. Im Alter von acht Jahren nahm sie an der Bienal de Flamenco in Sevilla mit der Show &#8222;Triana pura&#8220; teil. Er setzte seine Tournee in Spanien fort, begleitet von gro\u00dfen K\u00fcnstlern wie: Remedios Amaya, Ricardo Mi\u00f1o, Pastora Galv\u00e1n, La Argentina, El Pele, Roc\u00edo Molina und anderen.<\/p>\n<h4>Festivals, Kinos und Auszeichnungen<\/h4>\n<p>2008- Bienal de Flamenco (Teatro Alameda de Sevilla) mit den Shows &#8222;+ J\u00f3venes + Flamenco&#8220; und &#8222;Pe\u00f1as de guardia&#8220;. Preis f\u00fcr J\u00f3venes Flamencos.<br \/>\n2010- Show &#8222;Vin\u00e1tica&#8220; (Frankreich-C\u00e1diz) mit der T\u00e4nzerin Roc\u00edo Molina.<br \/>\n2011- Festival de Cante Grande de Casabermeja (M\u00e1laga) mit der T\u00e4nzerin Carmen Ledesma und dem S\u00e4nger Manuel Moreno Maya, &#8222;El Pele&#8220;.<br \/>\n2011- Zigeunermusikfestival (Oslo, Norwegen) mit &#8222;Yagori&#8220;.<br \/>\n2011- Mont de Marsan Festival (Frankreich) mit &#8222;Danzaora&#8220; von der T\u00e4nzerin Roc\u00edo Molina.<br \/>\n2011- Andalusisches Musikfestival (Marokko) mit der Flamencos\u00e4ngerin Esperanza Fern\u00e1ndez.<br \/>\n2015- Internationales Flamenco Festival (Japan), &#8222;Hommage an Paco de Luc\u00eda&#8220;.<br \/>\n2016 &#8211; Tournee durch China mit der Cantaora &#8222;La Argentina&#8220;.<\/p>","protected":false},"featured_media":157200,"template":"","meta":{"_acf_changed":false,"inline_featured_image":false},"class_list":["post-100592","artist","type-artist","status-publish","has-post-thumbnail","hentry"],"acf":[],"yoast_head":"<!-- This site is optimized with the Yoast SEO plugin v27.4 - https:\/\/yoast.com\/product\/yoast-seo-wordpress\/ -->\n<title>Miguel &quot;El Rubio&quot; - Cardamomo Flamenco Madrid<\/title>\n<meta name=\"robots\" content=\"index, follow, max-snippet:-1, max-image-preview:large, max-video-preview:-1\" \/>\n<link rel=\"canonical\" href=\"\/\" \/>\n<meta property=\"og:locale\" content=\"de_DE\" \/>\n<meta property=\"og:type\" content=\"article\" \/>\n<meta property=\"og:title\" content=\"Miguel &quot;El Rubio&quot; - Cardamomo Flamenco Madrid\" \/>\n<meta property=\"og:description\" content=\"Biografie Der junge T\u00e4nzer ist seit seiner fr\u00fchen Kindheit mit der Kunst des Flamenco aufgewachsen. Im Alter von f\u00fcnf Jahren gab er sein Deb\u00fct in der Show von Antonio Fernandez Montoya &#8222;Farru&#8220;, &#8222;Los gnomos del flamenco&#8220;. Im Alter von acht Jahren nahm sie an der Bienal de Flamenco in Sevilla mit der Show &#8222;Triana pura&#8220;...\" \/>\n<meta property=\"og:url\" content=\"https:\/\/cardamomo.com\/de\/artist\/miguel-el-rubio\/\" \/>\n<meta property=\"og:site_name\" content=\"Cardamomo Flamenco Madrid\" \/>\n<meta property=\"article:modified_time\" content=\"2025-03-18T15:26:06+00:00\" \/>\n<meta property=\"og:image\" content=\"https:\/\/cardamomo.ams3.digitaloceanspaces.com\/wp-content\/uploads\/2022\/05\/18152523\/miguel-el-rubio-1.jpg\" \/>\n\t<meta property=\"og:image:width\" content=\"600\" \/>\n\t<meta property=\"og:image:height\" content=\"750\" \/>\n\t<meta property=\"og:image:type\" content=\"image\/jpeg\" \/>\n<meta name=\"twitter:card\" content=\"summary_large_image\" \/>\n<meta name=\"twitter:label1\" content=\"Gesch\u00e4tzte Lesezeit\" \/>\n\t<meta name=\"twitter:data1\" content=\"2\u00a0Minuten\" \/>\n<script type=\"application\/ld+json\" class=\"yoast-schema-graph\">{\"@context\":\"https:\\\/\\\/schema.org\",\"@graph\":[{\"@type\":\"WebPage\",\"@id\":\"https:\\\/\\\/cardamomo.com\\\/de\\\/artist\\\/miguel-el-rubio\\\/\",\"url\":\"https:\\\/\\\/cardamomo.com\\\/de\\\/artist\\\/miguel-el-rubio\\\/\",\"name\":\"Miguel \\\"El Rubio\\\" - Cardamomo Flamenco Madrid\",\"isPartOf\":{\"@id\":\"https:\\\/\\\/cardamomo.com\\\/de\\\/#website\"},\"primaryImageOfPage\":{\"@id\":\"https:\\\/\\\/cardamomo.com\\\/de\\\/artist\\\/miguel-el-rubio\\\/#primaryimage\"},\"image\":{\"@id\":\"https:\\\/\\\/cardamomo.com\\\/es\\\/artist\\\/miguel-el-rubio\\\/#primaryimage\"},\"thumbnailUrl\":\"https:\\\/\\\/cardamomo.ams3.digitaloceanspaces.com\\\/wp-content\\\/uploads\\\/2022\\\/05\\\/18152523\\\/miguel-el-rubio-1.jpg\",\"datePublished\":\"2022-05-24T18:50:29+00:00\",\"dateModified\":\"2025-03-18T15:26:06+00:00\",\"breadcrumb\":{\"@id\":\"https:\\\/\\\/cardamomo.com\\\/de\\\/artist\\\/miguel-el-rubio\\\/#breadcrumb\"},\"inLanguage\":\"de\",\"potentialAction\":[{\"@type\":\"ReadAction\",\"target\":[[\"https:\\\/\\\/cardamomo.com\\\/de\\\/artist\\\/miguel-el-rubio\\\/\"]]}]},{\"@type\":\"ImageObject\",\"inLanguage\":\"de\",\"@id\":\"https:\\\/\\\/cardamomo.com\\\/de\\\/artist\\\/miguel-el-rubio\\\/#primaryimage\",\"url\":\"https:\\\/\\\/cardamomo.ams3.digitaloceanspaces.com\\\/wp-content\\\/uploads\\\/2022\\\/05\\\/18152523\\\/miguel-el-rubio-1.jpg\",\"contentUrl\":\"https:\\\/\\\/cardamomo.ams3.digitaloceanspaces.com\\\/wp-content\\\/uploads\\\/2022\\\/05\\\/18152523\\\/miguel-el-rubio-1.jpg\",\"width\":600,\"height\":750,\"caption\":\"Bailaor Miguel el rubio\"},{\"@type\":\"BreadcrumbList\",\"@id\":\"https:\\\/\\\/cardamomo.com\\\/de\\\/artist\\\/miguel-el-rubio\\\/#breadcrumb\",\"itemListElement\":[{\"@type\":\"ListItem\",\"position\":1,\"name\":\"Cardamomo\",\"item\":\"https:\\\/\\\/cardamomo.com\\\/de\\\/\"},{\"@type\":\"ListItem\",\"position\":2,\"name\":\"Artists\",\"item\":\"https:\\\/\\\/cardamomo.com\\\/de\\\/artist\\\/\"},{\"@type\":\"ListItem\",\"position\":3,\"name\":\"Miguel \u00abEl Rubio\u00bb\"}]},{\"@type\":\"WebSite\",\"@id\":\"https:\\\/\\\/cardamomo.com\\\/de\\\/#website\",\"url\":\"https:\\\/\\\/cardamomo.com\\\/de\\\/\",\"name\":\"Cardamomo Flamenco Madrid\",\"description\":\"\",\"potentialAction\":[{\"@type\":\"SearchAction\",\"target\":{\"@type\":\"EntryPoint\",\"urlTemplate\":\"https:\\\/\\\/cardamomo.com\\\/de\\\/?s={search_term_string}\"},\"query-input\":{\"@type\":\"PropertyValueSpecification\",\"valueRequired\":true,\"valueName\":\"search_term_string\"}}],\"inLanguage\":\"de\"}]}<\/script>\n<!-- \/ Yoast SEO plugin. -->","yoast_head_json":{"title":"Miguel \"El Rubio\" - Cardamomo Flamenco Madrid","robots":{"index":"index","follow":"follow","max-snippet":"max-snippet:-1","max-image-preview":"max-image-preview:large","max-video-preview":"max-video-preview:-1"},"canonical":"\/","og_locale":"de_DE","og_type":"article","og_title":"Miguel \"El Rubio\" - Cardamomo Flamenco Madrid","og_description":"Biografie Der junge T\u00e4nzer ist seit seiner fr\u00fchen Kindheit mit der Kunst des Flamenco aufgewachsen. Im Alter von f\u00fcnf Jahren gab er sein Deb\u00fct in der Show von Antonio Fernandez Montoya &#8222;Farru&#8220;, &#8222;Los gnomos del flamenco&#8220;. Im Alter von acht Jahren nahm sie an der Bienal de Flamenco in Sevilla mit der Show &#8222;Triana pura&#8220;...","og_url":"https:\/\/cardamomo.com\/de\/artist\/miguel-el-rubio\/","og_site_name":"Cardamomo Flamenco Madrid","article_modified_time":"2025-03-18T15:26:06+00:00","og_image":[{"width":600,"height":750,"url":"https:\/\/cardamomo.ams3.digitaloceanspaces.com\/wp-content\/uploads\/2022\/05\/18152523\/miguel-el-rubio-1.jpg","type":"image\/jpeg"}],"twitter_card":"summary_large_image","twitter_misc":{"Gesch\u00e4tzte Lesezeit":"2\u00a0Minuten"},"schema":{"@context":"https:\/\/schema.org","@graph":[{"@type":"WebPage","@id":"https:\/\/cardamomo.com\/de\/artist\/miguel-el-rubio\/","url":"https:\/\/cardamomo.com\/de\/artist\/miguel-el-rubio\/","name":"Miguel \"El Rubio\" - Cardamomo Flamenco Madrid","isPartOf":{"@id":"https:\/\/cardamomo.com\/de\/#website"},"primaryImageOfPage":{"@id":"https:\/\/cardamomo.com\/de\/artist\/miguel-el-rubio\/#primaryimage"},"image":{"@id":"https:\/\/cardamomo.com\/es\/artist\/miguel-el-rubio\/#primaryimage"},"thumbnailUrl":"https:\/\/cardamomo.ams3.digitaloceanspaces.com\/wp-content\/uploads\/2022\/05\/18152523\/miguel-el-rubio-1.jpg","datePublished":"2022-05-24T18:50:29+00:00","dateModified":"2025-03-18T15:26:06+00:00","breadcrumb":{"@id":"https:\/\/cardamomo.com\/de\/artist\/miguel-el-rubio\/#breadcrumb"},"inLanguage":"de","potentialAction":[{"@type":"ReadAction","target":[["https:\/\/cardamomo.com\/de\/artist\/miguel-el-rubio\/"]]}]},{"@type":"ImageObject","inLanguage":"de","@id":"https:\/\/cardamomo.com\/de\/artist\/miguel-el-rubio\/#primaryimage","url":"https:\/\/cardamomo.ams3.digitaloceanspaces.com\/wp-content\/uploads\/2022\/05\/18152523\/miguel-el-rubio-1.jpg","contentUrl":"https:\/\/cardamomo.ams3.digitaloceanspaces.com\/wp-content\/uploads\/2022\/05\/18152523\/miguel-el-rubio-1.jpg","width":600,"height":750,"caption":"Bailaor Miguel el rubio"},{"@type":"BreadcrumbList","@id":"https:\/\/cardamomo.com\/de\/artist\/miguel-el-rubio\/#breadcrumb","itemListElement":[{"@type":"ListItem","position":1,"name":"Cardamomo","item":"https:\/\/cardamomo.com\/de\/"},{"@type":"ListItem","position":2,"name":"Artists","item":"https:\/\/cardamomo.com\/de\/artist\/"},{"@type":"ListItem","position":3,"name":"Miguel \u00abEl Rubio\u00bb"}]},{"@type":"WebSite","@id":"https:\/\/cardamomo.com\/de\/#website","url":"https:\/\/cardamomo.com\/de\/","name":"Cardamomo Flamenco Madrid","description":"","potentialAction":[{"@type":"SearchAction","target":{"@type":"EntryPoint","urlTemplate":"https:\/\/cardamomo.com\/de\/?s={search_term_string}"},"query-input":{"@type":"PropertyValueSpecification","valueRequired":true,"valueName":"search_term_string"}}],"inLanguage":"de"}]}},"_links":{"self":[{"href":"https:\/\/cardamomo.com\/de\/wp-json\/wp\/v2\/artist\/100592","targetHints":{"allow":["GET"]}}],"collection":[{"href":"https:\/\/cardamomo.com\/de\/wp-json\/wp\/v2\/artist"}],"about":[{"href":"https:\/\/cardamomo.com\/de\/wp-json\/wp\/v2\/types\/artist"}],"wp:featuredmedia":[{"embeddable":true,"href":"https:\/\/cardamomo.com\/de\/wp-json\/wp\/v2\/media\/157200"}],"wp:attachment":[{"href":"https:\/\/cardamomo.com\/de\/wp-json\/wp\/v2\/media?parent=100592"}],"curies":[{"name":"wp","href":"https:\/\/api.w.org\/{rel}","templated":true}]}}

<p></p>
<h4>Biografie</h4>
<p>Der junge Tänzer ist seit seiner frühen Kindheit mit der Kunst des Flamenco aufgewachsen. Im Alter von fünf Jahren gab er sein Debüt in der Show von Antonio Fernandez Montoya &#8222;Farru&#8220;, &#8222;Los gnomos del flamenco&#8220;. Im Alter von acht Jahren nahm sie an der Bienal de Flamenco in Sevilla mit der Show &#8222;Triana pura&#8220; teil. Er setzte seine Tournee in Spanien fort, begleitet von großen Künstlern wie: Remedios Amaya, Ricardo Miño, Pastora Galván, La Argentina, El Pele, Rocío Molina und anderen.</p>
<h4>Festivals, Kinos und Auszeichnungen</h4>
<p>2008- Bienal de Flamenco (Teatro Alameda de Sevilla) mit den Shows &#8222;+ Jóvenes + Flamenco&#8220; und &#8222;Peñas de guardia&#8220;. Preis für Jóvenes Flamencos.<br />
2010- Show &#8222;Vinática&#8220; (Frankreich-Cádiz) mit der Tänzerin Rocío Molina.<br />
2011- Festival de Cante Grande de Casabermeja (Málaga) mit der Tänzerin Carmen Ledesma und dem Sänger Manuel Moreno Maya, &#8222;El Pele&#8220;.<br />
2011- Zigeunermusikfestival (Oslo, Norwegen) mit &#8222;Yagori&#8220;.<br />
2011- Mont de Marsan Festival (Frankreich) mit &#8222;Danzaora&#8220; von der Tänzerin Rocío Molina.<br />
2011- Andalusisches Musikfestival (Marokko) mit der Flamencosängerin Esperanza Fernández.<br />
2015- Internationales Flamenco Festival (Japan), &#8222;Hommage an Paco de Lucía&#8220;.<br />
2016 &#8211; Tournee durch China mit der Cantaora &#8222;La Argentina&#8220;.</p>

<!-- This site is optimized with the Yoast SEO plugin v27.4 - https://yoast.com/product/yoast-seo-wordpress/ -->
<title>Miguel &quot;El Rubio&quot; - Cardamomo Flamenco Madrid</title>
<meta name="robots" content="index, follow, max-snippet:-1, max-image-preview:large, max-video-preview:-1" />
<link rel="canonical" href="/" />
<meta property="og:locale" content="de_DE" />
<meta property="og:type" content="article" />
<meta property="og:title" content="Miguel &quot;El Rubio&quot; - Cardamomo Flamenco Madrid" />
<meta property="og:description" content="Biografie Der junge Tänzer ist seit seiner frühen Kindheit mit der Kunst des Flamenco aufgewachsen. Im Alter von fünf Jahren gab er sein Debüt in der Show von Antonio Fernandez Montoya &#8222;Farru&#8220;, &#8222;Los gnomos del flamenco&#8220;. Im Alter von acht Jahren nahm sie an der Bienal de Flamenco in Sevilla mit der Show &#8222;Triana pura&#8220;..." />
<meta property="og:url" content="https://cardamomo.com/de/artist/miguel-el-rubio/" />
<meta property="og:site_name" content="Cardamomo Flamenco Madrid" />
<meta property="article:modified_time" content="2025-03-18T15:26:06+00:00" />
<meta property="og:image" content="https://cardamomo.ams3.digitaloceanspaces.com/wp-content/uploads/2022/05/18152523/miguel-el-rubio-1.jpg" />
	<meta property="og:image:width" content="600" />
	<meta property="og:image:height" content="750" />
	<meta property="og:image:type" content="image/jpeg" />
<meta name="twitter:card" content="summary_large_image" />
<meta name="twitter:label1" content="Geschätzte Lesezeit" />
	<meta name="twitter:data1" content="2 Minuten" />
<script type="application/ld+json" class="yoast-schema-graph">{"@context":"https:\/\/schema.org","@graph":[{"@type":"WebPage","@id":"https:\/\/cardamomo.com\/de\/artist\/miguel-el-rubio\/","url":"https:\/\/cardamomo.com\/de\/artist\/miguel-el-rubio\/","name":"Miguel \"El Rubio\" - Cardamomo Flamenco Madrid","isPartOf":{"@id":"https:\/\/cardamomo.com\/de\/#website"},"primaryImageOfPage":{"@id":"https:\/\/cardamomo.com\/de\/artist\/miguel-el-rubio\/#primaryimage"},"image":{"@id":"https:\/\/cardamomo.com\/es\/artist\/miguel-el-rubio\/#primaryimage"},"thumbnailUrl":"https:\/\/cardamomo.ams3.digitaloceanspaces.com\/wp-content\/uploads\/2022\/05\/18152523\/miguel-el-rubio-1.jpg","datePublished":"2022-05-24T18:50:29+00:00","dateModified":"2025-03-18T15:26:06+00:00","breadcrumb":{"@id":"https:\/\/cardamomo.com\/de\/artist\/miguel-el-rubio\/#breadcrumb"},"inLanguage":"de","potentialAction":[{"@type":"ReadAction","target":[["https:\/\/cardamomo.com\/de\/artist\/miguel-el-rubio\/"]]}]},{"@type":"ImageObject","inLanguage":"de","@id":"https:\/\/cardamomo.com\/de\/artist\/miguel-el-rubio\/#primaryimage","url":"https:\/\/cardamomo.ams3.digitaloceanspaces.com\/wp-content\/uploads\/2022\/05\/18152523\/miguel-el-rubio-1.jpg","contentUrl":"https:\/\/cardamomo.ams3.digitaloceanspaces.com\/wp-content\/uploads\/2022\/05\/18152523\/miguel-el-rubio-1.jpg","width":600,"height":750,"caption":"Bailaor Miguel el rubio"},{"@type":"BreadcrumbList","@id":"https:\/\/cardamomo.com\/de\/artist\/miguel-el-rubio\/#breadcrumb","itemListElement":[{"@type":"ListItem","position":1,"name":"Cardamomo","item":"https:\/\/cardamomo.com\/de\/"},{"@type":"ListItem","position":2,"name":"Artists","item":"https:\/\/cardamomo.com\/de\/artist\/"},{"@type":"ListItem","position":3,"name":"Miguel «El Rubio»"}]},{"@type":"WebSite","@id":"https:\/\/cardamomo.com\/de\/#website","url":"https:\/\/cardamomo.com\/de\/","name":"Cardamomo Flamenco Madrid","description":"","potentialAction":[{"@type":"SearchAction","target":{"@type":"EntryPoint","urlTemplate":"https:\/\/cardamomo.com\/de\/?s={search_term_string}"},"query-input":{"@type":"PropertyValueSpecification","valueRequired":true,"valueName":"search_term_string"}}],"inLanguage":"de"}]}</script>
<!-- / Yoast SEO plugin. -->

Biografie Der junge Tänzer ist seit seiner frühen Kindheit mit der Kunst des Flamenco aufgewachsen. Im Alter von fünf Jahren gab er sein Debüt in der Show von Antonio Fernandez Montoya &#8222;Farru&#8220;, &#8222;Los gnomos del flamenco&#8220;. Im Alter von acht Jahren nahm sie an der Bienal de Flamenco in Sevilla mit der Show &#8222;Triana pura&#8220;...
