{"version":"1.0","provider_name":"Cardamomo Flamenco Madrid","provider_url":"https:\/\/cardamomo.com\/de","author_name":"admin_cardamomo","author_url":"https:\/\/cardamomo.com\/de\/author\/admin_cardamomo\/","title":"Karime Amaya - Cardamomo Flamenco Madrid","type":"rich","width":600,"height":338,"html":"<blockquote class=\"wp-embedded-content\" data-secret=\"Tp8KGj8Neu\"><a href=\"https:\/\/cardamomo.com\/de\/karime-amaya-en-cardamomo\/\">Karime Amaya<\/a><\/blockquote><iframe sandbox=\"allow-scripts\" security=\"restricted\" src=\"https:\/\/cardamomo.com\/de\/karime-amaya-en-cardamomo\/embed\/#?secret=Tp8KGj8Neu\" width=\"600\" height=\"338\" title=\"&#8222;Karime Amaya&#8220; &#8211; Cardamomo Flamenco Madrid\" data-secret=\"Tp8KGj8Neu\" frameborder=\"0\" marginwidth=\"0\" marginheight=\"0\" scrolling=\"no\" class=\"wp-embedded-content\"><\/iframe><script type=\"text\/javascript\">\n\/* <![CDATA[ *\/\n\/*! This file is auto-generated *\/\n!function(d,l){\"use strict\";l.querySelector&&d.addEventListener&&\"undefined\"!=typeof URL&&(d.wp=d.wp||{},d.wp.receiveEmbedMessage||(d.wp.receiveEmbedMessage=function(e){var t=e.data;if((t||t.secret||t.message||t.value)&&!\/[^a-zA-Z0-9]\/.test(t.secret)){for(var s,r,n,a=l.querySelectorAll('iframe[data-secret=\"'+t.secret+'\"]'),o=l.querySelectorAll('blockquote[data-secret=\"'+t.secret+'\"]'),c=new RegExp(\"^https?:$\",\"i\"),i=0;i<o.length;i++)o[i].style.display=\"none\";for(i=0;i<a.length;i++)s=a[i],e.source===s.contentWindow&&(s.removeAttribute(\"style\"),\"height\"===t.message?(1e3<(r=parseInt(t.value,10))?r=1e3:~~r<200&&(r=200),s.height=r):\"link\"===t.message&&(r=new URL(s.getAttribute(\"src\")),n=new URL(t.value),c.test(n.protocol))&&n.host===r.host&&l.activeElement===s&&(d.top.location.href=t.value))}},d.addEventListener(\"message\",d.wp.receiveEmbedMessage,!1),l.addEventListener(\"DOMContentLoaded\",function(){for(var e,t,s=l.querySelectorAll(\"iframe.wp-embedded-content\"),r=0;r<s.length;r++)(t=(e=s[r]).getAttribute(\"data-secret\"))||(t=Math.random().toString(36).substring(2,12),e.src+=\"#?secret=\"+t,e.setAttribute(\"data-secret\",t)),e.contentWindow.postMessage({message:\"ready\",secret:t},\"*\")},!1)))}(window,document);\n\/\/# sourceURL=https:\/\/cardamomo.com\/wp-includes\/js\/wp-embed.min.js\n\/* ]]> *\/\n<\/script>\n","thumbnail_url":"https:\/\/cardamomo.ams3.digitaloceanspaces.com\/wp-content\/uploads\/2021\/04\/15115836\/karime-amaya-930x530_c.jpg","thumbnail_width":930,"thumbnail_height":530,"description":"Cardamomo ist stolz darauf, vom 8. bis 14. NOVEMBER den Flamenco-T\u00e4nzer und Star Karime Amaya auf seiner B\u00fchne begr\u00fc\u00dfen zu d\u00fcrfen. Die Nichte der unvergesslichen Carmen Amaya, f\u00fcr viele die gr\u00f6\u00dfte T\u00e4nzerin in der Geschichte des Flamenco, wurde umgeben von Flamenco-K\u00fcnstlern geboren. Sein Vater, seine Tanten, seine Gro\u00dfeltern &#8230; Jeder, der etwas \u00fcber die Flamenco-Welt..."}

Cardamomo ist stolz darauf, vom 8. bis 14. NOVEMBER den Flamenco-Tänzer und Star Karime Amaya auf seiner Bühne begrüßen zu dürfen. Die Nichte der unvergesslichen Carmen Amaya, für viele die größte Tänzerin in der Geschichte des Flamenco, wurde umgeben von Flamenco-Künstlern geboren. Sein Vater, seine Tanten, seine Großeltern &#8230; Jeder, der etwas über die Flamenco-Welt...
