{"version":"1.0","provider_name":"Cardamomo Flamenco Madrid","provider_url":"https:\/\/cardamomo.com\/de","author_name":"admin_cardamomo","author_url":"https:\/\/cardamomo.com\/de\/author\/admin_cardamomo\/","title":"Miguel \"El Rubio\" - Cardamomo Flamenco Madrid","type":"rich","width":600,"height":338,"html":"<blockquote class=\"wp-embedded-content\" data-secret=\"iIXTbHbfpD\"><a href=\"https:\/\/cardamomo.com\/de\/artist\/miguel-el-rubio\/\">Miguel &#8222;El Rubio&#8220;<\/a><\/blockquote><iframe sandbox=\"allow-scripts\" security=\"restricted\" src=\"https:\/\/cardamomo.com\/de\/artist\/miguel-el-rubio\/embed\/#?secret=iIXTbHbfpD\" width=\"600\" height=\"338\" title=\"&#8222;Miguel &#8222;El Rubio&#8220;&#8220; &#8211; Cardamomo Flamenco Madrid\" data-secret=\"iIXTbHbfpD\" frameborder=\"0\" marginwidth=\"0\" marginheight=\"0\" scrolling=\"no\" class=\"wp-embedded-content\"><\/iframe><script type=\"text\/javascript\">\n\/* <![CDATA[ *\/\n\/*! This file is auto-generated *\/\n!function(d,l){\"use strict\";l.querySelector&&d.addEventListener&&\"undefined\"!=typeof URL&&(d.wp=d.wp||{},d.wp.receiveEmbedMessage||(d.wp.receiveEmbedMessage=function(e){var t=e.data;if((t||t.secret||t.message||t.value)&&!\/[^a-zA-Z0-9]\/.test(t.secret)){for(var s,r,n,a=l.querySelectorAll('iframe[data-secret=\"'+t.secret+'\"]'),o=l.querySelectorAll('blockquote[data-secret=\"'+t.secret+'\"]'),c=new RegExp(\"^https?:$\",\"i\"),i=0;i<o.length;i++)o[i].style.display=\"none\";for(i=0;i<a.length;i++)s=a[i],e.source===s.contentWindow&&(s.removeAttribute(\"style\"),\"height\"===t.message?(1e3<(r=parseInt(t.value,10))?r=1e3:~~r<200&&(r=200),s.height=r):\"link\"===t.message&&(r=new URL(s.getAttribute(\"src\")),n=new URL(t.value),c.test(n.protocol))&&n.host===r.host&&l.activeElement===s&&(d.top.location.href=t.value))}},d.addEventListener(\"message\",d.wp.receiveEmbedMessage,!1),l.addEventListener(\"DOMContentLoaded\",function(){for(var e,t,s=l.querySelectorAll(\"iframe.wp-embedded-content\"),r=0;r<s.length;r++)(t=(e=s[r]).getAttribute(\"data-secret\"))||(t=Math.random().toString(36).substring(2,12),e.src+=\"#?secret=\"+t,e.setAttribute(\"data-secret\",t)),e.contentWindow.postMessage({message:\"ready\",secret:t},\"*\")},!1)))}(window,document);\n\/\/# sourceURL=https:\/\/cardamomo.com\/wp-includes\/js\/wp-embed.min.js\n\/* ]]> *\/\n<\/script>\n","thumbnail_url":"https:\/\/cardamomo.ams3.digitaloceanspaces.com\/wp-content\/uploads\/2022\/05\/18152523\/miguel-el-rubio-1.jpg","thumbnail_width":600,"thumbnail_height":750,"description":"Biografie Der junge T\u00e4nzer ist seit seiner fr\u00fchen Kindheit mit der Kunst des Flamenco aufgewachsen. Im Alter von f\u00fcnf Jahren gab er sein Deb\u00fct in der Show von Antonio Fernandez Montoya &#8222;Farru&#8220;, &#8222;Los gnomos del flamenco&#8220;. Im Alter von acht Jahren nahm sie an der Bienal de Flamenco in Sevilla mit der Show &#8222;Triana pura&#8220;..."}

Biografie Der junge Tänzer ist seit seiner frühen Kindheit mit der Kunst des Flamenco aufgewachsen. Im Alter von fünf Jahren gab er sein Debüt in der Show von Antonio Fernandez Montoya &#8222;Farru&#8220;, &#8222;Los gnomos del flamenco&#8220;. Im Alter von acht Jahren nahm sie an der Bienal de Flamenco in Sevilla mit der Show &#8222;Triana pura&#8220;...
